000
CXUS54 KEWX 191010
CF6T82
PRELIMINARY LOCAL CLIMATOLOGICAL DATA (WS FORM: F-6)
STATION: FREDERICKSBURG
MONTH: MARCH
YEAR: 2024
LATITUDE: 30 15 N
LONGITUDE: 98 55 W
TEMPERATURE IN F: :PCPN: SNOW: WIND :SUNSHINE: SKY :PK WND
================================================================================
1 2 3 4 5 6A 6B 7 8 9 10 11 12 13 14 15 16 17 18
12Z AVG MX 2MIN
DY MAX MIN AVG DEP HDD CDD WTR SNW DPTH SPD SPD DIR MIN PSBL S-S WX SPD DR
================================================================================
1 77 32 55 M 10 0 0.00 M M 2.5 9 230 M M 0 9 300
2 81 40 61 M 4 0 0.00 M M 4.6 12 180 M M 0 1 17 180
3 75 57 66 M 0 1 0.00 M M 9.3 17 180 M M 6 20 190
4 78 58 68 M 0 3 0.00 M M 7.0 10 220 M M 5 16 200
5 84 50 67 M 0 2 0.00 M M 3.6 14 300 M M 2 12 18 300
6 64 47 56 M 9 0 0.00 M M 0.9 3 70 M M 0 M M
7 71 66 69 M 0 4 0.00 M M 7.9 10 170 M M 2 16 140
8 76 45 61 M 4 0 0.14 M M 10.8 23 350 M M 5 1 48 320
9 56 41 49 M 16 0 0.00 M M 12.8 22 350 M M 6 29 350
10 65 35 50 M 15 0 0.00 M M 2.7 7 150 M M 1 M M
11 71 41 56 M 9 0 0.00 M M 4.9 10 200 M M 3 17 200
12 74 57 66 M 0 1 0.00 M M 10.5 16 190 M M 9 23 210
13 84 64 74 M 0 9 0.00 M M 9.6 14 190 M M 6 22 190
14 78 65 72 M 0 7 0.00 M M 7.4 12 200 M M 8 1 18 170
15 69 59 64 M 1 0 0.00 M M 8.8 16 360 M M 9 13 21 360
16 71 56 64 M 1 0 0.02 M M 5.9 10 230 M M 10 1 16 10
17 60 54 57 M 8 0 0.10 M M 8.5 13 10 M M 9 13 18 110
18 63 47 55 M 10 0 0.00 M M 7.5 18 50 M M 7 25 50
================================================================================
SM 1297 914 87 27 0.26 M 125.3 M 88
================================================================================
AV 72.1 50.8 7.0 FASTST M M 5 MAX(MPH)
MISC ----> 23 350 48 320
================================================================================
NOTES:
# LAST OF SEVERAL OCCURRENCES
COLUMN 17 PEAK WIND IN M.P.H.
PRELIMINARY LOCAL CLIMATOLOGICAL DATA (WS FORM: F-6) , PAGE 2
STATION: FREDERICKSBURG
MONTH: MARCH
YEAR: 2024
LATITUDE: 30 15 N
LONGITUDE: 98 55 W
[TEMPERATURE DATA] [PRECIPITATION DATA] SYMBOLS USED IN COLUMN 16
AVERAGE MONTHLY: 61.4 TOTAL FOR MONTH: 0.26 1 = FOG OR MIST
DPTR FM NORMAL: 0.0 DPTR FM NORMAL: 0.26 2 = FOG REDUCING VISIBILITY
HIGHEST: 84 ON 13, 5 GRTST 24HR 0.14 ON 8- 8 TO 1/4 MILE OR LESS
LOWEST: 32 ON 1 3 = THUNDER
SNOW, ICE PELLETS, HAIL 4 = ICE PELLETS
TOTAL MONTH: M 5 = HAIL
GRTST 24HR M ON M 6 = FREEZING RAIN OR DRIZZLE
GRTST DEPTH: M ON M 7 = DUSTSTORM OR SANDSTORM:
VSBY 1/2 MILE OR LESS
8 = SMOKE OR HAZE
[NO. OF DAYS WITH] [WEATHER - DAYS WITH] 9 = BLOWING SNOW
X = TORNADO
MAX 32 OR BELOW: 0 0.01 INCH OR MORE: 3
MAX 90 OR ABOVE: 0 0.10 INCH OR MORE: 2
MIN 32 OR BELOW: 1 0.50 INCH OR MORE: 0
MIN 0 OR BELOW: 0 1.00 INCH OR MORE: 0
[HDD (BASE 65) ]
TOTAL THIS MO. 87 CLEAR (SCALE 0-3) 6
DPTR FM NORMAL M PTCLDY (SCALE 4-7) 7
TOTAL FM JUL 1 1629 CLOUDY (SCALE 8-10) 5
DPTR FM NORMAL M
[CDD (BASE 65) ]
TOTAL THIS MO. 27
DPTR FM NORMAL M [PRESSURE DATA]
TOTAL FM JAN 1 50 HIGHEST SLP M ON M
DPTR FM NORMAL M LOWEST SLP M ON M
[REMARKS]