377
CXUS52 KTAE 011254
CF6TLH
PRELIMINARY LOCAL CLIMATOLOGICAL DATA (WS FORM: F-6)
STATION: TALLAHASSEE
MONTH: AUGUST
YEAR: 2020
LATITUDE: 30 22 N
LONGITUDE: 84 22 W
TEMPERATURE IN F: :PCPN: SNOW: WIND :SUNSHINE: SKY :PK WND
================================================================================
1 2 3 4 5 6A 6B 7 8 9 10 11 12 13 14 15 16 17 18
12Z AVG MX 2MIN
DY MAX MIN AVG DEP HDD CDD WTR SNW DPTH SPD SPD DIR MIN PSBL S-S WX SPD DR
================================================================================
1 94 74 84 2 0 19 0.00 0.0 0 3.4 12 180 M M 3 12 15 180
2 97 74 86 4 0 21 0.00 0.0 0 3.1 12 90 M M 2 1 15 80
3 98 75 87 5 0 22 T 0.0 0 3.3 12 180 M M 3 15 340
4 95 74 85 3 0 20 0.48 0.0 0 2.6 16 130 M M 3 13 20 120
5 95 74 85 3 0 20 0.05 0.0 0 3.4 20 230 M M 2 3 23 220
6 93 73 83 1 0 18 0.00 0.0 0 3.2 15 150 M M 4 18 170
7 88 74 81 -1 0 16 0.00 0.0 0 4.1 12 160 M M 4 3 14 160
8 92 72 82 0 0 17 0.02 0.0 0 3.2 16 20 M M 3 13 22 150
9 95 75 85 3 0 20 0.00 0.0 0 3.9 15 170 M M 3 1 19 180
10 94 74 84 2 0 19 0.48 0.0 0 2.4 28 180 M M 5 13 33 180
11 91 71 81 -1 0 16 1.55 0.0 0 2.9 43 280 M M 4 123 55 280
12 92 71 82 0 0 17 0.00 0.0 0 2.9 12 160 M M 4 123 15 160
13 93 73 83 1 0 18 0.00 0.0 0 3.6 18 230 M M 4 13 23 220
14 89 74 82 0 0 17 0.01 0.0 0 4.9 17 200 M M 4 13 23 210
15 91 76 84 2 0 19 T 0.0 0 6.5 18 270 M M 4 1 24 270
16 97 75 86 4 0 21 T 0.0 0 4.2 15 340 M M 2 1 19 330
17 95 74 85 3 0 20 T 0.0 0 3.7 20 110 M M 3 3 26 110
18 95 72 84 2 0 19 1.22 0.0 0 4.5 29 340 M M 3 13 35 340
19 90 72 81 -1 0 16 0.78 0.0 0 4.0 21 150 M M 5 13 26 150
20 86 71 79 -3 0 14 T 0.0 0 3.6 16 270 M M 6 13 21 250
21 86 70 78 -4 0 13 1.11 0.0 0 3.1 13 100 M M 6 138 14 100
22 82 72 77 -5 0 12 0.71 0.0 0 5.3 13 110 M M 6 13 15 90
23 81 72 77 -5 0 12 0.78 0.0 0 5.3 14 50 M M 6 13 17 50
24 90 76 83 1 0 18 0.32 0.0 0 7.5 16 140 M M 8 3 23 150
25 95 76 86 4 0 21 0.00 0.0 0 6.8 16 140 M M 5 20 140
26 93 77 85 3 0 20 0.00 0.0 0 6.8 13 200 M M 3 3 18 180
27 93 77 85 4 0 20 0.00 0.0 0 8.0 18 130 M M 4 23 130
28 92 77 85 4 0 20 0.14 0.0 0 3.7 16 150 M M 6 38 20 270
29 84 75 80 -1 0 15 0.05 0.0 0 7.0 22 230 M M 8 27 240
30 85 76 81 0 0 16 0.71 0.0 0 3.5 16 320 M M 6 13 20 320
31 92 74 83 2 0 18 0.11 0.0 0 5.4 21 250 M M 5 13 25 240
================================================================================
SM 2833 2290 0 554 8.52 0.0 135.8 M 134
================================================================================
AV 91.4 73.9 4.4 FASTST M M 4 MAX(MPH)
MISC ----> # 43 280 # 55 280
================================================================================
NOTES:
# LAST OF SEVERAL OCCURRENCES
COLUMN 17 PEAK WIND IN M.P.H.
PRELIMINARY LOCAL CLIMATOLOGICAL DATA (WS FORM: F-6) , PAGE 2
STATION: TALLAHASSEE
MONTH: AUGUST
YEAR: 2020
LATITUDE: 30 22 N
LONGITUDE: 84 22 W
[TEMPERATURE DATA] [PRECIPITATION DATA] SYMBOLS USED IN COLUMN 16
AVERAGE MONTHLY: 82.6 TOTAL FOR MONTH: 8.52 1 = FOG OR MIST
DPTR FM NORMAL: 0.8 DPTR FM NORMAL: 1.17 2 = FOG REDUCING VISIBILITY
HIGHEST: 98 ON 3 GRTST 24HR 1.55 ON 11-11 TO 1/4 MILE OR LESS
LOWEST: 70 ON 21 3 = THUNDER
SNOW, ICE PELLETS, HAIL 4 = ICE PELLETS
TOTAL MONTH: 0.0 INCH 5 = HAIL
GRTST 24HR 0.0 6 = FREEZING RAIN OR DRIZZLE
GRTST DEPTH: 0 7 = DUSTSTORM OR SANDSTORM:
VSBY 1/2 MILE OR LESS
8 = SMOKE OR HAZE
[NO. OF DAYS WITH] [WEATHER - DAYS WITH] 9 = BLOWING SNOW
X = TORNADO
MAX 32 OR BELOW: 0 0.01 INCH OR MORE: 16
MAX 90 OR ABOVE: 23 0.10 INCH OR MORE: 12
MIN 32 OR BELOW: 0 0.50 INCH OR MORE: 7
MIN 0 OR BELOW: 0 1.00 INCH OR MORE: 3
[HDD (BASE 65) ]
TOTAL THIS MO. 0 CLEAR (SCALE 0-3) 8
DPTR FM NORMAL 0 PTCLDY (SCALE 4-7) 23
TOTAL FM JUL 1 0 CLOUDY (SCALE 8-10) 0
DPTR FM NORMAL 0
[CDD (BASE 65) ]
TOTAL THIS MO. 554
DPTR FM NORMAL 33 [PRESSURE DATA]
TOTAL FM JAN 1 2335 HIGHEST SLP 30.17 ON 9
DPTR FM NORMAL 382 LOWEST SLP 29.82 ON 19
[REMARKS]
#FINAL-08-20#