000
CXUS54 KBMX 011010
CF6TOI
PRELIMINARY LOCAL CLIMATOLOGICAL DATA (WS FORM: F-6)
STATION: TROY
MONTH: MAY
YEAR: 2023
LATITUDE: 31 51 N
LONGITUDE: 86 1 W
TEMPERATURE IN F: :PCPN: SNOW: WIND :SUNSHINE: SKY :PK WND
================================================================================
1 2 3 4 5 6A 6B 7 8 9 10 11 12 13 14 15 16 17 18
12Z AVG MX 2MIN
DY MAX MIN AVG DEP HDD CDD WTR SNW DPTH SPD SPD DIR MIN PSBL S-S WX SPD DR
================================================================================
1 77 49 63 -5 2 0 0.00 0.0 0 4.6 20 270 M M 0 31 290
2 80 45 63 -5 2 0 0.00 0.0 0 5.2 20 300 M M 0 33 240
3 80 45 63 -5 2 0 0.00 0.0 0 5.2 17 310 M M 0 30 320
4 83 45 64 -4 1 0 0.00 0.0 0 1.9 9 350 M M 0 18 15 210
5 76 58 67 -2 0 2 T 0.0 0 4.0 10 100 M M 5 13 120
6 86 59 73 4 0 8 0.00 0.0 0 4.2 12 110 M M 2 16 110
7 89 63 76 7 0 11 0.00 0.0 M 4.6 10 170 M M 1 22 120
8 81 68 75 6 0 10 0.08 0.0 0 2.3 10 180 M M 5 128 14 190
9 90 67 79 9 0 14 0.02 0.0 0 3.8 25 350 M M 4 138 38 340
10 86 68 77 7 0 12 T 0.0 M 1.1 7 310 M M 2 1 15 260
11 88 71 80 10 0 15 0.05 0.0 M 6.8 20 270 M M 4 3 31 270
12 86 67 77 7 0 12 0.03 0.0 0 3.5 13 80 M M 3 3 19 70
13 92 65 79 8 0 14 0.00 0.0 0 1.6 9 360 M M 1 1 13 280
14 95 66 81 10 0 16 T 0.0 M 2.6 26 30 M M 1 13 34 30
15 96 67 82 11 0 17 0.00 0.0 M 4.2 12 360 M M 0 1 20 320
16 93 67 80 8 0 15 1.59 0.0 M 2.7 21 290 M M 4 13 31 250
17 87 67 77 5 0 12 0.15 0.0 0 3.2 16 260 M M 6 123 27 270
18 88 66 77 5 0 12 0.03 0.0 0 3.1 15 60 M M 5 123 21 40
19 81 66 74 2 0 9 0.10 0.0 M 5.2 10 60 M M 7 18 16 110
20 89 64 77 4 0 12 T 0.0 M 2.6 9 250 M M 4 18 14 240
21 83 69 76 3 0 11 0.01 0.0 0 4.9 12 350 M M 7 19 300
22 90 68 79 6 0 14 0.81 0.0 0 5.5 16 70 M M 7 13 25 40
23 74 65 70 -3 0 5 0.16 0.0 0 8.2 15 60 M M 10 1 23 110
24 80 64 72 -2 0 7 0.15 0.0 0 6.0 16 30 M M 8 18 24 90
25 84 59 72 -2 0 7 0.00 0.0 0 4.3 16 50 M M 0 18 21 30
26 83 57 70 -4 0 5 0.00 0.0 0 6.1 17 90 M M 3 18 28 50
27 83 58 71 -3 0 6 0.00 0.0 0 5.9 16 360 M M 0 22 350
28 84 53 69 -6 0 4 0.00 0.0 0 3.6 14 310 M M 1 22 310
29 87 60 74 -1 0 9 0.00 0.0 0 5.3 20 300 M M 0 18 30 260
30 86 58 72 -3 0 7 0.00 0.0 0 2.1 10 120 M M 2 1 20 340
31 88 61 75 0 0 10 0.32 0.0 0 4.8 16 170 M M 3 13 28 170
================================================================================
SM 2645 1905 7 276 3.50 0.0 129.1 M 95
================================================================================
AV 85.3 61.5 4.2 FASTST M M 3 MAX(MPH)
MISC ----> 26 30 38 340
================================================================================
NOTES:
# LAST OF SEVERAL OCCURRENCES
COLUMN 17 PEAK WIND IN M.P.H.
PRELIMINARY LOCAL CLIMATOLOGICAL DATA (WS FORM: F-6) , PAGE 2
STATION: TROY
MONTH: MAY
YEAR: 2023
LATITUDE: 31 51 N
LONGITUDE: 86 1 W
[TEMPERATURE DATA] [PRECIPITATION DATA] SYMBOLS USED IN COLUMN 16
AVERAGE MONTHLY: 73.4 TOTAL FOR MONTH: 3.50 1 = FOG OR MIST
DPTR FM NORMAL: 1.8 DPTR FM NORMAL: 0.43 2 = FOG REDUCING VISIBILITY
HIGHEST: 96 ON 15 GRTST 24HR 1.59 ON 16-16 TO 1/4 MILE OR LESS
LOWEST: 45 ON 4, 3 3 = THUNDER
SNOW, ICE PELLETS, HAIL 4 = ICE PELLETS
TOTAL MONTH: 0.0 INCH 5 = HAIL
GRTST 24HR 0.0 6 = FREEZING RAIN OR DRIZZLE
GRTST DEPTH: 0 7 = DUSTSTORM OR SANDSTORM:
VSBY 1/2 MILE OR LESS
8 = SMOKE OR HAZE
[NO. OF DAYS WITH] [WEATHER - DAYS WITH] 9 = BLOWING SNOW
X = TORNADO
MAX 32 OR BELOW: 0 0.01 INCH OR MORE: 13
MAX 90 OR ABOVE: 6 0.10 INCH OR MORE: 7
MIN 32 OR BELOW: 0 0.50 INCH OR MORE: 2
MIN 0 OR BELOW: 0 1.00 INCH OR MORE: 1
[HDD (BASE 65) ]
TOTAL THIS MO. 7 CLEAR (SCALE 0-3) 18
DPTR FM NORMAL -9 PTCLDY (SCALE 4-7) 12
TOTAL FM JUL 1 1302 CLOUDY (SCALE 8-10) 1
DPTR FM NORMAL -875
[CDD (BASE 65) ]
TOTAL THIS MO. 276
DPTR FM NORMAL 57 [PRESSURE DATA]
TOTAL FM JAN 1 589 HIGHEST SLP 30.19 ON 7
DPTR FM NORMAL 265 LOWEST SLP 29.76 ON 17
[REMARKS]
#FINAL-05-23#