000
CXUS54 KBMX 011110
CF6TOI
PRELIMINARY LOCAL CLIMATOLOGICAL DATA (WS FORM: F-6)
STATION: TROY
MONTH: DECEMBER
YEAR: 2022
LATITUDE: 31 51 N
LONGITUDE: 86 1 W
TEMPERATURE IN F: :PCPN: SNOW: WIND :SUNSHINE: SKY :PK WND
================================================================================
1 2 3 4 5 6A 6B 7 8 9 10 11 12 13 14 15 16 17 18
12Z AVG MX 2MIN
DY MAX MIN AVG DEP HDD CDD WTR SNW DPTH SPD SPD DIR MIN PSBL S-S WX SPD DR
================================================================================
1 63 36 50 -2 15 0 0.00 0.0 0 3.8 14 20 M M 0 17 30
2 74 41 58 6 7 0 0.00 0.0 0 5.0 14 160 M M 1 17 150
3 79 50 65 14 0 0 0.07 M 0 2.6 15 220 M M 7 12 19 210
4 71 56 64 13 1 0 0.00 0.0 0 1.6 12 320 M M 6 12 15 320
5 75 57 66 15 0 1 T 0.0 0 3.5 13 210 M M 9 1 15 210
6 83 69 76 25 0 11 0.00 0.0 0 5.7 14 230 M M 7 19 220
7 83 59 71 20 0 6 0.00 0.0 0 4.0 13 220 M M 5 1 16 240
8 83 56 70 19 0 5 0.00 0.0 0 2.1 10 220 M M 3 128 14 220
9 81 55 68 18 0 3 0.00 0.0 0 1.3 10 280 M M 5 12 14 290
10 77 59 68 18 0 3 0.00 0.0 0 3.4 14 130 M M 8 12 17 130
11 67 60 64 14 1 0 0.32 0.0 0 2.6 9 140 M M 10 18 12 140
12 66 61 64 14 1 0 0.08 0.0 0 4.4 13 100 M M 10 18 17 100
13 66 58 62 12 3 0 0.08 0.0 0 9.3 15 110 M M 9 1 21 100
14 72 56 64 14 1 0 0.99 0.0 M 9.9 20 180 M M 10 13 31 160
15 68 40 54 4 11 0 0.29 0.0 0 5.8 17 310 M M 3 1 24 270
16 62 35 49 0 16 0 0.00 0.0 0 2.5 15 300 M M 0 1 20 310
17 53 32 43 -6 22 0 T 0.0 0 2.7 12 320 M M 7 17 320
18 55 28 42 -7 23 0 0.00 0.0 0 4.0 16 350 M M 0 20 340
19 56 25 41 -8 24 0 0.46 0.0 0 2.6 9 90 M M 4 1 13 140
20 50 44 47 -2 18 0 0.30 0.0 0 7.5 15 30 M M 10 1 20 50
21 52 44 48 -1 17 0 0.00 0.0 M 6.0 13 40 M M 10 18 17 20
22 57 48 53 4 12 0 T 0.0 M 5.1 14 270 M M 10 18 21 260
23 57 19 38 -10 27 0 0.00 0.0 0 15.3 28 310 M M 2 39 300
24 33 16 25 -23 40 0 0.00 0.0 0 8.6 20 320 M M 0 27 330
25 44 19 32 -16 33 0 0.00 0.0 0 4.9 13 310 M M 0 18 290
26 50 19 35 -13 30 0 0.00 0.0 0 0.5 8 180 M M 0 13 230
27 59 27 43 -5 22 0 0.00 0.0 0 0.7 9 120 M M 1 11 120
28 64 25 45 -3 20 0 0.00 0.0 0 4.0 14 130 M M 5 17 120
29 77 48 63 15 2 0 0.00 0.0 0 5.0 16 180 M M 0 23 170
30 78 47 63 15 2 0 0.76 M 0 7.6 35 130 M M 5 1 46 120
31 68 52 60 12 5 0 0.03 0.0 0 0.7 7 220 M M 7 12 9 210
================================================================================
SM 2023 1341 353 29 3.38 0.0 142.7 M 154
================================================================================
AV 65.3 43.3 4.6 FASTST M M 5 MAX(MPH)
MISC ----> 35 130 46 120
================================================================================
NOTES:
# LAST OF SEVERAL OCCURRENCES
COLUMN 17 PEAK WIND IN M.P.H.
PRELIMINARY LOCAL CLIMATOLOGICAL DATA (WS FORM: F-6) , PAGE 2
STATION: TROY
MONTH: DECEMBER
YEAR: 2022
LATITUDE: 31 51 N
LONGITUDE: 86 1 W
[TEMPERATURE DATA] [PRECIPITATION DATA] SYMBOLS USED IN COLUMN 16
AVERAGE MONTHLY: 54.3 TOTAL FOR MONTH: 3.38 1 = FOG OR MIST
DPTR FM NORMAL: 4.8 DPTR FM NORMAL: -1.46 2 = FOG REDUCING VISIBILITY
HIGHEST: 83 ON 8, 7 GRTST 24HR 1.28 ON 14-15 TO 1/4 MILE OR LESS
LOWEST: 16 ON 24 3 = THUNDER
SNOW, ICE PELLETS, HAIL 4 = ICE PELLETS
TOTAL MONTH: 0.0 INCH 5 = HAIL
GRTST 24HR 0.0 6 = FREEZING RAIN OR DRIZZLE
GRTST DEPTH: 0 7 = DUSTSTORM OR SANDSTORM:
VSBY 1/2 MILE OR LESS
8 = SMOKE OR HAZE
[NO. OF DAYS WITH] [WEATHER - DAYS WITH] 9 = BLOWING SNOW
X = TORNADO
MAX 32 OR BELOW: 0 0.01 INCH OR MORE: 10
MAX 90 OR ABOVE: 0 0.10 INCH OR MORE: 6
MIN 32 OR BELOW: 9 0.50 INCH OR MORE: 2
MIN 0 OR BELOW: 0 1.00 INCH OR MORE: 0
[HDD (BASE 65) ]
TOTAL THIS MO. 353 CLEAR (SCALE 0-3) 10
DPTR FM NORMAL -133 PTCLDY (SCALE 4-7) 13
TOTAL FM JUL 1 634 CLOUDY (SCALE 8-10) 8
DPTR FM NORMAL -255
[CDD (BASE 65) ]
TOTAL THIS MO. 29
DPTR FM NORMAL 24 [PRESSURE DATA]
TOTAL FM JAN 1 2715 HIGHEST SLP 30.51 ON 24
DPTR FM NORMAL 583 LOWEST SLP 29.68 ON 14
[REMARKS]
#FINAL-12-22#