000
CXUS54 KBMX 011010
CF6TOI
PRELIMINARY LOCAL CLIMATOLOGICAL DATA (WS FORM: F-6)
STATION: TROY
MONTH: JUNE
YEAR: 2022
LATITUDE: 31 51 N
LONGITUDE: 86 1 W
TEMPERATURE IN F: :PCPN: SNOW: WIND :SUNSHINE: SKY :PK WND
================================================================================
1 2 3 4 5 6A 6B 7 8 9 10 11 12 13 14 15 16 17 18
12Z AVG MX 2MIN
DY MAX MIN AVG DEP HDD CDD WTR SNW DPTH SPD SPD DIR MIN PSBL S-S WX SPD DR
================================================================================
1 94 66 80 4 0 15 0.00 0.0 0 2.4 10 80 M M 0 18 14 330
2 94 69 82 6 0 17 0.32 0.0 0 2.9 25 310 M M 2 138 39 300
3 92 68 80 4 0 15 0.00 0.0 0 4.8 16 340 M M 1 18 20 330
4 91 68 80 4 0 15 0.14 0.0 0 3.6 13 160 M M 4 138 16 30
5 91 69 80 4 0 15 0.15 0.0 0 3.6 13 80 M M 3 138 15 90
6 92 67 80 3 0 15 0.00 0.0 0 3.2 12 90 M M 1 18 15 180
7 93 69 81 4 0 16 0.00 0.0 0 2.7 12 220 M M 2 128 14 210
8 94 73 84 7 0 19 T 0.0 M 4.1 12 210 M M 2 18 16 210
9 91 71 81 4 0 16 0.48 0.0 0 4.9 17 320 M M 3 13 24 330
10 90 69 80 3 0 15 0.26 0.0 0 4.6 18 280 M M 3 138 27 300
11 91 70 81 3 0 16 0.00 0.0 0 3.0 9 220 M M 4 18 13 250
12 94 71 83 5 0 18 0.00 0.0 0 2.1 9 300 M M 1 18 13 300
13 97 75 86 8 0 21 0.00 0.0 0 3.1 10 200 M M 3 128 12 200
14 98 73 86 8 0 21 0.38 0.0 0 4.2 28 40 M M 2 138 36 30
15 99 72 86 8 0 21 0.58 0.0 0 3.8 23 50 M M 2 138 34 30
16 98 73 86 8 0 21 0.58 0.0 0 2.7 25 140 M M 0 35 90
17 97 72 85 7 0 20 0.00 0.0 M 2.5 15 330 M M 0 138 17 330
18 96 74 85 6 0 20 0.00 0.0 M 6.0 16 360 M M 0 20 350
19 94 67 81 2 0 16 0.00 0.0 M 4.2 12 30 M M 0 15 30
20 95 73 84 5 0 19 0.00 0.0 M 4.4 12 140 M M 1 18 100
21 97 70 84 5 0 19 0.00 0.0 M 2.2 10 340 M M 1 18 13 340
22 100 71 86 7 0 21 0.00 0.0 M 3.6 13 330 M M 0 18 17 340
23 101 73 87 8 0 22 T 0.0 M 3.8 22 10 M M 0 138 28 10
24 100 73 87 8 0 22 0.00 0.0 0 2.7 12 10 M M 0 18 15 360
25 90 75 83 3 0 18 0.01 0.0 0 4.8 14 110 M M 4 3 19 100
26 95 73 84 4 0 19 0.00 0.0 0 3.3 13 100 M M 3 18 16 100
27 97 71 84 4 0 19 0.00 0.0 0 4.7 18 10 M M 3 3 24 10
28 99 71 85 5 0 20 T 0.0 0 4.7 18 190 M M 3 38 25 200
29 95 74 85 5 0 20 T 0.0 M 3.7 16 90 M M 1 3 21 80
30 90 74 82 2 0 17 T 0.0 M 3.3 10 70 M M 3 13 70
================================================================================
SM 2845 2134 0 548 2.90 0.0 109.6 M 52
================================================================================
AV 94.8 71.1 3.7 FASTST M M 2 MAX(MPH)
MISC ----> 28 40 39 300
================================================================================
NOTES:
# LAST OF SEVERAL OCCURRENCES
COLUMN 17 PEAK WIND IN M.P.H.
PRELIMINARY LOCAL CLIMATOLOGICAL DATA (WS FORM: F-6) , PAGE 2
STATION: TROY
MONTH: JUNE
YEAR: 2022
LATITUDE: 31 51 N
LONGITUDE: 86 1 W
[TEMPERATURE DATA] [PRECIPITATION DATA] SYMBOLS USED IN COLUMN 16
AVERAGE MONTHLY: 83.0 TOTAL FOR MONTH: 2.90 1 = FOG OR MIST
DPTR FM NORMAL: 4.9 DPTR FM NORMAL: -2.14 2 = FOG REDUCING VISIBILITY
HIGHEST: 101 ON 23 GRTST 24HR 0.98 ON 15-16 TO 1/4 MILE OR LESS
LOWEST: 66 ON 1 3 = THUNDER
SNOW, ICE PELLETS, HAIL 4 = ICE PELLETS
TOTAL MONTH: 0.0 INCH 5 = HAIL
GRTST 24HR 0.0 6 = FREEZING RAIN OR DRIZZLE
GRTST DEPTH: 0 7 = DUSTSTORM OR SANDSTORM:
VSBY 1/2 MILE OR LESS
8 = SMOKE OR HAZE
[NO. OF DAYS WITH] [WEATHER - DAYS WITH] 9 = BLOWING SNOW
X = TORNADO
MAX 32 OR BELOW: 0 0.01 INCH OR MORE: 9
MAX 90 OR ABOVE: 30 0.10 INCH OR MORE: 8
MIN 32 OR BELOW: 0 0.50 INCH OR MORE: 2
MIN 0 OR BELOW: 0 1.00 INCH OR MORE: 0
[HDD (BASE 65) ]
TOTAL THIS MO. 0 CLEAR (SCALE 0-3) 25
DPTR FM NORMAL 0 PTCLDY (SCALE 4-7) 5
TOTAL FM JUL 1 1552 CLOUDY (SCALE 8-10) 0
DPTR FM NORMAL -628
[CDD (BASE 65) ]
TOTAL THIS MO. 548
DPTR FM NORMAL 155 [PRESSURE DATA]
TOTAL FM JAN 1 1070 HIGHEST SLP 30.23 ON 21
DPTR FM NORMAL 353 LOWEST SLP 29.76 ON 5
[REMARKS]
#FINAL-06-22#