000
CXUS54 KBMX 011110
CF6TOI
PRELIMINARY LOCAL CLIMATOLOGICAL DATA (WS FORM: F-6)
STATION: TROY
MONTH: FEBRUARY
YEAR: 2022
LATITUDE: 31 51 N
LONGITUDE: 86 1 W
TEMPERATURE IN F: :PCPN: SNOW: WIND :SUNSHINE: SKY :PK WND
================================================================================
1 2 3 4 5 6A 6B 7 8 9 10 11 12 13 14 15 16 17 18
12Z AVG MX 2MIN
DY MAX MIN AVG DEP HDD CDD WTR SNW DPTH SPD SPD DIR MIN PSBL S-S WX SPD DR
================================================================================
1 70 32 51 2 14 0 0.00 0.0 0 4.6 18 110 M M 0 27 110
2 73 50 62 13 3 0 0.01 0.0 0 10.0 20 150 M M 5 28 150
3 72 62 67 18 0 2 0.95 0.0 0 9.4 18 160 M M 10 138 25 180
4 69 37 53 4 12 0 0.86 0.0 0 10.2 20 320 M M 10 13 28 320
5 52 30 41 -8 24 0 0.00 0.0 0 8.4 20 340 M M 2 25 340
6 62 28 45 -5 20 0 0.00 0.0 0 3.4 12 90 M M 0 14 120
7 53 33 43 -7 22 0 0.00 0.0 0 1.6 10 320 M M 3 12 320
8 62 33 48 -2 17 0 0.00 0.0 0 3.5 15 360 M M 0 18 26 340
9 67 29 48 -2 17 0 0.00 0.0 0 1.8 14 250 M M 0 21 240
10 72 33 53 3 12 0 0.00 0.0 0 1.5 10 350 M M 0 12 250
11 73 34 54 3 11 0 0.00 0.0 0 2.8 14 220 M M 0 19 230
12 73 37 55 4 10 0 0.00 0.0 0 3.3 14 220 M M 0 19 230
13 55 30 43 -8 22 0 0.00 0.0 0 10.2 24 320 M M 2 30 320
14 65 26 46 -5 19 0 0.00 0.0 0 1.7 13 340 M M 0 8 18 310
15 70 31 51 0 14 0 0.00 0.0 0 5.2 16 130 M M 0 21 130
16 78 51 65 13 0 0 0.00 0.0 0 8.2 18 150 M M 3 29 170
17 77 57 67 15 0 2 0.15 0.0 0 12.8 24 190 M M 8 8 35 180
18 64 39 52 0 13 0 0.38 0.0 0 10.3 21 320 M M 5 1 26 320
19 64 32 48 -4 17 0 0.00 0.0 0 6.8 20 340 M M 0 25 360
20 71 30 51 -1 14 0 0.00 0.0 0 3.0 12 150 M M 1 8 15 150
21 69 50 60 7 5 0 0.06 0.0 0 4.3 13 140 M M 10 3 16 130
22 83 59 71 18 0 6 0.00 0.0 0 8.1 18 210 M M 6 18 23 200
23 84 66 75 22 0 10 0.00 0.0 0 5.5 12 190 M M 5 18 15 200
24 83 62 73 19 0 8 0.00 0.0 0 6.0 13 220 M M 5 1 16 200
25 71 49 60 6 5 0 T 0.0 0 7.8 18 310 M M 8 23 300
26 70 44 57 3 8 0 0.00 0.0 0 4.6 10 360 M M 4 15 340
27 63 48 56 2 9 0 T 0.0 0 6.0 15 330 M M 9 20 320
28 69 43 56 2 9 0 0.00 0.0 0 6.7 14 350 M M 6 21 330
================================================================================
SM 1934 1155 297 28 2.41 0.0 167.7 M 102
================================================================================
AV 69.1 41.3 6.0 FASTST M M 4 MAX(MPH)
MISC ----> # 24 320 35 180
================================================================================
NOTES:
# LAST OF SEVERAL OCCURRENCES
COLUMN 17 PEAK WIND IN M.P.H.
PRELIMINARY LOCAL CLIMATOLOGICAL DATA (WS FORM: F-6) , PAGE 2
STATION: TROY
MONTH: FEBRUARY
YEAR: 2022
LATITUDE: 31 51 N
LONGITUDE: 86 1 W
[TEMPERATURE DATA] [PRECIPITATION DATA] SYMBOLS USED IN COLUMN 16
AVERAGE MONTHLY: 55.2 TOTAL FOR MONTH: 2.41 1 = FOG OR MIST
DPTR FM NORMAL: 3.8 DPTR FM NORMAL: -1.84 2 = FOG REDUCING VISIBILITY
HIGHEST: 84 ON 23 GRTST 24HR 1.64 ON 3- 4 TO 1/4 MILE OR LESS
LOWEST: 26 ON 14 3 = THUNDER
SNOW, ICE PELLETS, HAIL 4 = ICE PELLETS
TOTAL MONTH: 0.0 INCH 5 = HAIL
GRTST 24HR 0.0 6 = FREEZING RAIN OR DRIZZLE
GRTST DEPTH: 0 7 = DUSTSTORM OR SANDSTORM:
VSBY 1/2 MILE OR LESS
8 = SMOKE OR HAZE
[NO. OF DAYS WITH] [WEATHER - DAYS WITH] 9 = BLOWING SNOW
X = TORNADO
MAX 32 OR BELOW: 0 0.01 INCH OR MORE: 6
MAX 90 OR ABOVE: 0 0.10 INCH OR MORE: 4
MIN 32 OR BELOW: 9 0.50 INCH OR MORE: 2
MIN 0 OR BELOW: 0 1.00 INCH OR MORE: 0
[HDD (BASE 65) ]
TOTAL THIS MO. 297 CLEAR (SCALE 0-3) 14
DPTR FM NORMAL -91 PTCLDY (SCALE 4-7) 9
TOTAL FM JUL 1 1362 CLOUDY (SCALE 8-10) 5
DPTR FM NORMAL -458
[CDD (BASE 65) ]
TOTAL THIS MO. 28
DPTR FM NORMAL 21 [PRESSURE DATA]
TOTAL FM JAN 1 43 HIGHEST SLP 30.51 ON 15
DPTR FM NORMAL 40 LOWEST SLP 29.91 ON 17
[REMARKS]
#FINAL-02-22#