000
CXUS51 KCLE 010800
CF6TOL
PRELIMINARY LOCAL CLIMATOLOGICAL DATA (WS FORM: F-6)
STATION: TOLEDO OH
MONTH: MAY
YEAR: 2020
LATITUDE: 41 35 N
LONGITUDE: 83 48 W
TEMPERATURE IN F: :PCPN: SNOW: WIND :SUNSHINE: SKY :PK WND
================================================================================
1 2 3 4 5 6A 6B 7 8 9 10 11 12 13 14 15 16 17 18
12Z AVG MX 2MIN
DY MAX MIN AVG DEP HDD CDD WTR SNW DPTH SPD SPD DIR MIN PSBL S-S WX SPD DR
================================================================================
1 67 47 57 2 8 0 T 0.0 0 8.5 15 350 M M 4 24 340
2 83 53 68 13 0 3 0.00 0.0 0 11.0 29 250 M M 5 36 240
3 79 55 67 11 0 2 0.00 0.0 0 10.8 22 260 M M 2 27 330
4 62 44 53 -3 12 0 0.00 0.0 0 7.8 18 40 M M 0 24 40
5 51 43 47 -9 18 0 0.00 0.0 0 12.4 23 50 M M 6 29 40
6 63 40 52 -5 13 0 0.00 0.0 0 9.7 22 360 M M 3 28 10
7 69 39 54 -3 11 0 0.00 0.0 0 14.5 36 260 M M 1 50 270
8 50 34 42 -15 23 0 0.00 0.0 0 12.4 23 320 M M 8 31 320
9 56 29 43 -15 22 0 0.00 0.0 0 11.7 26 270 M M 3 36 280
10 63 38 51 -7 14 0 0.23 0.0 0 13.6 37 260 M M 7 1 45 260
11 48 36 42 -16 23 0 0.05 T 0 11.3 20 290 M M 9 1 24 290
12 64 31 48 -10 17 0 0.00 0.0 0 10.3 24 270 M M 3 36 250
13 64 31 48 -11 17 0 0.00 0.0 0 6.6 17 80 M M 1 22 70
14 71 48 60 1 5 0 0.40 0.0 0 4.6 17 330 M M 9 138 23 190
15 73 56 65 6 0 0 0.19 0.0 0 7.1 18 250 M M 7 13 25 210
16 72 51 62 2 3 0 0.00 0.0 0 8.3 21 60 M M 4 128 24 70
17 62 54 58 -2 7 0 0.04 0.0 0 12.8 22 80 M M 8 1 31 70
18 65 54 60 0 5 0 1.68 0.0 0 10.5 24 70 M M 10 13 32 70
19 62 55 59 -2 6 0 0.49 0.0 0 10.9 21 60 M M 10 1 28 90
20 63 51 57 -4 8 0 0.01 0.0 0 9.3 20 80 M M 10 25 70
21 65 51 58 -3 7 0 0.04 0.0 0 7.3 15 90 M M 10 18 19 90
22 70 56 63 1 2 0 0.06 0.0 0 3.5 13 70 M M 9 18 15 70
23 77 54 66 4 0 1 0.00 0.0 0 4.2 13 90 M M 4 128 16 90
24 90 57 74 12 0 9 0.00 0.0 0 5.9 15 240 M M 1 1 22 220
25 90 63 77 14 0 12 0.06 0.0 0 3.0 16 200 M M 1 13 22 170
26 91 64 78 15 0 13 0.08 0.0 0 3.6 21 170 M M 1 13 30 180
27 87 64 76 13 0 11 0.24 0.0 0 3.7 17 140 M M 4 18 25 150
28 80 68 74 10 0 9 0.15 0.0 0 7.2 20 230 M M 8 8 28 210
29 76 63 70 6 0 5 0.33 0.0 0 8.0 21 260 M M 5 13 27 290
30 73 54 64 0 1 0 0.00 0.0 0 10.5 18 290 M M 2 26 290
31 67 48 58 -7 7 0 0.00 0.0 0 5.5 15 40 M M 0 26 340
================================================================================
SM 2153 1531 229 65 4.05 T 266.5 M 155
================================================================================
AV 69.5 49.4 8.6 FASTST M M 5 MAX(MPH)
MISC ----> 37 260 50 270
================================================================================
NOTES:
# LAST OF SEVERAL OCCURRENCES
COLUMN 17 PEAK WIND IN M.P.H.
PRELIMINARY LOCAL CLIMATOLOGICAL DATA (WS FORM: F-6) , PAGE 2
STATION: TOLEDO OH
MONTH: MAY
YEAR: 2020
LATITUDE: 41 35 N
LONGITUDE: 83 48 W
[TEMPERATURE DATA] [PRECIPITATION DATA] SYMBOLS USED IN COLUMN 16
AVERAGE MONTHLY: 59.4 TOTAL FOR MONTH: 4.05 1 = FOG OR MIST
DPTR FM NORMAL: -0.4 DPTR FM NORMAL: 0.47 2 = FOG REDUCING VISIBILITY
HIGHEST: 91 ON 26 GRTST 24HR 2.00 ON 18-19 TO 1/4 MILE OR LESS
LOWEST: 29 ON 9 3 = THUNDER
SNOW, ICE PELLETS, HAIL 4 = ICE PELLETS
TOTAL MONTH: T 5 = HAIL
GRTST 24HR T ON 11-11 6 = FREEZING RAIN OR DRIZZLE
GRTST DEPTH: 0 7 = DUSTSTORM OR SANDSTORM:
VSBY 1/2 MILE OR LESS
8 = SMOKE OR HAZE
[NO. OF DAYS WITH] [WEATHER - DAYS WITH] 9 = BLOWING SNOW
X = TORNADO
MAX 32 OR BELOW: 0 0.01 INCH OR MORE: 15
MAX 90 OR ABOVE: 3 0.10 INCH OR MORE: 8
MIN 32 OR BELOW: 3 0.50 INCH OR MORE: 1
MIN 0 OR BELOW: 0 1.00 INCH OR MORE: 1
[HDD (BASE 65) ]
TOTAL THIS MO. 229 CLEAR (SCALE 0-3) 11
DPTR FM NORMAL 21 PTCLDY (SCALE 4-7) 12
TOTAL FM JUL 1 5355 CLOUDY (SCALE 8-10) 8
DPTR FM NORMAL -755
[CDD (BASE 65) ]
TOTAL THIS MO. 65
DPTR FM NORMAL 20 [PRESSURE DATA]
TOTAL FM JAN 1 65 HIGHEST SLP 30.37 ON 13
DPTR FM NORMAL 12 LOWEST SLP 29.75 ON 2
[REMARKS]
#FINAL-05-20#