000
CXUS56 KLKN 011210
CF6TPH
PRELIMINARY LOCAL CLIMATOLOGICAL DATA (WS FORM: F-6)
STATION: TONOPAH AIRPORT NV
MONTH: OCTOBER
YEAR: 2023
LATITUDE: 38 3 N
LONGITUDE: 117 5 W
TEMPERATURE IN F: :PCPN: SNOW: WIND :SUNSHINE: SKY :PK WND
================================================================================
1 2 3 4 5 6A 6B 7 8 9 10 11 12 13 14 15 16 17 18
12Z AVG MX 2MIN
DY MAX MIN AVG DEP HDD CDD WTR SNW DPTH SPD SPD DIR MIN PSBL S-S WX SPD DR
================================================================================
1 55 42 49 -11 16 0 0.31 M M 7.0 18 310 M M 9 1 27 310
2 56 42 49 -10 16 0 T M M 12.5 24 330 M M 6 33 300
3 65 37 51 -8 14 0 0.00 M M 8.9 17 360 M M 3 25 320
4 71 43 57 -1 8 0 0.00 M M 9.0 17 360 M M 0 24 360
5 75 45 60 2 5 0 0.00 M M 8.2 17 360 M M 0 21 10
6 77 45 61 4 4 0 0.00 M M 7.4 16 360 M M 0 20 10
7 78 44 61 4 4 0 0.00 M M 6.7 14 360 M M 0 18 360
8 79 45 62 5 3 0 0.00 M M 6.8 14 360 M M 0 17 10
9 78 45 62 6 3 0 0.00 M M 9.6 22 190 M M 0 28 200
10 74 41 58 2 7 0 0.00 M M 9.2 18 20 M M M 28 360
11 58 39 49 -6 16 0 0.00 M M 16.5 30 320 M M M 48 330
12 62 33 48 -7 17 0 0.00 M M 8.4 16 10 M M M 24 350
13 63 35 49 -6 16 0 0.00 M M 6.6 14 190 M M M 19 170
14 68 36 52 -2 13 0 0.00 M M 7.0 13 350 M M M 17 360
15 74 38 56 2 9 0 0.00 M M 7.4 14 10 M M M 18 10
16 77 43 60 7 5 0 0.00 M M 7.7 15 160 M M M 19 150
17 78 42 60 7 5 0 0.00 M M 8.4 17 350 M M M 21 350
18 80 44 62 9 3 0 0.00 M M 7.2 16 360 M M 0 19 360
19 80 43 62 10 3 0 0.00 M M 7.0 14 350 M M 0 17 10
20 79 46 63 11 2 0 0.00 M M 6.9 15 320 M M 0 20 290
21 77 44 61 10 4 0 0.00 M M 5.9 14 160 M M 0 20 180
22 72 42 57 6 8 0 0.00 M M 9.2 20 350 M M 1 29 300
23 67 45 56 5 9 0 0.09 M M 15.5 25 310 M M 5 37 310
24 66 38 52 2 13 0 0.00 M M 5.8 14 10 M M 0 18 10
25 63 37 50 0 15 0 0.00 M M 7.9 17 200 M M 2 23 220
26 54 33 44 -6 21 0 0.00 M M 12.0 23 330 M M 0 31 340
27 58 29 44 -5 21 0 0.00 M M 6.6 14 360 M M 0 17 10
28 51 30 41 -8 24 0 0.00 M M 15.0 31 310 M M 0 39 310
29 50 25 38 -10 27 0 0.00 M M 14.2 25 350 M M 0 32 350
30 57 23 40 -8 25 0 0.00 M M 8.3 16 10 M M 0 20 10
31 61 26 44 -4 21 0 0.00 M M 6.6 14 350 M M 0 17 360
================================================================================
SM 2103 1200 357 0 0.40 M 275.4 M 26
================================================================================
AV 67.8 38.7 8.9 FASTST M M 1 MAX(MPH)
MISC ----> 31 310 48 330
================================================================================
NOTES:
# LAST OF SEVERAL OCCURRENCES
COLUMN 17 PEAK WIND IN M.P.H.
PRELIMINARY LOCAL CLIMATOLOGICAL DATA (WS FORM: F-6) , PAGE 2
STATION: TONOPAH AIRPORT NV
MONTH: OCTOBER
YEAR: 2023
LATITUDE: 38 3 N
LONGITUDE: 117 5 W
[TEMPERATURE DATA] [PRECIPITATION DATA] SYMBOLS USED IN COLUMN 16
AVERAGE MONTHLY: 53.3 TOTAL FOR MONTH: 0.40 1 = FOG OR MIST
DPTR FM NORMAL: -0.2 DPTR FM NORMAL: 0.02 2 = FOG REDUCING VISIBILITY
HIGHEST: 80 ON 19,18 GRTST 24HR 1.15 ON 30- 1 TO 1/4 MILE OR LESS
LOWEST: 23 ON 30 3 = THUNDER
SNOW, ICE PELLETS, HAIL 4 = ICE PELLETS
TOTAL MONTH: M 5 = HAIL
GRTST 24HR M ON M 6 = FREEZING RAIN OR DRIZZLE
GRTST DEPTH: M ON M 7 = DUSTSTORM OR SANDSTORM:
VSBY 1/2 MILE OR LESS
8 = SMOKE OR HAZE
[NO. OF DAYS WITH] [WEATHER - DAYS WITH] 9 = BLOWING SNOW
X = TORNADO
MAX 32 OR BELOW: 0 0.01 INCH OR MORE: 2
MAX 90 OR ABOVE: 0 0.10 INCH OR MORE: 1
MIN 32 OR BELOW: 5 0.50 INCH OR MORE: 0
MIN 0 OR BELOW: 0 1.00 INCH OR MORE: 0
[HDD (BASE 65) ]
TOTAL THIS MO. 357 CLEAR (SCALE 0-3) 20
DPTR FM NORMAL -5 PTCLDY (SCALE 4-7) 2
TOTAL FM JUL 1 442 CLOUDY (SCALE 8-10) 9
DPTR FM NORMAL 10
[CDD (BASE 65) ]
TOTAL THIS MO. 0
DPTR FM NORMAL -4 [PRESSURE DATA]
TOTAL FM JAN 1 755 HIGHEST SLP 30.44 ON 30
DPTR FM NORMAL -139 LOWEST SLP 29.48 ON 11
[REMARKS]
#FINAL-10-23#