852
CXUS55 KLKN 052131
CLATPH
CLIMATE REPORT
NATIONAL WEATHER SERVICE ELKO NV
115 PM PST SUN JAN 5 2020
...................................
...THE TONOPAH AIRPORT NV CLIMATE SUMMARY FOR THE YEAR OF 2019...
CLIMATE NORMAL PERIOD 1981 TO 2010
CLIMATE RECORD PERIOD 1954 TO 2020
WEATHER OBSERVED NORMAL DEPART LAST YEAR`S
VALUE DATE(S) VALUE FROM VALUE DATE(S)
NORMAL
................................................................
TEMPERATURE (F)
RECORD
HIGH 104 07/28/2016
07/18/1960
07/18/1960
LOW -15 01/24/1962
01/23/1962
HIGHEST 98 08/04 100 -2 100 08/10
07/22 07/30
07/26
LOWEST 3 11/30 0 3 6 02/24
AVG. MAXIMUM 65.9 67.0 -1.1 69.2
AVG. MINIMUM 38.1 37.3 0.8 39.8
MEAN 52.0 52.2 -0.2 54.5
DAYS MAX >= 90 55 49.6 5.4 76
DAYS MAX <= 32 13 5.6 7.4 3
DAYS MIN <= 32 145 147.2 -2.2 137
DAYS MIN <= 0 0 1.2 -1.2 0
PRECIPITATION (INCHES)
RECORD
MAXIMUM 9.64 1983
MINIMUM 2.53 1986
TOTALS 7.44 5.24 2.20 3.62
DAILY AVG. 0.02 0.01 0.01 T
DAYS >= .01 50 38.5 11.5 38
DAYS >= .10 21 16.3 4.7 10
DAYS >= .50 5 1.3 3.7 1
DAYS >= 1.00 0 0.2 -0.2 0
GREATEST
24 HR. TOTAL 0.81 MM 0.59
DEGREE_DAYS
HEATING TOTAL 5469 5461 8 4859
SINCE 7/1 2232 2245 -13 2023
COOLING TOTAL 854 783 71 1171
SINCE 1/1 854 783 71 1171
.................................................................
WIND (MPH)
AVERAGE WIND SPEED 9.9
HIGHEST WIND SPEED/DIRECTION 49/320 DATE 04/10
HIGHEST GUST SPEED/DIRECTION 68/210 DATE 09/15
AVERAGE RH (PERCENT) 41
WEATHER CONDITIONS. NUMBER OF DAYS WITH
THUNDERSTORM 24 MIXED PRECIP 0
HEAVY RAIN 6 RAIN 16
LIGHT RAIN 53 FREEZING RAIN 0
LT FREEZING RAIN 0 HAIL 0
HEAVY SNOW 0 SNOW 6
LIGHT SNOW 28 SLEET 0
FOG 38 FOG W/VIS <= 1/4 MILE 4
HAZE 27
- INDICATES NEGATIVE NUMBERS.
R INDICATES RECORD WAS SET OR TIED.
MM INDICATES DATA IS MISSING.
T INDICATES TRACE AMOUNT.
==============================================================
...2019 WAS THE 7TH WETTEST ON RECORD...
...MARCH 2019 WAS THE 5TH WETTEST ON RECORD...
...MAY 2019 WAS THE WETTEST ON RECORD...
...OCTOBER 2019 WAS TIED FOR THE DRIEST ON RECORD...
...OCTOBER 2019 WAS THE 4TH COLDEST ON RECORD...
...DECEMBER 2019 WAS THE 2ND WETTEST ON RECORD...
$$
WFO ELKO CLIMATE TEAM