000
CXUS54 KFWD 010830
CF6TPL
PRELIMINARY LOCAL CLIMATOLOGICAL DATA (WS FORM: F-6)
STATION: TEMPLE
MONTH: JANUARY
YEAR: 2022
LATITUDE: 31 8 N
LONGITUDE: 97 25 W
TEMPERATURE IN F: :PCPN: SNOW: WIND :SUNSHINE: SKY :PK WND
================================================================================
1 2 3 4 5 6A 6B 7 8 9 10 11 12 13 14 15 16 17 18
12Z AVG MX 2MIN
DY MAX MIN AVG DEP HDD CDD WTR SNW DPTH SPD SPD DIR MIN PSBL S-S WX SPD DR
================================================================================
1 80 30 55 8 10 0 0.00 M M 14.4 28 330 M M 5 36 360
2 44 20 32 -15 33 0 0.00 M M 17.2 26 330 M M 3 36 340
3 55 17 36 -11 29 0 0.00 M M 5.1 10 160 M M 0 M M
4 66 29 48 1 17 0 0.00 M M 12.3 23 190 M M 0 30 180
5 66 37 52 5 13 0 0.00 M M 6.6 16 330 M M 0 M M
6 47 28 38 -9 27 0 0.00 M M 12.9 22 330 M M 0 30 350
7 44 21 33 -14 32 0 T M M 7.0 9 170 M M 5 1 M M
8 63 41 52 5 13 0 0.06 M M 7.3 16 170 M M 10 12 22 180
9 60 45 53 6 12 0 0.00 M M 14.6 23 330 M M 7 1 30 340
10 57 34 46 -1 19 0 0.00 M M 10.9 17 350 M M 1 25 350
11 49 27 38 -9 27 0 0.16 M M 3.2 6 240 M M 5 M M
12 62 36 49 2 16 0 0.00 M M 3.4 10 210 M M 3 12 M M
13 76 33 55 8 10 0 T M M 3.0 8 290 M M 0 12 M M
14 77 35 56 9 9 0 0.00 M M 9.6 22 170 M M 0 32 170
15 64 37 51 4 14 0 0.00 M M 22.2 29 330 M M 0 46 320
16 60 30 45 -2 20 0 0.00 M M 8.4 15 300 M M 0 21 330
17 67 26 47 0 18 0 0.00 M M 6.3 12 170 M M 0 M M
18 73 40 57 10 8 0 0.00 M M 16.0 29 180 M M 1 37 200
19 76 39 58 11 7 0 0.00 M M 13.5 25 340 M M 2 1 36 360
20 39 28 34 -13 31 0 0.00 M M 19.1 25 340 M M 9 35 340
21 46 20 33 -14 32 0 0.00 M M 7.1 9 40 M M 0 M M
22 53 20 37 -11 28 0 0.00 M M 4.6 10 60 M M 0 M M
23 64 36 50 2 15 0 0.00 M M 5.0 10 200 M M 9 M M
24 53 42 48 0 17 0 0.57 M M 4.9 8 150 M M 10 12 M M
25 57 39 48 0 17 0 0.00 M M 6.8 13 20 M M 9 12 18 20
26 51 30 41 -7 24 0 T M M 6.4 12 60 M M 2 1 M M
27 61 39 50 2 15 0 0.00 M M 4.4 10 10 M M 7 M M
28 58 31 45 -3 20 0 0.00 M M 11.2 17 340 M M 2 25 340
29 67 28 48 0 17 0 0.00 M M 6.2 15 250 M M 0 18 220
30 70 33 52 4 13 0 0.00 M M 7.7 14 150 M M 0 17 180
31 59 43 51 3 14 0 0.40 M M 7.6 18 230 M M 8 1 24 230
================================================================================
SM 1864 994 577 0 1.19 M 285.0 M 98
================================================================================
AV 60.1 32.1 9.2 FASTST M M 3 MAX(MPH)
MISC ----> 29 180 46 320
================================================================================
NOTES:
# LAST OF SEVERAL OCCURRENCES
COLUMN 17 PEAK WIND IN M.P.H.
PRELIMINARY LOCAL CLIMATOLOGICAL DATA (WS FORM: F-6) , PAGE 2
STATION: TEMPLE
MONTH: JANUARY
YEAR: 2022
LATITUDE: 31 8 N
LONGITUDE: 97 25 W
[TEMPERATURE DATA] [PRECIPITATION DATA] SYMBOLS USED IN COLUMN 16
AVERAGE MONTHLY: 46.1 TOTAL FOR MONTH: 1.19 1 = FOG OR MIST
DPTR FM NORMAL: -1.2 DPTR FM NORMAL: -1.06 2 = FOG REDUCING VISIBILITY
HIGHEST: 80 ON 1 GRTST 24HR 0.57 ON 24-24 TO 1/4 MILE OR LESS
LOWEST: 17 ON 3 3 = THUNDER
SNOW, ICE PELLETS, HAIL 4 = ICE PELLETS
TOTAL MONTH: M 5 = HAIL
GRTST 24HR M ON M 6 = FREEZING RAIN OR DRIZZLE
GRTST DEPTH: M ON M 7 = DUSTSTORM OR SANDSTORM:
VSBY 1/2 MILE OR LESS
8 = SMOKE OR HAZE
[NO. OF DAYS WITH] [WEATHER - DAYS WITH] 9 = BLOWING SNOW
X = TORNADO
MAX 32 OR BELOW: 0 0.01 INCH OR MORE: 4
MAX 90 OR ABOVE: 0 0.10 INCH OR MORE: 3
MIN 32 OR BELOW: 15 0.50 INCH OR MORE: 1
MIN 0 OR BELOW: 0 1.00 INCH OR MORE: 0
[HDD (BASE 65) ]
TOTAL THIS MO. 577 CLEAR (SCALE 0-3) 20
DPTR FM NORMAL 26 PTCLDY (SCALE 4-7) 6
TOTAL FM JUL 1 1020 CLOUDY (SCALE 8-10) 5
DPTR FM NORMAL -384
[CDD (BASE 65) ]
TOTAL THIS MO. 0
DPTR FM NORMAL -2 [PRESSURE DATA]
TOTAL FM JAN 1 0 HIGHEST SLP M ON M
DPTR FM NORMAL -2 LOWEST SLP M ON M
[REMARKS]
#FINAL-01-22#