969
CXUS53 KOAX 090156
CF6TQE
PRELIMINARY LOCAL CLIMATOLOGICAL DATA (WS FORM: F-6)
STATION: TEKAMAH NE
MONTH: JUNE
YEAR: 2020
LATITUDE: 41 46 N
LONGITUDE: 96 11 W
TEMPERATURE IN F: :PCPN: SNOW: WIND :SUNSHINE: SKY :PK WND
================================================================================
1 2 3 4 5 6A 6B 7 8 9 10 11 12 13 14 15 16 17 18
12Z AVG MX 2MIN
DY MAX MIN AVG DEP HDD CDD WTR SNW DPTH SPD SPD DIR MIN PSBL S-S WX SPD DR
================================================================================
1 96 67 82 14 0 17 0.01 M M 21.4 33 190 M M 0 3 44 190
2 99 69 84 16 0 19 0.00 M M 15.7 29 210 M M 0 36 220
3 93 66 80 11 0 15 T M M 9.2 21 350 M M 0 27 350
4 94 64 79 10 0 14 0.00 M M 9.8 20 200 M M 0 28 180
5 93 68 81 12 0 16 0.00 M M 10.8 20 60 M M 0 29 60
6 96 73 85 15 0 20 0.00 M M 15.9 29 160 M M 2 38 150
7 98 78 88 18 0 23 0.00 M M 22.3 37 170 M M 0 48 160
8 96 74 85 15 0 20 0.00 M M 19.3 32 170 M M 0 49 180
9 91 59 75 5 0 10 0.69 M M 13.3 55 360 M M 5 13 72 350
10 77 55 66 -5 0 1 T M M 19.5 36 340 M M 4 47 320
11 88 55 72 1 0 7 0.00 M M 9.1 18 270 M M 0 25 320
12 90 53 72 1 0 7 0.00 M M 4.4 13 130 M M 0 18 130
13 92 57 75 4 0 10 0.00 M M 12.4 24 150 M M 0 33 160
14 93 68 81 9 0 16 0.00 M M 19.7 30 140 M M 0 40 170
15 94 73 84 12 0 19 0.00 M M 15.1 29 160 M M 0 39 140
16 92 66 79 7 0 14 0.00 M M 16.6 28 160 M M 1 36 160
17 92 69 81 9 0 16 0.00 M M 17.6 29 150 M M 0 40 160
18 83 61 72 -1 0 7 2.27 M M 11.6 25 340 M M 5 13 35 350
19 78 62 70 -3 0 5 T M M 6.4 15 40 M M 4 13 20 40
20 81 63 72 -1 0 7 0.01 M M 3.6 10 150 M M 4 13 150
21 84 63 74 1 0 9 T M M 7.1 23 170 M M 2 32 180
22 81 61 71 -3 0 6 0.01 M M 10.7 18 360 M M 1 1 24 360
23 78 54 66 -8 0 1 0.00 M M 9.0 18 340 M M 2 26 350
24 83 53 68 -6 0 3 0.00 M M 3.8 10 340 M M 0 15 330
25 89 57 73 -1 0 8 0.00 M M 8.3 18 160 M M 1 26 150
26 88 69 79 5 0 14 T M M 4.9 18 360 M M 0 3 28 360
27 86 67 77 3 0 12 0.00 M M 5.3 14 180 M M 2 19 180
28 88 68 78 4 0 13 0.17 M M 11.7 24 160 M M 5 13 35 160
29 84 76 80 5 0 15 0.00 M M 13.0 21 140 M M 7 28 140
30 88 67 78 3 0 13 0.20 M M 13.1 37 270 M M 6 13 53 290
================================================================================
SM 2665 1935 0 357 3.36 M 360.6 M 51
================================================================================
AV 88.8 64.5 12.0 FASTST M M 2 MAX(MPH)
MISC ----> # 55 360 # 72 350
================================================================================
NOTES:
# LAST OF SEVERAL OCCURRENCES
COLUMN 17 PEAK WIND IN M.P.H.
PRELIMINARY LOCAL CLIMATOLOGICAL DATA (WS FORM: F-6) , PAGE 2
STATION: TEKAMAH NE
MONTH: JUNE
YEAR: 2020
LATITUDE: 41 46 N
LONGITUDE: 96 11 W
[TEMPERATURE DATA] [PRECIPITATION DATA] SYMBOLS USED IN COLUMN 16
AVERAGE MONTHLY: 76.7 TOTAL FOR MONTH: 3.36 1 = FOG OR MIST
DPTR FM NORMAL: 4.9 DPTR FM NORMAL: -1.17 2 = FOG REDUCING VISIBILITY
HIGHEST: 99 ON 2 GRTST 24HR 2.27 ON 18-18 TO 1/4 MILE OR LESS
LOWEST: 53 ON 24,12 3 = THUNDER
SNOW, ICE PELLETS, HAIL 4 = ICE PELLETS
TOTAL MONTH: M 5 = HAIL
GRTST 24HR M ON M 6 = FREEZING RAIN OR DRIZZLE
GRTST DEPTH: M ON M 7 = DUSTSTORM OR SANDSTORM:
VSBY 1/2 MILE OR LESS
8 = SMOKE OR HAZE
[NO. OF DAYS WITH] [WEATHER - DAYS WITH] 9 = BLOWING SNOW
X = TORNADO
MAX 32 OR BELOW: 0 0.01 INCH OR MORE: 7
MAX 90 OR ABOVE: 15 0.10 INCH OR MORE: 4
MIN 32 OR BELOW: 0 0.50 INCH OR MORE: 2
MIN 0 OR BELOW: 0 1.00 INCH OR MORE: 1
[HDD (BASE 65) ]
TOTAL THIS MO. 0 CLEAR (SCALE 0-3) 22
DPTR FM NORMAL -18 PTCLDY (SCALE 4-7) 8
TOTAL FM JUL 1 6249 CLOUDY (SCALE 8-10) 0
DPTR FM NORMAL -251
[CDD (BASE 65) ]
TOTAL THIS MO. 357
DPTR FM NORMAL 135 [PRESSURE DATA]
TOTAL FM JAN 1 383 HIGHEST SLP 30.25 ON 12
DPTR FM NORMAL 85 LOWEST SLP 29.33 ON 9
[REMARKS]
#FINAL-06-20#