000
CXUS54 KMRX 011000
CF6TRI
PRELIMINARY LOCAL CLIMATOLOGICAL DATA (WS FORM: F-6)
STATION: TRI-CITIES ASOS
MONTH: APRIL
YEAR: 2020
LATITUDE: 36 28 N
LONGITUDE: 82 24 W
TEMPERATURE IN F: :PCPN: SNOW: WIND :SUNSHINE: SKY :PK WND
================================================================================
1 2 3 4 5 6A 6B 7 8 9 10 11 12 13 14 15 16 17 18
12Z AVG MX 2MIN
DY MAX MIN AVG DEP HDD CDD WTR SNW DPTH SPD SPD DIR MIN PSBL S-S WX SPD DR
================================================================================
1 52 42 47 -4 18 0 T 0.0 0 6.8 15 290 M M 10 19 360
2 60 41 51 0 14 0 0.00 0.0 0 5.2 13 300 M M 6 18 350
3 68 34 51 -1 14 0 0.00 0.0 0 4.0 14 200 M M 2 12 19 280
4 74 39 57 5 8 0 0.00 0.0 0 2.4 12 200 M M 4 8 15 210
5 76 47 62 10 3 0 T 0.0 0 2.2 22 350 M M 6 29 330
6 77 48 63 11 2 0 0.00 0.0 0 3.7 20 240 M M 5 25 230
7 77 48 63 10 2 0 0.00 0.0 0 9.2 22 230 M M 7 1 27 220
8 74 57 66 13 0 1 0.03 0.0 0 9.6 20 250 M M 7 3 28 240
9 68 51 60 7 5 0 0.03 0.0 0 11.3 29 280 M M 6 13 38 270
10 54 36 45 -9 20 0 0.00 0.0 0 12.1 25 310 M M 4 33 290
11 67 28 48 -6 17 0 0.00 0.0 0 1.5 12 260 M M 3 16 230
12 62 43 53 -1 12 0 1.83 0.0 0 2.0 20 170 M M 8 1 28 150
13 65 49 57 3 8 0 1.69 0.0 0 11.4 36 240 M M 9 1 51 240
14 59 39 49 -6 16 0 0.00 0.0 0 5.5 17 350 M M 10 22 340
15 55 34 45 -10 20 0 0.00 0.0 0 5.3 16 250 M M 3 19 220
16 60 31 46 -9 19 0 0.00 0.0 0 4.7 18 240 M M 1 23 260
17 72 32 52 -4 13 0 0.00 0.0 0 6.8 20 250 M M 3 26 250
18 62 37 50 -6 15 0 0.36 0.0 0 7.0 17 290 M M 5 18 23 320
19 68 32 50 -6 15 0 T 0.0 0 1.8 10 230 M M 7 13 210
20 67 46 57 1 8 0 0.50 0.0 0 5.3 18 250 M M 7 1 24 250
21 69 42 56 -1 9 0 0.00 0.0 0 10.4 30 250 M M 4 39 250
22 66 34 50 -7 15 0 0.00 0.0 0 2.3 14 230 M M 5 21 220
23 68 49 59 2 6 0 0.43 0.0 0 5.7 24 190 M M 10 13 34 200
24 66 48 57 -1 8 0 0.13 0.0 0 6.4 16 250 M M 8 1 19 260
25 66 44 55 -3 10 0 0.88 0.0 0 3.1 29 280 M M 7 138 45 270
26 57 46 52 -6 13 0 0.08 0.0 0 14.0 28 240 M M 10 18 34 250
27 64 38 51 -7 14 0 0.00 0.0 0 5.8 16 320 M M 3 24 320
28 69 40 55 -4 10 0 0.00 0.0 0 0.8 9 280 M M 6 12 240
29 76 48 62 3 3 0 1.55 0.0 0 8.5 30 300 M M 8 1 47 300
30 57 47 52 -7 13 0 0.04 M 0 8.3 18 240 M M 10 1 25 240
================================================================================
SM 1975 1250 330 1 7.55 0.0 183.1 M 184
================================================================================
AV 65.8 41.7 6.1 FASTST M M 6 MAX(MPH)
MISC ----> # 36 240 # 51 240
================================================================================
NOTES:
# LAST OF SEVERAL OCCURRENCES
COLUMN 17 PEAK WIND IN M.P.H.
PRELIMINARY LOCAL CLIMATOLOGICAL DATA (WS FORM: F-6) , PAGE 2
STATION: TRI-CITIES ASOS
MONTH: APRIL
YEAR: 2020
LATITUDE: 36 28 N
LONGITUDE: 82 24 W
[TEMPERATURE DATA] [PRECIPITATION DATA] SYMBOLS USED IN COLUMN 16
AVERAGE MONTHLY: 53.8 TOTAL FOR MONTH: 7.55 1 = FOG OR MIST
DPTR FM NORMAL: -1.5 DPTR FM NORMAL: 4.22 2 = FOG REDUCING VISIBILITY
HIGHEST: 77 ON 7, 6 GRTST 24HR 1.83 ON 12-12 TO 1/4 MILE OR LESS
LOWEST: 28 ON 11 3 = THUNDER
SNOW, ICE PELLETS, HAIL 4 = ICE PELLETS
TOTAL MONTH: 0.0 INCH 5 = HAIL
GRTST 24HR 0.0 6 = FREEZING RAIN OR DRIZZLE
GRTST DEPTH: 0 7 = DUSTSTORM OR SANDSTORM:
VSBY 1/2 MILE OR LESS
8 = SMOKE OR HAZE
[NO. OF DAYS WITH] [WEATHER - DAYS WITH] 9 = BLOWING SNOW
X = TORNADO
MAX 32 OR BELOW: 0 0.01 INCH OR MORE: 12
MAX 90 OR ABOVE: 0 0.10 INCH OR MORE: 8
MIN 32 OR BELOW: 4 0.50 INCH OR MORE: 5
MIN 0 OR BELOW: 0 1.00 INCH OR MORE: 3
[HDD (BASE 65) ]
TOTAL THIS MO. 330 CLEAR (SCALE 0-3) 5
DPTR FM NORMAL 26 PTCLDY (SCALE 4-7) 19
TOTAL FM JUL 1 3490 CLOUDY (SCALE 8-10) 6
DPTR FM NORMAL -764
[CDD (BASE 65) ]
TOTAL THIS MO. 1
DPTR FM NORMAL -9 [PRESSURE DATA]
TOTAL FM JAN 1 9 HIGHEST SLP 30.30 ON 16
DPTR FM NORMAL -2 LOWEST SLP 29.41 ON 13
[REMARKS]
#FINAL-04-20#