000
CXUS54 KFWD 010831
CF6TRL
PRELIMINARY LOCAL CLIMATOLOGICAL DATA (WS FORM: F-6)
STATION: TERRELL
MONTH: JANUARY
YEAR: 2023
LATITUDE: 32 42 N
LONGITUDE: 96 16 W
TEMPERATURE IN F: :PCPN: SNOW: WIND :SUNSHINE: SKY :PK WND
================================================================================
1 2 3 4 5 6A 6B 7 8 9 10 11 12 13 14 15 16 17 18
12Z AVG MX 2MIN
DY MAX MIN AVG DEP HDD CDD WTR SNW DPTH SPD SPD DIR MIN PSBL S-S WX SPD DR
================================================================================
1 76 54 65 19 0 0 0.00 M M 10.7 20 160 M M 0 25 160
2 76 62 69 23 0 4 0.04 M M 12.4 24 170 M M 7 138 31 160
3 69 49 59 13 6 0 0.00 M M 6.2 16 250 M M 3 21 260
4 58 36 47 1 18 0 0.00 M M 2.1 10 20 M M 0 8 16 270
5 63 31 47 1 18 0 0.00 M M 2.5 10 20 M M 0 8 15 10
6 73 37 55 9 10 0 0.00 M M 9.0 23 180 M M 1 31 170
7 66 50 58 12 7 0 0.00 M M 9.0 20 200 M M 2 1 31 210
8 63 36 50 4 15 0 0.00 M M 5.1 16 10 M M 0 21 10
9 67 33 50 4 15 0 0.00 M M 6.2 21 170 M M 0 26 180
10 78 48 63 17 2 0 0.00 M M 9.9 20 190 M M 1 12 29 200
11 81 53 67 21 0 2 0.00 M M 10.9 24 200 M M 0 35 240
12 66 41 54 8 11 0 0.00 M M 13.9 24 310 M M 1 37 300
13 58 33 46 0 19 0 0.00 M M 5.7 13 310 M M 0 19 320
14 61 31 46 0 19 0 0.00 M M 7.6 18 160 M M 0 24 150
15 70 46 58 12 7 0 T M M 16.1 30 180 M M 2 40 190
16 76 56 66 20 0 1 T M M 11.5 21 180 M M 2 31 210
17 80 46 63 17 2 0 0.00 M M 6.7 20 190 M M 1 12 24 190
18 71 54 63 17 2 0 0.02 M M 10.8 23 290 M M 5 18 37 310
19 60 41 51 5 14 0 0.00 M M 7.4 17 300 M M 0 26 310
20 61 36 49 2 16 0 0.00 M M 5.5 17 70 M M 3 21 80
21 53 44 49 2 16 0 T M M 7.5 14 150 M M 10 1 18 240
22 53 32 43 -4 22 0 0.00 M M 8.8 18 330 M M 2 1 26 320
23 54 26 40 -7 25 0 0.00 M M 5.7 15 70 M M 2 20 70
24 47 35 41 -6 24 0 0.75 M M 11.2 18 280 M M 9 1 26 50
25 46 33 40 -7 25 0 T M M 8.1 16 300 M M 8 1 25 290
26 53 29 41 -6 24 0 0.00 M M 4.6 14 280 M M 0 19 260
27 60 28 44 -3 21 0 0.00 M M 7.3 21 210 M M 0 28 210
28 63 43 53 5 12 0 T M M 10.5 20 210 M M 9 1 27 190
29 63 31 47 -1 18 0 0.02 M M 10.0 21 320 M M 10 12 29 360
30 31 26 29 -19 36 0 0.17 M M 11.4 17 350 M M 10 16 26 360
31 31 25 28 -20 37 0 0.20 M M 10.0 17 350 M M 10 146 24 330
================================================================================
SM 1927 1225 441 7 1.20 M 264.3 M 98
================================================================================
AV 62.2 39.5 8.5 FASTST M M 3 MAX(MPH)
MISC ----> 30 180 40 190
================================================================================
NOTES:
# LAST OF SEVERAL OCCURRENCES
COLUMN 17 PEAK WIND IN M.P.H.
PRELIMINARY LOCAL CLIMATOLOGICAL DATA (WS FORM: F-6) , PAGE 2
STATION: TERRELL
MONTH: JANUARY
YEAR: 2023
LATITUDE: 32 42 N
LONGITUDE: 96 16 W
[TEMPERATURE DATA] [PRECIPITATION DATA] SYMBOLS USED IN COLUMN 16
AVERAGE MONTHLY: 50.8 TOTAL FOR MONTH: 1.20 1 = FOG OR MIST
DPTR FM NORMAL: 4.3 DPTR FM NORMAL: -1.42 2 = FOG REDUCING VISIBILITY
HIGHEST: 81 ON 11 GRTST 24HR 1.51 ON 24-24 TO 1/4 MILE OR LESS
LOWEST: 25 ON 31 3 = THUNDER
SNOW, ICE PELLETS, HAIL 4 = ICE PELLETS
TOTAL MONTH: M 5 = HAIL
GRTST 24HR M ON M 6 = FREEZING RAIN OR DRIZZLE
GRTST DEPTH: M ON M 7 = DUSTSTORM OR SANDSTORM:
VSBY 1/2 MILE OR LESS
8 = SMOKE OR HAZE
[NO. OF DAYS WITH] [WEATHER - DAYS WITH] 9 = BLOWING SNOW
X = TORNADO
MAX 32 OR BELOW: 2 0.01 INCH OR MORE: 6
MAX 90 OR ABOVE: 0 0.10 INCH OR MORE: 3
MIN 32 OR BELOW: 9 0.50 INCH OR MORE: 1
MIN 0 OR BELOW: 0 1.00 INCH OR MORE: 0
[HDD (BASE 65) ]
TOTAL THIS MO. 441 CLEAR (SCALE 0-3) 21
DPTR FM NORMAL -133 PTCLDY (SCALE 4-7) 3
TOTAL FM JUL 1 1343 CLOUDY (SCALE 8-10) 7
DPTR FM NORMAL -107
[CDD (BASE 65) ]
TOTAL THIS MO. 7
DPTR FM NORMAL 4 [PRESSURE DATA]
TOTAL FM JAN 1 7 HIGHEST SLP 30.46 ON 13
DPTR FM NORMAL 4 LOWEST SLP 29.62 ON 2
[REMARKS]
#FINAL-01-23#