000
CXUS56 KPQR 011155
CF6TTD
PRELIMINARY LOCAL CLIMATOLOGICAL DATA (WS FORM: F-6)
STATION: TROUTDALE OR
MONTH: SEPTEMBER
YEAR: 2021
LATITUDE: 45 33 N
LONGITUDE: 122 25 W
TEMPERATURE IN F: :PCPN: SNOW: WIND :SUNSHINE: SKY :PK WND
================================================================================
1 2 3 4 5 6A 6B 7 8 9 10 11 12 13 14 15 16 17 18
12Z AVG MX 2MIN
DY MAX MIN AVG DEP HDD CDD WTR SNW DPTH SPD SPD DIR MIN PSBL S-S WX SPD DR
================================================================================
1 80 45 63 -5 2 0 0.00 M M 3.2 10 270 M M 0 16 270
2 87 46 67 -1 0 2 0.00 M M 3.4 10 310 M M 0 16 250
3 83 49 66 -1 0 1 0.00 M M 2.4 8 260 M M 0 11 260
4 88 50 69 2 0 4 0.00 M M 2.4 7 260 M M 0 8 11 250
5 87 55 71 4 0 6 0.00 M M 4.1 12 310 M M 2 19 310
6 85 60 73 6 0 8 0.00 M M 3.6 10 250 M M 4 13 250
7 87 53 70 3 0 5 0.00 M M 2.9 10 250 M M 0 13 250
8 89 60 75 9 0 10 T M M 3.1 10 350 M M 0 17 10
9 87 55 71 5 0 6 0.00 M M 3.4 10 260 M M 0 16 260
10 68 60 64 -2 1 0 0.00 M M 3.0 9 200 M M 9 11 260
11 81 54 68 2 0 3 0.00 M M 2.3 10 260 M M 2 14 260
12 76 56 66 0 0 1 0.00 M M 3.1 12 320 M M 5 15 320
13 75 50 63 -2 2 0 0.00 M M 2.9 9 230 M M 5 13 250
14 83 47 65 0 0 0 0.00 M M 2.9 9 240 M M 1 14 320
15 71 54 63 -2 2 0 0.00 M M 4.9 12 320 M M 4 18 310
16 78 41 60 -4 5 0 0.00 M M 6.9 21 90 M M 0 27 80
17 81 51 66 2 0 1 0.15 M M 7.8 25 190 M M 6 1 37 190
18 68 57 63 -1 2 0 1.24 M M 5.0 15 220 M M 9 1 23 220
19 70 53 62 -2 3 0 0.55 M M 3.8 16 190 M M 9 1 20 200
20 73 50 62 -1 3 0 0.00 M M 2.3 9 310 M M 4 128 14 330
21 83 55 69 6 0 4 0.00 M M 12.9 25 90 M M 0 33 90
22 70 54 62 -1 3 0 T M M 1.8 10 310 M M 6 16 260
23 76 56 66 4 0 1 0.00 M M 1.9 13 250 M M 4 16 240
24 86 52 69 7 0 4 0.00 M M 9.7 26 100 M M 0 32 110
25 85 53 69 7 0 4 0.00 M M 3.6 12 200 M M 0 15 240
26 77 58 68 6 0 3 0.05 M M 6.6 21 220 M M 8 1 31 220
27 66 52 59 -2 6 0 1.11 M M 4.9 17 240 M M 9 1 23 250
28 62 51 57 -4 8 0 0.15 M M 7.0 16 220 M M 9 1 22 200
29 68 47 58 -3 7 0 0.00 M M 4.5 12 90 M M 6 1 14 90
30 64 56 60 0 5 0 0.27 M M 3.5 13 80 M M 10 1 15 80
================================================================================
SM 2334 1580 49 63 3.52 M 129.8 M 112
================================================================================
AV 77.8 52.7 4.3 FASTST M M 4 MAX(MPH)
MISC ----> 26 100 37 190
================================================================================
NOTES:
# LAST OF SEVERAL OCCURRENCES
COLUMN 17 PEAK WIND IN M.P.H.
PRELIMINARY LOCAL CLIMATOLOGICAL DATA (WS FORM: F-6) , PAGE 2
STATION: TROUTDALE OR
MONTH: SEPTEMBER
YEAR: 2021
LATITUDE: 45 33 N
LONGITUDE: 122 25 W
[TEMPERATURE DATA] [PRECIPITATION DATA] SYMBOLS USED IN COLUMN 16
AVERAGE MONTHLY: 65.2 TOTAL FOR MONTH: 3.52 1 = FOG OR MIST
DPTR FM NORMAL: 0.8 DPTR FM NORMAL: 1.77 2 = FOG REDUCING VISIBILITY
HIGHEST: 89 ON 8 GRTST 24HR 1.34 ON 17-18 TO 1/4 MILE OR LESS
LOWEST: 41 ON 16 3 = THUNDER
SNOW, ICE PELLETS, HAIL 4 = ICE PELLETS
TOTAL MONTH: M 5 = HAIL
GRTST 24HR M ON M 6 = FREEZING RAIN OR DRIZZLE
GRTST DEPTH: M ON M 7 = DUSTSTORM OR SANDSTORM:
VSBY 1/2 MILE OR LESS
8 = SMOKE OR HAZE
[NO. OF DAYS WITH] [WEATHER - DAYS WITH] 9 = BLOWING SNOW
X = TORNADO
MAX 32 OR BELOW: 0 0.01 INCH OR MORE: 7
MAX 90 OR ABOVE: 0 0.10 INCH OR MORE: 6
MIN 32 OR BELOW: 0 0.50 INCH OR MORE: 3
MIN 0 OR BELOW: 0 1.00 INCH OR MORE: 2
[HDD (BASE 65) ]
TOTAL THIS MO. 49 CLEAR (SCALE 0-3) 14
DPTR FM NORMAL -26 PTCLDY (SCALE 4-7) 10
TOTAL FM JUL 1 62 CLOUDY (SCALE 8-10) 6
DPTR FM NORMAL -38
[CDD (BASE 65) ]
TOTAL THIS MO. 63
DPTR FM NORMAL 6 [PRESSURE DATA]
TOTAL FM JAN 1 755 HIGHEST SLP 30.38 ON 20
DPTR FM NORMAL 332 LOWEST SLP 29.66 ON 17
[REMARKS]
#FINAL-09-21#