000
CXUS51 KPHI 061924
CF6TTN
PRELIMINARY LOCAL CLIMATOLOGICAL DATA (WS FORM: F-6)
STATION: TRENTON NJ
MONTH: APRIL
YEAR: 2021
LATITUDE: 40 16 N
LONGITUDE: 74 49 W
TEMPERATURE IN F: :PCPN: SNOW: WIND :SUNSHINE: SKY :PK WND
================================================================================
1 2 3 4 5 6A 6B 7 8 9 10 11 12 13 14 15 16 17 18
12Z AVG MX 2MIN
DY MAX MIN AVG DEP HDD CDD WTR SNW DPTH SPD SPD DIR MIN PSBL S-S WX SPD DR
================================================================================
1 57 34 46 -1 19 0 0.05 0.0 0 12.7 24 320 M M 7 1 34 310
2 42 27 35 -13 30 0 0.00 0.0 0 12.4 22 350 M M 3 31 320
3 53 27 40 -8 25 0 0.00 0.0 0 5.0 14 290 M M 0 20 260
4 66 41 54 6 11 0 0.00 0.0 0 6.0 23 340 M M 4 31 350
5 68 45 57 8 8 0 0.00 0.0 0 10.2 24 310 M M 0 33 300
6 69 42 56 7 9 0 0.00 0.0 0 8.0 17 350 M M 0 24 360
7 69 43 56 7 9 0 0.05 0.0 0 3.7 12 150 M M 4 16 300
8 69 41 55 5 10 0 0.00 0.0 0 5.4 15 160 M M 0 20 160
9 57 45 51 1 14 0 T 0.0 0 5.9 10 110 M M 7 15 130
10 72 50 61 10 4 0 T 0.0 0 3.7 10 60 M M 7 12 260
11 60 46 53 2 12 0 0.73 0.0 0 10.3 20 60 M M 9 12 26 100
12 48 44 46 -5 19 0 0.32 0.0 0 8.3 22 40 M M 10 13 26 50
13 64 44 54 2 11 0 0.02 0.0 0 4.0 12 40 M M 4 1 16 30
14 67 43 55 3 10 0 T 0.0 0 5.3 14 270 M M 5 19 250
15 59 46 53 1 12 0 0.05 0.0 0 6.1 14 10 M M 9 1 19 10
16 51 38 45 -8 20 0 0.03 0.0 0 10.0 21 310 M M 7 28 310
17 55 42 49 -4 16 0 T 0.0 0 7.8 15 340 M M 9 25 280
18 62 44 53 -1 12 0 0.00 0.0 0 4.5 13 290 M M 8 19 280
19 63 41 52 -2 13 0 T 0.0 0 3.9 16 200 M M 2 20 210
20 73 42 58 4 7 0 0.00 0.0 0 8.5 22 210 M M 0 1 28 200
21 70 36 53 -2 12 0 0.05 0.0 0 11.8 28 300 M M 6 3 38 310
22 48 33 41 -14 24 0 0.00 0.0 0 11.6 26 270 M M 4 40 260
23 62 37 50 -5 15 0 0.00 0.0 0 9.2 24 260 M M 1 32 250
24 67 42 55 -1 10 0 T 0.0 0 6.6 20 210 M M 2 23 210
25 65 47 56 0 9 0 0.57 0.0 0 7.7 20 330 M M 8 1 25 290
26 60 40 50 -6 15 0 0.00 0.0 0 9.7 20 330 M M 0 28 320
27 74 40 57 0 8 0 T 0.0 0 3.7 13 190 M M 1 16 180
28 85 49 67 10 0 2 0.00 0.0 0 6.5 18 250 M M 1 24 270
29 78 62 70 13 0 5 0.53 0.0 0 6.2 21 240 M M 7 13 28 260
30 69 45 57 -1 8 0 0.01 0.0 0 17.4 35 270 M M 6 49 270
================================================================================
SM 1902 1256 372 7 2.41 0.0 232.1 M 131
================================================================================
AV 63.4 41.9 7.7 FASTST M M 4 MAX(MPH)
MISC ----> 35 270 49 270
================================================================================
NOTES:
# LAST OF SEVERAL OCCURRENCES
COLUMN 17 PEAK WIND IN M.P.H.
PRELIMINARY LOCAL CLIMATOLOGICAL DATA (WS FORM: F-6) , PAGE 2
STATION: TRENTON NJ
MONTH: APRIL
YEAR: 2021
LATITUDE: 40 16 N
LONGITUDE: 74 49 W
[TEMPERATURE DATA] [PRECIPITATION DATA] SYMBOLS USED IN COLUMN 16
AVERAGE MONTHLY: 52.6 TOTAL FOR MONTH: 2.41 1 = FOG OR MIST
DPTR FM NORMAL: 0.1 DPTR FM NORMAL: -1.22 2 = FOG REDUCING VISIBILITY
HIGHEST: 85 ON 28 GRTST 24HR 0.73 ON 11-11 TO 1/4 MILE OR LESS
LOWEST: 27 ON 3, 2 3 = THUNDER
SNOW, ICE PELLETS, HAIL 4 = ICE PELLETS
TOTAL MONTH: 0.0 INCH 5 = HAIL
GRTST 24HR 0.0 6 = FREEZING RAIN OR DRIZZLE
GRTST DEPTH: 0 7 = DUSTSTORM OR SANDSTORM:
VSBY 1/2 MILE OR LESS
8 = SMOKE OR HAZE
[NO. OF DAYS WITH] [WEATHER - DAYS WITH] 9 = BLOWING SNOW
X = TORNADO
MAX 32 OR BELOW: 0 0.01 INCH OR MORE: 11
MAX 90 OR ABOVE: 0 0.10 INCH OR MORE: 4
MIN 32 OR BELOW: 2 0.50 INCH OR MORE: 3
MIN 0 OR BELOW: 0 1.00 INCH OR MORE: 0
[HDD (BASE 65) ]
TOTAL THIS MO. 372 CLEAR (SCALE 0-3) 12
DPTR FM NORMAL -15 PTCLDY (SCALE 4-7) 14
TOTAL FM JUL 1 4612 CLOUDY (SCALE 8-10) 4
DPTR FM NORMAL -196
[CDD (BASE 65) ]
TOTAL THIS MO. 7
DPTR FM NORMAL -5 [PRESSURE DATA]
TOTAL FM JAN 1 10 HIGHEST SLP M ON M
DPTR FM NORMAL -3 LOWEST SLP 29.40 ON 30
[REMARKS]
#FINAL-04-21#