000
CXUS51 KPHI 012230
CLMTTN
CLIMATE REPORT
NATIONAL WEATHER SERVICE MOUNT HOLLY NJ
530 PM EST FRI DEC 01 2023
...................................
...THE TRENTON NJ CLIMATE SUMMARY FOR THE MONTH OF NOVEMBER 2023...
CLIMATE NORMAL PERIOD: 1991 TO 2020
CLIMATE RECORD PERIOD: 1865 TO 2023
WEATHER OBSERVED NORMAL DEPART LAST YEAR`S
VALUE DATE(S) VALUE FROM VALUE DATE(S)
NORMAL
................................................................
TEMPERATURE (F)
RECORD
HIGH 83 11/01/1950
LOW 9 11/30/1875
HIGHEST 67 MM MM 77
LOWEST 22 MM MM 20
AVG. MAXIMUM 53.0 54.5 -1.5 57.1
AVG. MINIMUM 32.3 36.3 -4.0 37.4
MEAN 42.7 45.4 -2.8 47.3
DAYS MAX >= 90 0 0.0 0.0 0
DAYS MAX <= 32 0 0.2 -0.2 0
DAYS MIN <= 32 17 9.6 7.4 11
DAYS MIN <= 0 0 0.0 0.0 0
PRECIPITATION (INCHES)
RECORD
MAXIMUM 8.41 1877
MINIMUM 0.31 1976
TOTALS 2.74 3.20 -0.46 2.71
DAILY AVG. 0.09 0.11 -0.02 0.09
DAYS >= .01 6 8.5 -2.5 10
DAYS >= .10 3 5.7 -2.7 5
DAYS >= .50 3 2.3 0.7 3
DAYS >= 1.00 0 0.8 -0.8 0
GREATEST
24 HR. TOTAL 1.74 11/21 TO 11/22 1.02
SNOWFALL (INCHES)
RECORDS
TOTAL 14.0 1898 & 1938
24 HR TOTAL MM
TOTALS 0.1 0.5 -0.4 T
SINCE 7/1 0.1 0.6 -0.5 MM
SNOWDEPTH AVG. 0 0
DAYS >= 1.0 0 0.1 -0.1 0
GREATEST
SNOW DEPTH 0 0 MM
24 HR TOTAL 0.1 11/28 TO 11/28 MM
DEGREE DAYS
HEATING TOTAL 664 588 76 529
SINCE 7/1 962 946 16 MM
COOLING TOTAL 0 0 0 4
SINCE 1/1 969 1050 -81 MM
................................................................
WIND (MPH)
AVERAGE WIND SPEED 5.6
HIGHEST WIND SPEED/DIRECTION 24/340 DATE 11/18
HIGHEST GUST SPEED/DIRECTION 37/270 DATE 11/28
SKY COVER
POSSIBLE SUNSHINE (PERCENT) MM
AVERAGE SKY COVER 0.25
NUMBER OF DAYS FAIR 18
NUMBER OF DAYS PC 11
NUMBER OF DAYS CLOUDY 1
AVERAGE RH (PERCENT) 66
WEATHER CONDITIONS. NUMBER OF DAYS WITH
THUNDERSTORM 0 MIXED PRECIP 0
HEAVY RAIN 2 RAIN 3
LIGHT RAIN 6 FREEZING RAIN 0
LT FREEZING RAIN 0 HEAVY SNOW 0
SNOW 0 LIGHT SNOW 1
SLEET 0 FOG 9
FOG W/VIS <= 1/4 MILE 1 HAZE 0
- INDICATES NEGATIVE NUMBERS.
R INDICATES RECORD WAS SET OR TIED.
MM INDICATES DATA IS MISSING.
T INDICATES TRACE AMOUNT.
$$