000
CXUS51 KPHI 011246
CLMTTN
CLIMATE REPORT
NATIONAL WEATHER SERVICE MOUNT HOLLY NJ
846 AM EDT FRI SEP 01 2023
...................................
...THE TRENTON NJ CLIMATE SUMMARY FOR THE MONTH OF AUGUST 2023...
CLIMATE NORMAL PERIOD: 1991 TO 2020
CLIMATE RECORD PERIOD: 1865 TO 2023
WEATHER OBSERVED NORMAL DEPART LAST YEAR`S
VALUE DATE(S) VALUE FROM VALUE
NORMAL
..............................................................
TEMPERATURE (F)
RECORD
HIGH 105 08/07/1918
LOW 41 08/30/1986
08/29/1986
HIGHEST 87 MM MM 96
LOWEST 57 MM MM 58
AVG. MAXIMUM 81.7 84.0 -2.3 87.7
AVG. MINIMUM 64.5 64.8 -0.3 67.1
MEAN 73.1 74.4 -1.3 77.4
DAYS MAX >= 90 0 5.6 -5.6 14
DAYS MAX <= 32 0 0.0 0.0 0
DAYS MIN <= 32 0 0.0 0.0 0
DAYS MIN <= 0 0 0.0 0.0 0
PRECIPITATION (INCHES)
RECORD
MAXIMUM 16.10 2011
MINIMUM 0.47 1964
TOTALS 4.01 4.22 -0.21 3.16
DAILY AVG. 0.13 0.14 -0.01 0.10
DAYS >= .01 14 10.0 4.0 8
DAYS >= .10 7 6.3 0.7 8
DAYS >= .50 3 2.6 0.4 2
DAYS >= 1.00 0 1.1 -1.1 1
GREATEST
24 HR. TOTAL 0.98 08/09 TO 08/10 1.30
SNOWFALL (INCHES)
TOTALS 0.0
SINCE 7/1 0.0
SNOWDEPTH AVG. 0
DAYS >= 1.0 0
GREATEST
SNOW DEPTH 0
24 HR TOTAL MM
DEGREE DAYS
HEATING TOTAL 0 2 -2 0
SINCE 7/1 0 0 0 MM
COOLING TOTAL 258 294 -36 393
SINCE 1/1 800 911 -111 MM
..............................................................
WIND (MPH)
AVERAGE WIND SPEED 5.7
HIGHEST WIND SPEED/DIRECTION 32/220 DATE 08/07
HIGHEST GUST SPEED/DIRECTION 46/210 DATE 08/07
SKY COVER
POSSIBLE SUNSHINE (PERCENT) MM
AVERAGE SKY COVER 0.41
NUMBER OF DAYS FAIR 16
NUMBER OF DAYS PC 9
NUMBER OF DAYS CLOUDY 6
AVERAGE RH (PERCENT) 73
WEATHER CONDITIONS. NUMBER OF DAYS WITH
THUNDERSTORM 7 MIXED PRECIP 0
HEAVY RAIN 7 RAIN 5
LIGHT RAIN 15 FREEZING RAIN 0
LT FREEZING RAIN 0 HEAVY SNOW 0
SNOW 0 LIGHT SNOW 0
SLEET 0 FOG 16
FOG W/VIS <= 1/4 MILE 2 HAZE 2
- INDICATES NEGATIVE NUMBERS.
R INDICATES RECORD WAS SET OR TIED.
MM INDICATES DATA IS MISSING.
T INDICATES TRACE AMOUNT.
$$