443
CXUS54 KTSA 010950
CF6TUL
PRELIMINARY LOCAL CLIMATOLOGICAL DATA (WS FORM: F-6)
STATION: TULSA OKLAHOMA
MONTH: OCTOBER
YEAR: 2020
LATITUDE: 36 12 N
LONGITUDE: 95 54 W
TEMPERATURE IN F: :PCPN: SNOW: WIND :SUNSHINE: SKY :PK WND
================================================================================
1 2 3 4 5 6A 6B 7 8 9 10 11 12 13 14 15 16 17 18
12Z AVG MX 2MIN
DY MAX MIN AVG DEP HDD CDD WTR SNW DPTH SPD SPD DIR MIN PSBL S-S WX SPD DR
================================================================================
1 75 47 61 -6 4 0 0.00 0.0 M 7.7 22 350 M M 1 31 360
2 71 43 57 -9 8 0 0.00 0.0 M 5.3 14 110 M M 3 19 150
3 74 50 62 -4 3 0 0.00 0.0 M 8.5 20 170 M M 6 26 170
4 69 44 57 -9 8 0 0.00 0.0 M 5.7 14 60 M M 0 21 30
5 76 45 61 -4 4 0 0.00 0.0 M 9.3 21 170 M M 1 28 180
6 81 52 67 2 0 2 0.00 0.0 M 6.4 13 200 M M 0 18 160
7 87 59 73 9 0 8 0.00 0.0 M 7.0 13 170 M M 0 16 130
8 86 62 74 10 0 9 0.00 0.0 M 7.0 16 170 M M 3 21 170
9 84 65 75 11 0 10 0.00 0.0 M 10.1 18 160 M M 5 1 26 150
10 86 61 74 10 0 9 0.00 0.0 M 2.7 9 10 M M 2 18 15 50
11 88 59 74 11 0 9 0.00 0.0 M 11.5 24 180 M M 0 1 33 170
12 77 50 64 1 1 0 0.00 0.0 M 9.5 32 310 M M 1 18 41 310
13 82 48 65 2 0 0 0.00 0.0 M 6.8 15 190 M M 0 19 170
14 87 59 73 11 0 8 0.00 0.0 M 15.8 26 190 M M 2 41 180
15 73 48 61 -1 4 0 0.00 0.0 M 12.4 28 40 M M 9 42 10
16 69 40 55 -7 10 0 0.00 0.0 M 5.3 17 170 M M 5 22 170
17 74 51 63 1 2 0 0.00 0.0 M 17.7 32 170 M M 1 45 180
18 69 44 57 -4 8 0 0.01 0.0 M 10.9 24 350 M M 9 1 30 360
19 50 43 47 -14 18 0 0.06 0.0 M 8.0 16 10 M M 10 1 23 10
20 65 47 56 -5 9 0 0.01 0.0 M 5.6 13 10 M M 9 1 18 20
21 87 55 71 11 0 6 0.00 0.0 M 8.4 22 180 M M 5 31 180
22 86 68 77 17 0 12 0.00 0.0 M 14.6 28 170 M M 2 40 190
23 73 42 58 -2 7 0 0.89 0.0 M 15.0 29 330 M M 10 13 40 270
24 49 42 46 -13 19 0 0.00 0.0 M 6.7 14 10 M M 10 22 360
25 51 41 46 -13 19 0 0.00 0.0 M 9.1 17 10 M M 10 18 25 340
26 42 33 38 -21 27 0 2.19 0.0 M 13.4 23 10 M M 10 13 34 10
27 36 33 35 -23 30 0 1.28 0.0 M 10.3 17 10 M M 10 1 26 20
28 44 36 40 -18 25 0 0.56 0.0 M 8.1 18 40 M M 10 1 25 50
29 58 40 49 -9 16 0 0.72 0.0 M 11.0 28 360 M M 6 18 38 360
30 66 33 50 -7 15 0 0.00 0.0 M 5.0 12 170 M M 1 15 170
31 68 43 56 -1 9 0 0.00 0.0 M 10.5 26 170 M M 3 37 170
================================================================================
SM 2183 1483 246 73 5.72 0.0 285.3 M 144
================================================================================
AV 70.4 47.8 9.2 FASTST M M 5 MAX(MPH)
MISC ----> # 32 310 45 180
================================================================================
NOTES:
# LAST OF SEVERAL OCCURRENCES
COLUMN 17 PEAK WIND IN M.P.H.
PRELIMINARY LOCAL CLIMATOLOGICAL DATA (WS FORM: F-6) , PAGE 2
STATION: TULSA OKLAHOMA
MONTH: OCTOBER
YEAR: 2020
LATITUDE: 36 12 N
LONGITUDE: 95 54 W
[TEMPERATURE DATA] [PRECIPITATION DATA] SYMBOLS USED IN COLUMN 16
AVERAGE MONTHLY: 59.1 TOTAL FOR MONTH: 5.72 1 = FOG OR MIST
DPTR FM NORMAL: -2.7 DPTR FM NORMAL: 1.79 2 = FOG REDUCING VISIBILITY
HIGHEST: 88 ON 11 GRTST 24HR 2.19 ON 26-26 TO 1/4 MILE OR LESS
LOWEST: 33 ON 30,27 3 = THUNDER
SNOW, ICE PELLETS, HAIL 4 = ICE PELLETS
TOTAL MONTH: 0.0 INCH 5 = HAIL
GRTST 24HR 0.0 6 = FREEZING RAIN OR DRIZZLE
GRTST DEPTH: 0 7 = DUSTSTORM OR SANDSTORM:
VSBY 1/2 MILE OR LESS
8 = SMOKE OR HAZE
[NO. OF DAYS WITH] [WEATHER - DAYS WITH] 9 = BLOWING SNOW
X = TORNADO
MAX 32 OR BELOW: 0 0.01 INCH OR MORE: 8
MAX 90 OR ABOVE: 0 0.10 INCH OR MORE: 5
MIN 32 OR BELOW: 0 0.50 INCH OR MORE: 5
MIN 0 OR BELOW: 0 1.00 INCH OR MORE: 2
[HDD (BASE 65) ]
TOTAL THIS MO. 246 CLEAR (SCALE 0-3) 16
DPTR FM NORMAL 84 PTCLDY (SCALE 4-7) 5
TOTAL FM JUL 1 255 CLOUDY (SCALE 8-10) 10
DPTR FM NORMAL 68
[CDD (BASE 65) ]
TOTAL THIS MO. 73
DPTR FM NORMAL 10 [PRESSURE DATA]
TOTAL FM JAN 1 2030 HIGHEST SLP 30.42 ON 16
DPTR FM NORMAL 2 LOWEST SLP 29.61 ON 12
[REMARKS]
#FINAL-10-20#