000
CXUS54 KMEG 010900
CF6TUP
PRELIMINARY LOCAL CLIMATOLOGICAL DATA (WS FORM: F-6)
STATION: TUPELO
MONTH: APRIL
YEAR: 2022
LATITUDE: 34 16 N
LONGITUDE: 88 46 W
TEMPERATURE IN F: :PCPN: SNOW: WIND :SUNSHINE: SKY :PK WND
================================================================================
1 2 3 4 5 6A 6B 7 8 9 10 11 12 13 14 15 16 17 18
12Z AVG MX 2MIN
DY MAX MIN AVG DEP HDD CDD WTR SNW DPTH SPD SPD DIR MIN PSBL S-S WX SPD DR
================================================================================
1 64 40 52 -7 13 0 0.00 0.0 0 4.2 13 20 M M 0 M M
2 73 41 57 -3 8 0 0.00 0.0 0 3.7 12 310 M M 1 8 18 310
3 71 46 59 -1 6 0 0.00 0.0 0 5.6 17 30 M M 0 22 10
4 81 44 63 3 2 0 0.00 0.0 0 5.2 16 180 M M 1 21 180
5 71 57 64 4 1 0 0.35 0.0 0 6.3 16 120 M M 5 13 23 250
6 81 51 66 5 0 1 0.00 0.0 0 8.3 20 360 M M 9 18 28 350
7 65 48 57 -4 8 0 0.00 0.0 0 8.6 18 320 M M 3 27 300
8 55 45 50 -11 15 0 T 0.0 0 6.4 20 260 M M 8 28 320
9 67 37 52 -9 13 0 0.00 0.0 0 5.3 18 260 M M 2 25 260
10 83 41 62 0 3 0 0.00 0.0 0 11.3 25 180 M M 0 31 180
11 74 59 67 5 0 2 0.11 0.0 0 12.2 21 180 M M 7 13 28 170
12 81 65 73 11 0 8 0.19 0.0 0 12.4 23 180 M M 8 13 29 180
13 83 61 72 10 0 7 1.32 0.0 0 13.2 28 180 M M 7 13 39 180
14 73 47 60 -3 5 0 0.00 0.0 0 6.7 20 330 M M 2 26 330
15 81 44 63 0 2 0 0.04 0.0 0 10.5 23 180 M M 2 3 29 190
16 71 60 66 3 0 1 1.40 0.0 0 4.4 16 320 M M 9 13 24 240
17 67 54 61 -3 4 0 1.07 0.0 0 8.1 18 30 M M 9 138 22 40
18 65 46 56 -8 9 0 0.00 0.0 0 8.9 20 350 M M 6 1 25 340
19 66 38 52 -12 13 0 0.00 0.0 0 5.0 14 10 M M 0 20 10
20 70 44 57 -7 8 0 0.02 0.0 0 10.3 21 170 M M 2 26 180
21 81 60 71 6 0 6 0.04 0.0 0 7.7 20 180 M M 4 25 190
22 85 56 71 6 0 6 0.00 0.0 0 5.6 17 140 M M 0 1 21 130
23 85 61 73 8 0 8 0.00 0.0 0 10.6 24 180 M M 0 32 150
24 85 62 74 8 0 9 0.00 0.0 0 9.5 20 140 M M 3 25 180
25 83 60 72 6 0 7 0.39 0.0 0 8.0 23 240 M M 7 13 31 240
26 70 46 58 -8 7 0 0.00 0.0 0 11.4 21 30 M M 0 27 30
27 76 41 59 -7 6 0 0.00 0.0 0 6.1 14 10 M M 0 21 10
28 81 46 64 -3 1 0 0.00 0.0 0 3.3 12 150 M M 0 1 15 150
29 85 53 69 2 0 4 0.00 0.0 0 7.8 20 190 M M 1 1 30 180
30 87 68 78 11 0 13 0.00 0.0 0 9.0 22 200 M M 2 3 28 190
================================================================================
SM 2260 1521 124 72 4.93 0.0 235.6 M 98
================================================================================
AV 75.3 50.7 7.9 FASTST M M 3 MAX(MPH)
MISC ----> 28 180 39 180
================================================================================
NOTES:
# LAST OF SEVERAL OCCURRENCES
COLUMN 17 PEAK WIND IN M.P.H.
PRELIMINARY LOCAL CLIMATOLOGICAL DATA (WS FORM: F-6) , PAGE 2
STATION: TUPELO
MONTH: APRIL
YEAR: 2022
LATITUDE: 34 16 N
LONGITUDE: 88 46 W
[TEMPERATURE DATA] [PRECIPITATION DATA] SYMBOLS USED IN COLUMN 16
AVERAGE MONTHLY: 63.0 TOTAL FOR MONTH: 4.93 1 = FOG OR MIST
DPTR FM NORMAL: -0.3 DPTR FM NORMAL: -0.58 2 = FOG REDUCING VISIBILITY
HIGHEST: 87 ON 30 GRTST 24HR 1.44 ON 15-16 TO 1/4 MILE OR LESS
LOWEST: 37 ON 9 3 = THUNDER
SNOW, ICE PELLETS, HAIL 4 = ICE PELLETS
TOTAL MONTH: 0.0 INCH 5 = HAIL
GRTST 24HR 0.0 6 = FREEZING RAIN OR DRIZZLE
GRTST DEPTH: 0 7 = DUSTSTORM OR SANDSTORM:
VSBY 1/2 MILE OR LESS
8 = SMOKE OR HAZE
[NO. OF DAYS WITH] [WEATHER - DAYS WITH] 9 = BLOWING SNOW
X = TORNADO
MAX 32 OR BELOW: 0 0.01 INCH OR MORE: 10
MAX 90 OR ABOVE: 0 0.10 INCH OR MORE: 7
MIN 32 OR BELOW: 0 0.50 INCH OR MORE: 3
MIN 0 OR BELOW: 0 1.00 INCH OR MORE: 3
[HDD (BASE 65) ]
TOTAL THIS MO. 124 CLEAR (SCALE 0-3) 19
DPTR FM NORMAL 0 PTCLDY (SCALE 4-7) 6
TOTAL FM JUL 1 2358 CLOUDY (SCALE 8-10) 5
DPTR FM NORMAL -350
[CDD (BASE 65) ]
TOTAL THIS MO. 72
DPTR FM NORMAL 0 [PRESSURE DATA]
TOTAL FM JAN 1 101 HIGHEST SLP 30.36 ON 22
DPTR FM NORMAL 6 LOWEST SLP 29.55 ON 5
[REMARKS]
#FINAL-04-22#