000
CXUS55 KTWC 010855
CF6TUS
PRELIMINARY LOCAL CLIMATOLOGICAL DATA (WS FORM: F-6)
STATION: TUCSON AZ
MONTH: SEPTEMBER
YEAR: 2022
LATITUDE: 32 7 N
LONGITUDE: 110 56 W
TEMPERATURE IN F: :PCPN: SNOW: WIND :SUNSHINE: SKY :PK WND
================================================================================
1 2 3 4 5 6A 6B 7 8 9 10 11 12 13 14 15 16 17 18
12Z AVG MX 2MIN
DY MAX MIN AVG DEP HDD CDD WTR SNW DPTH SPD SPD DIR MIN PSBL S-S WX SPD DR
================================================================================
1 99 79 89 3 0 24 0.00 M M 8.1 21 130 M M 1 27 130
2 102 74 88 2 0 23 0.00 M M 6.3 18 120 M M 0 25 120
3 96 78 87 1 0 22 T M M 10.4 28 120 M M 1 38 120
4 99 77 88 2 0 23 0.00 M M 10.5 24 120 M M 0 33 120
5 102 79 91 5 0 26 0.00 M M 11.8 23 120 M M 0 31 120
6 103 80 92 7 0 27 0.00 M M 12.6 25 110 M M 0 37 120
7 101 71 86 1 0 21 0.00 M M 8.2 28 140 M M 0 8 36 150
8 97 76 87 2 0 22 0.00 M M 9.1 24 150 M M 0 29 170
9 93 76 85 0 0 20 T M M 6.9 23 150 M M 4 38 35 120
10 95 71 83 -1 0 18 0.00 M M 5.4 17 320 M M 2 23 320
11 100 73 87 3 0 22 0.01 M M 6.9 29 140 M M 2 3 35 140
12 89 72 81 -3 0 16 0.34 M M 7.0 16 110 M M M 138 29 250
13 92 69 81 -3 0 16 T M M 4.4 12 120 M M 2 M M
14 94 69 82 -2 0 17 0.00 M M 6.0 12 180 M M 3 16 80
15 95 69 82 -1 0 17 0.00 M M 5.9 13 160 M M M 20 180
16 98 68 83 0 0 18 0.00 M M 7.6 20 260 M M M 24 250
17 99 65 82 -1 0 17 0.00 M M 9.8 20 200 M M 0 27 200
18 100 69 85 3 0 20 0.00 M M 6.9 15 160 M M M 26 160
19 101 71 86 4 0 21 0.00 M M 8.2 23 120 M M 1 3 31 130
20 96 73 85 3 0 20 0.15 M M 6.9 22 200 M M 3 13 28 230
21 91 74 83 2 0 18 T M M 5.9 22 250 M M 4 3 28 250
22 96 70 83 2 0 18 T M M 6.9 21 270 M M 1 3 33 280
23 96 71 84 3 0 19 0.00 M M 6.7 16 340 M M 0 24 340
24 98 71 85 5 0 20 0.00 M M 6.1 15 350 M M 0 21 360
25 100 70 85 5 0 20 0.00 M M 4.8 13 330 M M 0 20 340
26 99 73 86 6 0 21 0.00 M M 11.7 25 120 M M 0 40 110
27 97 75 86 7 0 21 0.00 M M 11.6 26 120 M M 0 35 120
28 96 72 84 5 0 19 0.04 M M 11.2 23 130 M M 3 3 31 120
29 90 70 80 1 0 15 0.00 M M 6.9 21 200 M M 2 28 220
30 92 68 80 2 0 15 0.27 M M 7.6 31 150 M M 3 38 39 90
================================================================================
SM 2906 2173 0 596 0.81 M 238.3 M 32
================================================================================
AV 96.9 72.4 7.9 FASTST M M 1 MAX(MPH)
MISC ----> 31 150 40 110
================================================================================
NOTES:
# LAST OF SEVERAL OCCURRENCES
COLUMN 17 PEAK WIND IN M.P.H.
PRELIMINARY LOCAL CLIMATOLOGICAL DATA (WS FORM: F-6) , PAGE 2
STATION: TUCSON AZ
MONTH: SEPTEMBER
YEAR: 2022
LATITUDE: 32 7 N
LONGITUDE: 110 56 W
[TEMPERATURE DATA] [PRECIPITATION DATA] SYMBOLS USED IN COLUMN 16
AVERAGE MONTHLY: 84.7 TOTAL FOR MONTH: 0.81 1 = FOG OR MIST
DPTR FM NORMAL: 1.8 DPTR FM NORMAL: -0.51 2 = FOG REDUCING VISIBILITY
HIGHEST: 103 ON 6 GRTST 24HR 0.35 ON 11-12 TO 1/4 MILE OR LESS
LOWEST: 65 ON 17 3 = THUNDER
SNOW, ICE PELLETS, HAIL 4 = ICE PELLETS
TOTAL MONTH: M 5 = HAIL
GRTST 24HR M ON M 6 = FREEZING RAIN OR DRIZZLE
GRTST DEPTH: M ON M 7 = DUSTSTORM OR SANDSTORM:
VSBY 1/2 MILE OR LESS
8 = SMOKE OR HAZE
[NO. OF DAYS WITH] [WEATHER - DAYS WITH] 9 = BLOWING SNOW
X = TORNADO
MAX 32 OR BELOW: 0 0.01 INCH OR MORE: 5
MAX 90 OR ABOVE: 29 0.10 INCH OR MORE: 3
MIN 32 OR BELOW: 0 0.50 INCH OR MORE: 0
MIN 0 OR BELOW: 0 1.00 INCH OR MORE: 0
[HDD (BASE 65) ]
TOTAL THIS MO. 0 CLEAR (SCALE 0-3) 22
DPTR FM NORMAL 0 PTCLDY (SCALE 4-7) 4
TOTAL FM JUL 1 0 CLOUDY (SCALE 8-10) 4
DPTR FM NORMAL 0
[CDD (BASE 65) ]
TOTAL THIS MO. 596
DPTR FM NORMAL 64 [PRESSURE DATA]
TOTAL FM JAN 1 3480 HIGHEST SLP M ON M
DPTR FM NORMAL 359 LOWEST SLP 29.62 ON 9
[REMARKS]
#FINAL-09-22#