000
CXUS53 KAPX 010631
CF6TVC
PRELIMINARY LOCAL CLIMATOLOGICAL DATA (WS FORM: F-6)
STATION: TRAVERSE CITY MI
MONTH: MARCH
YEAR: 2020
LATITUDE: 44 44 N
LONGITUDE: 85 34 W
TEMPERATURE IN F: :PCPN: SNOW: WIND :SUNSHINE: SKY :PK WND
================================================================================
1 2 3 4 5 6A 6B 7 8 9 10 11 12 13 14 15 16 17 18
12Z AVG MX 2MIN
DY MAX MIN AVG DEP HDD CDD WTR SNW DPTH SPD SPD DIR MIN PSBL S-S WX SPD DR
================================================================================
1 50 25 38 12 27 0 0.00 M M 9.5 18 180 M M 5 29 180
2 43 28 36 10 29 0 0.00 M M 6.6 14 300 M M 2 17 300
3 43 26 35 9 30 0 T M M 7.2 17 270 M M 7 1 27 230
4 37 25 31 5 34 0 0.00 M M 9.0 18 300 M M 7 24 300
5 46 24 35 8 30 0 0.03 M M 7.0 23 220 M M 8 1 37 240
6 36 20 28 1 37 0 0.01 M M 11.4 23 360 M M 7 19 35 10
7 48 16 32 5 33 0 0.00 M M 8.1 22 190 M M 1 8 33 190
8 58 36 47 19 18 0 0.00 M M 12.3 21 210 M M 2 35 220
9 56 33 45 17 20 0 0.32 M M 10.3 21 210 M M 7 138 38 200
10 36 29 33 5 32 0 0.06 M M 8.1 18 340 M M 8 6 27 350
11 42 31 37 8 28 0 0.02 M M 3.9 9 170 M M 10 1 14 160
12 49 38 44 15 21 0 0.20 M M 7.8 20 260 M M 10 1 36 260
13 42 33 38 9 27 0 T M M 17.4 30 270 M M 7 44 280
14 33 28 31 1 34 0 0.00 M M 9.1 15 360 M M 8 21 360
15 38 18 28 -2 37 0 0.00 M M 4.9 14 30 M M 1 19 40
16 43 25 34 4 31 0 T M M 7.6 16 270 M M 7 18 22 240
17 43 28 36 5 29 0 T M M 10.7 23 300 M M 4 8 29 310
18 40 28 34 3 31 0 T M M 4.1 17 170 M M 9 18 26 170
19 51 32 42 10 23 0 0.27 M M 4.7 15 140 M M 9 1 25 130
20 43 24 34 2 31 0 0.08 M M 15.0 26 340 M M 10 1 38 340
21 29 17 23 -9 42 0 0.00 M M 6.8 15 360 M M 5 22 30
22 40 19 30 -3 35 0 0.00 M M 5.5 14 180 M M 3 23 110
23 42 27 35 2 30 0 0.00 M M 3.7 13 270 M M 6 16 260
24 48 29 39 5 26 0 0.00 M M 2.9 10 120 M M 10 18 16 110
25 59 38 49 15 16 0 0.27 M M 6.1 18 230 M M 9 1 25 210
26 41 36 39 5 26 0 0.03 M M 4.6 12 340 M M 10 1 16 340
27 51 34 43 8 22 0 0.00 M M 3.9 14 30 M M 7 1 18 40
28 50 38 44 9 21 0 0.22 M M 7.9 17 90 M M 10 1 25 80
29 55 40 48 12 17 0 0.47 M M 10.5 22 120 M M 9 13 35 140
30 40 37 39 3 26 0 0.08 M M 11.4 17 330 M M 10 1 26 320
31 43 35 39 2 26 0 0.00 M M 7.5 14 30 M M 10 19 40
================================================================================
SM 1375 897 869 0 2.06 M 245.5 M 218
================================================================================
AV 44.4 28.9 7.9 FASTST M M 7 MAX(MPH)
MISC ----> # 30 270 # 44 280
================================================================================
NOTES:
# LAST OF SEVERAL OCCURRENCES
COLUMN 17 PEAK WIND IN M.P.H.
PRELIMINARY LOCAL CLIMATOLOGICAL DATA (WS FORM: F-6) , PAGE 2
STATION: TRAVERSE CITY MI
MONTH: MARCH
YEAR: 2020
LATITUDE: 44 44 N
LONGITUDE: 85 34 W
[TEMPERATURE DATA] [PRECIPITATION DATA] SYMBOLS USED IN COLUMN 16
AVERAGE MONTHLY: 36.7 TOTAL FOR MONTH: 2.06 1 = FOG OR MIST
DPTR FM NORMAL: 5.8 DPTR FM NORMAL: 0.20 2 = FOG REDUCING VISIBILITY
HIGHEST: 59 ON 25 GRTST 24HR 0.47 ON 29-29 TO 1/4 MILE OR LESS
LOWEST: 16 ON 7 3 = THUNDER
SNOW, ICE PELLETS, HAIL 4 = ICE PELLETS
TOTAL MONTH: M 5 = HAIL
GRTST 24HR M ON M 6 = FREEZING RAIN OR DRIZZLE
GRTST DEPTH: M ON M 7 = DUSTSTORM OR SANDSTORM:
VSBY 1/2 MILE OR LESS
8 = SMOKE OR HAZE
[NO. OF DAYS WITH] [WEATHER - DAYS WITH] 9 = BLOWING SNOW
X = TORNADO
MAX 32 OR BELOW: 1 0.01 INCH OR MORE: 13
MAX 90 OR ABOVE: 0 0.10 INCH OR MORE: 6
MIN 32 OR BELOW: 20 0.50 INCH OR MORE: 0
MIN 0 OR BELOW: 0 1.00 INCH OR MORE: 0
[HDD (BASE 65) ]
TOTAL THIS MO. 869 CLEAR (SCALE 0-3) 5
DPTR FM NORMAL -193 PTCLDY (SCALE 4-7) 14
TOTAL FM JUL 1 5671 CLOUDY (SCALE 8-10) 12
DPTR FM NORMAL -731
[CDD (BASE 65) ]
TOTAL THIS MO. 0
DPTR FM NORMAL 0 [PRESSURE DATA]
TOTAL FM JAN 1 0 HIGHEST SLP M ON M
DPTR FM NORMAL 0 LOWEST SLP 29.40 ON 29
[REMARKS]
#FINAL-03-20#
#FINAL-03-20#