944
CXUS55 KREV 020045
CLATVL
CLIMATE REPORT
NATIONAL WEATHER SERVICE RENO NV
445 PM PST WED JAN 01 2020
...................................
...THE SOUTH LAKE TAHOE CA CLIMATE SUMMARY FOR THE YEAR OF 2019...
CLIMATE NORMAL PERIOD 1981 TO 2010
CLIMATE RECORD PERIOD 1968 TO 2019
WEATHER OBSERVED NORMAL DEPART
VALUE DATE(S) VALUE FROM
NORMAL
................................................
TEMPERATURE (F)
RECORD
HIGH 99 07/22/1988
LOW -29 02/07/1989
12/09/1972
HIGHEST 86 08/27
08/15
LOWEST -13 02/19
AVG. MAXIMUM 57.5 59.8 -2.3
AVG. MINIMUM 28.8 28.0 0.8
MEAN 43.2 43.9 -0.7
DAYS MAX >= 90 0 2.2 -2.2
DAYS MAX <= 32 18 9.1 8.9
DAYS MIN <= 32 220 226.8 -6.8
DAYS MIN <= 0 11 5.7 5.3
PRECIPITATION (INCHES)
TOTALS 22.77
DAILY AVG. T
SNOWFALL (INCHES)
TOTALS MM
SINCE 7/1 MM
DAYS >= TRACE MM
DAYS >= 1.0 MM
GREATEST
SNOW DEPTH MM
24 HR TOTAL MM
DEGREE DAYS
HEATING TOTAL 7806 7731 75
SINCE 7/1 3167 3183 -16
COOLING TOTAL 20 31 -11
................................................
WIND (MPH)
AVERAGE WIND SPEED 5.4
HIGHEST WIND SPEED/DIRECTION 39/200 DATE 01/06
HIGHEST GUST SPEED/DIRECTION 53/190 DATE 12/22
WEATHER CONDITIONS. NUMBER OF DAYS WITH
THUNDERSTORM 10 MIXED PRECIP 0
HEAVY RAIN 6 RAIN 25
LIGHT RAIN 77 FREEZING RAIN 1
LT FREEZING RAIN 1 HAIL 0
HEAVY SNOW 23 SNOW 40
LIGHT SNOW 90 SLEET 0
FOG 111 FOG W/VIS <= 1/4 MILE 35
HAZE 60
- INDICATES NEGATIVE NUMBERS.
R INDICATES RECORD WAS SET OR TIED.
MM INDICATES DATA IS MISSING.
T INDICATES TRACE AMOUNT.
$$