000
CXUS54 KSHV 011500
CF6TXK
PRELIMINARY LOCAL CLIMATOLOGICAL DATA (WS FORM: F-6)
STATION: TEXARKANA
MONTH: OCTOBER
YEAR: 2020
LATITUDE: 33 27 N
LONGITUDE: 94 0 W
TEMPERATURE IN F: :PCPN: SNOW: WIND :SUNSHINE: SKY :PK WND
================================================================================
1 2 3 4 5 6A 6B 7 8 9 10 11 12 13 14 15 16 17 18
12Z AVG MX 2MIN
DY MAX MIN AVG DEP HDD CDD WTR SNW DPTH SPD SPD DIR MIN PSBL S-S WX SPD DR
================================================================================
1 77 57 67 -2 0 2 0.00 0.0 0 5.0 13 50 M M 0 18 40
2 71 48 60 -9 5 0 0.00 0.0 0 3.9 12 40 M M 0 15 50
3 74 47 61 -8 4 0 0.00 0.0 0 4.6 13 150 M M 0 18 180
4 77 54 66 -2 0 1 0.00 0.0 0 4.6 12 40 M M 3 15 50
5 71 47 59 -9 6 0 0.00 0.0 0 3.0 10 40 M M 0 1 14 40
6 78 47 63 -5 2 0 0.00 0.0 0 2.2 7 40 M M 0 1 9 40
7 83 51 67 0 0 2 0.00 0.0 0 2.0 6 110 M M 0 1 8 120
8 75 57 66 -1 0 1 T 0.0 0 2.0 7 50 M M 4 1 11 70
9 74 65 70 3 0 5 0.00 0.0 0 5.6 12 20 M M 7 1 17 40
10 85 65 75 9 0 10 T 0.0 0 6.3 13 10 M M 2 19 360
11 87 60 74 8 0 9 0.00 0.0 0 4.1 15 170 M M 0 1 20 160
12 82 53 68 2 0 3 0.00 0.0 0 7.5 17 330 M M 1 1 23 300
13 77 48 63 -3 2 0 0.00 0.0 0 3.5 8 130 M M 0 11 130
14 81 46 64 -1 1 0 0.00 0.0 0 6.7 14 170 M M 0 18 170
15 70 58 64 -1 1 0 0.02 0.0 0 9.1 22 50 M M 8 1 33 40
16 68 50 59 -6 6 0 0.00 0.0 0 6.4 14 50 M M 3 21 50
17 72 42 57 -7 8 0 0.00 0.0 0 8.0 17 180 M M 5 25 200
18 80 65 73 9 0 8 T 0.0 0 9.9 16 180 M M 9 23 180
19 87 70 79 15 0 14 0.11 0.0 0 7.9 17 230 M M 7 13 22 230
20 85 68 77 14 0 12 0.00 0.0 0 8.1 16 180 M M 3 18 20 190
21 88 61 75 12 0 10 0.00 0.0 0 4.6 14 150 M M 0 1 17 140
22 87 65 76 13 0 11 0.00 0.0 0 7.4 14 160 M M 1 18 180
23 81 55 68 6 0 3 T 0.0 0 8.5 20 300 M M 6 13 24 300
24 56 50 53 -9 12 0 0.00 0.0 0 4.8 12 10 M M 10 16 10
25 57 50 54 -8 11 0 0.04 0.0 0 4.6 9 50 M M 10 1 14 50
26 55 51 53 -8 12 0 0.02 0.0 0 8.2 14 60 M M 10 1 20 50
27 54 50 52 -9 13 0 T 0.0 0 7.8 14 50 M M 10 1 19 50
28 58 44 51 -10 14 0 1.22 0.0 0 7.7 23 270 M M 10 1 30 280
29 55 40 48 -12 17 0 0.00 0.0 0 9.2 22 260 M M 7 27 260
30 65 39 52 -8 13 0 0.00 0.0 0 3.9 14 50 M M 0 1 19 40
31 67 38 53 -7 12 0 0.00 0.0 0 2.3 10 210 M M 0 1 14 190
================================================================================
SM 2277 1641 139 91 1.41 0.0 179.4 M 116
================================================================================
AV 73.5 52.9 5.8 FASTST M M 4 MAX(MPH)
MISC ----> # 23 270 # 33 40
================================================================================
NOTES:
# LAST OF SEVERAL OCCURRENCES
COLUMN 17 PEAK WIND IN M.P.H.
PRELIMINARY LOCAL CLIMATOLOGICAL DATA (WS FORM: F-6) , PAGE 2
STATION: TEXARKANA
MONTH: OCTOBER
YEAR: 2020
LATITUDE: 33 27 N
LONGITUDE: 94 0 W
[TEMPERATURE DATA] [PRECIPITATION DATA] SYMBOLS USED IN COLUMN 16
AVERAGE MONTHLY: 63.2 TOTAL FOR MONTH: 1.41 1 = FOG OR MIST
DPTR FM NORMAL: -1.4 DPTR FM NORMAL: -3.52 2 = FOG REDUCING VISIBILITY
HIGHEST: 88 ON 21 GRTST 24HR 1.22 ON 28-28 TO 1/4 MILE OR LESS
LOWEST: 38 ON 31 3 = THUNDER
SNOW, ICE PELLETS, HAIL 4 = ICE PELLETS
TOTAL MONTH: 0.0 INCH 5 = HAIL
GRTST 24HR 0.0 6 = FREEZING RAIN OR DRIZZLE
GRTST DEPTH: 0 7 = DUSTSTORM OR SANDSTORM:
VSBY 1/2 MILE OR LESS
8 = SMOKE OR HAZE
[NO. OF DAYS WITH] [WEATHER - DAYS WITH] 9 = BLOWING SNOW
X = TORNADO
MAX 32 OR BELOW: 0 0.01 INCH OR MORE: 5
MAX 90 OR ABOVE: 0 0.10 INCH OR MORE: 2
MIN 32 OR BELOW: 0 0.50 INCH OR MORE: 1
MIN 0 OR BELOW: 0 1.00 INCH OR MORE: 1
[HDD (BASE 65) ]
TOTAL THIS MO. 139 CLEAR (SCALE 0-3) 18
DPTR FM NORMAL 32 PTCLDY (SCALE 4-7) 6
TOTAL FM JUL 1 140 CLOUDY (SCALE 8-10) 7
DPTR FM NORMAL 22
[CDD (BASE 65) ]
TOTAL THIS MO. 91
DPTR FM NORMAL -3 [PRESSURE DATA]
TOTAL FM JAN 1 2119 HIGHEST SLP 30.39 ON 16
DPTR FM NORMAL -69 LOWEST SLP 29.72 ON 10
[REMARKS]
#FINAL-10-20#