000
CXUS54 KSHV 150235
CF6TXK
PRELIMINARY LOCAL CLIMATOLOGICAL DATA (WS FORM: F-6)
STATION: TEXARKANA
MONTH: APRIL
YEAR: 2020
LATITUDE: 33 27 N
LONGITUDE: 94 0 W
TEMPERATURE IN F: :PCPN: SNOW: WIND :SUNSHINE: SKY :PK WND
================================================================================
1 2 3 4 5 6A 6B 7 8 9 10 11 12 13 14 15 16 17 18
12Z AVG MX 2MIN
DY MAX MIN AVG DEP HDD CDD WTR SNW DPTH SPD SPD DIR MIN PSBL S-S WX SPD DR
================================================================================
1 73 45 59 -1 6 0 0.00 0.0 0 4.6 12 210 M M 0 15 180
2 71 52 62 2 3 0 T 0.0 0 8.2 18 160 M M 0 25 160
3 66 56 61 0 4 0 0.18 0.0 0 4.4 15 150 M M 9 1 18 130
4 58 51 55 -6 10 0 1.35 0.0 0 4.4 14 300 M M 10 1238 17 290
5 69 53 61 0 4 0 0.00 0.0 0 2.8 5 20 M M 8 1 M M
6 74 58 66 5 0 1 T 0.0 0 4.4 10 150 M M 1 1 13 140
7 86 65 76 14 0 11 0.06 0.0 0 7.5 18 220 M M 6 1 26 240
8 89 70 80 18 0 15 0.00 0.0 0 9.8 17 230 M M 1 1 33 220
9 75 61 68 6 0 3 0.00 0.0 0 7.7 16 60 M M 1 1 25 60
10 66 51 59 -3 6 0 0.00 0.0 0 5.8 15 60 M M 0 22 70
11 70 47 59 -4 6 0 0.35 0.0 0 5.6 14 150 M M 4 13 19 200
12 75 49 62 -1 3 0 1.48 0.0 0 9.7 28 300 M M 8 13 38 280
13 58 42 50 -13 15 0 0.00 0.0 0 7.4 22 340 M M 6 33 330
14 57 41 49 -14 16 0 0.00 0.0 0 7.1 18 50 M M 5 24 50
15 64 37 51 -13 14 0 0.00 0.0 0 2.4 8 30 M M 0 1 13 360
16 71 39 55 -9 10 0 0.00 0.0 0 8.5 16 150 M M 0 25 150
17 69 50 60 -4 5 0 T 0.0 0 8.9 17 240 M M 7 18 22 250
18 68 43 56 -8 9 0 0.32 0.0 0 6.6 15 40 M M 4 13 21 70
19 64 56 60 -5 5 0 0.17 0.0 0 4.3 13 360 M M 10 13 19 120
20 73 57 65 0 0 0 0.00 0.0 0 3.0 10 190 M M 4 14 250
21 83 51 67 2 0 2 T 0.0 0 3.8 12 140 M M 2 123 16 140
22 71 61 66 0 0 1 0.38 0.0 0 11.2 26 140 M M 8 13 35 150
23 75 58 67 1 0 2 0.00 0.0 0 9.7 21 280 M M 3 25 290
24 77 57 67 1 0 2 0.11 0.0 0 5.0 17 330 M M 3 13 27 90
25 75 55 65 -1 0 0 T 0.0 0 8.2 20 310 M M 1 25 300
26 80 49 65 -2 0 0 0.00 0.0 0 3.5 13 330 M M 0 18 330
27 78 57 68 1 0 3 T 0.0 0 9.6 24 170 M M 1 32 160
28 81 60 71 4 0 6 0.42 0.0 0 10.4 23 310 M M 7 13 30 310
29 76 55 66 -1 0 1 0.01 0.0 0 10.2 24 320 M M 1 13 32 320
30 77 50 64 -4 1 0 0.00 0.0 0 4.7 14 300 M M 0 19 280
================================================================================
SM 2169 1576 117 47 4.83 0.0 199.4 M 110
================================================================================
AV 72.3 52.5 6.6 FASTST M M 4 MAX(MPH)
MISC ----> # 28 300 # 38 280
================================================================================
NOTES:
# LAST OF SEVERAL OCCURRENCES
COLUMN 17 PEAK WIND IN M.P.H.
PRELIMINARY LOCAL CLIMATOLOGICAL DATA (WS FORM: F-6) , PAGE 2
STATION: TEXARKANA
MONTH: APRIL
YEAR: 2020
LATITUDE: 33 27 N
LONGITUDE: 94 0 W
[TEMPERATURE DATA] [PRECIPITATION DATA] SYMBOLS USED IN COLUMN 16
AVERAGE MONTHLY: 62.4 TOTAL FOR MONTH: 4.83 1 = FOG OR MIST
DPTR FM NORMAL: -1.5 DPTR FM NORMAL: 0.89 2 = FOG REDUCING VISIBILITY
HIGHEST: 89 ON 8 GRTST 24HR 1.48 ON 12-12 TO 1/4 MILE OR LESS
LOWEST: 37 ON 15 3 = THUNDER
SNOW, ICE PELLETS, HAIL 4 = ICE PELLETS
TOTAL MONTH: 0.0 INCH 5 = HAIL
GRTST 24HR 0.0 6 = FREEZING RAIN OR DRIZZLE
GRTST DEPTH: 0 7 = DUSTSTORM OR SANDSTORM:
VSBY 1/2 MILE OR LESS
8 = SMOKE OR HAZE
[NO. OF DAYS WITH] [WEATHER - DAYS WITH] 9 = BLOWING SNOW
X = TORNADO
MAX 32 OR BELOW: 0 0.01 INCH OR MORE: 11
MAX 90 OR ABOVE: 0 0.10 INCH OR MORE: 9
MIN 32 OR BELOW: 0 0.50 INCH OR MORE: 2
MIN 0 OR BELOW: 0 1.00 INCH OR MORE: 2
[HDD (BASE 65) ]
TOTAL THIS MO. 117 CLEAR (SCALE 0-3) 15
DPTR FM NORMAL 8 PTCLDY (SCALE 4-7) 11
TOTAL FM JUL 1 2317 CLOUDY (SCALE 8-10) 4
DPTR FM NORMAL -286
[CDD (BASE 65) ]
TOTAL THIS MO. 47
DPTR FM NORMAL -27 [PRESSURE DATA]
TOTAL FM JAN 1 107 HIGHEST SLP M ON M
DPTR FM NORMAL 10 LOWEST SLP 29.43 ON 12
[REMARKS]
#FINAL-04-20#