000
CXUS56 KPQR 011611
CF6UAO
PRELIMINARY LOCAL CLIMATOLOGICAL DATA (WS FORM: F-6)
STATION: AURORA STATE OR
MONTH: DECEMBER
YEAR: 2023
LATITUDE: 45 15 N
LONGITUDE: 122 46 W
TEMPERATURE IN F: :PCPN: SNOW: WIND :SUNSHINE: SKY :PK WND
================================================================================
1 2 3 4 5 6A 6B 7 8 9 10 11 12 13 14 15 16 17 18
12Z AVG MX 2MIN
DY MAX MIN AVG DEP HDD CDD WTR SNW DPTH SPD SPD DIR MIN PSBL S-S WX SPD DR
================================================================================
1 51 39 45 2 20 0 0.40 M M 10.6 25 190 M M 9 1 34 190
2 52 46 49 6 16 0 0.55 M M 8.5 29 200 M M 9 1 42 200
3 58 45 52 9 13 0 1.20 M M 7.9 18 190 M M 10 1 27 190
4 64 56 60 17 5 0 0.05 M M 11.9 22 190 M M 10 33 180
5 64 56 60 17 5 0 1.26 M M 6.8 17 180 M M 10 1 23 180
6 57 47 52 10 13 0 1.11 M M 6.3 16 180 M M 10 1 22 190
7 48 41 45 3 20 0 0.05 M M 10.6 22 180 M M 6 1 30 180
8 48 33 41 -1 24 0 0.01 M M 3.7 9 200 M M 5 12 14 220
9 49 31 40 -2 25 0 0.61 M M 3.2 15 200 M M 8 12 20 200
10 53 48 51 9 14 0 1.16 M M 10.5 22 180 M M 10 1 27 190
11 52 38 45 3 20 0 0.00 M M 3.7 9 20 M M 8 1 14 50
12 55 34 45 3 20 0 0.00 M M 5.6 13 10 M M 1 12 16 20
13 49 32 41 -1 24 0 0.00 M M 0.6 7 120 M M 1 12 8 80
14 52 39 46 4 19 0 T M M 2.9 8 10 M M 7 1 8 10
15 44 29 37 -5 28 0 T M M 1.2 6 180 M M 8 12 7 50
16 43 29 36 -5 29 0 0.00 M M 1.3 7 180 M M 8 12 7 180
17 37 29 33 -8 32 0 0.00 M M 1.8 16 150 M M 8 12 19 160
18 48 35 42 1 23 0 T M M 2.6 12 10 M M 8 1 14 10
19 59 42 51 10 14 0 0.30 M M 4.9 14 360 M M 7 1 17 360
20 53 35 44 3 21 0 0.00 M M 2.3 10 20 M M 3 12 13 20
21 41 34 38 -3 27 0 0.00 M M 0.5 6 190 M M 10 12 8 180
22 48 33 41 0 24 0 0.31 M M 3.7 13 190 M M 8 12 20 270
23 41 29 35 -6 30 0 0.00 M M 3.7 12 360 M M 8 12 14 360
24 45 31 38 -3 27 0 T M M 3.8 9 40 M M 10 128 12 40
25 47 40 44 3 21 0 0.46 M M 4.3 10 300 M M 9 1 15 300
26 49 44 47 6 18 0 0.05 M M 6.4 13 360 M M 7 12 17 340
27 50 39 45 4 20 0 0.06 M M 3.9 15 40 M M 7 1 19 40
28 50 41 46 5 19 0 0.01 M M 4.7 12 360 M M 7 14 360
29 59 46 53 12 12 0 0.21 M M 6.5 14 260 M M 7 20 240
30 53 38 46 5 19 0 0.10 M M 2.8 8 180 M M 8 128 13 220
31 45 38 42 1 23 0 0.01 M M 3.0 7 60 M M 10 12 9 20
================================================================================
SM 1564 1197 625 0 7.91 M 150.2 M 237
================================================================================
AV 50.5 38.6 4.8 FASTST M M 8 MAX(MPH)
MISC ----> 29 200 42 200
================================================================================
NOTES:
# LAST OF SEVERAL OCCURRENCES
COLUMN 17 PEAK WIND IN M.P.H.
PRELIMINARY LOCAL CLIMATOLOGICAL DATA (WS FORM: F-6) , PAGE 2
STATION: AURORA STATE OR
MONTH: DECEMBER
YEAR: 2023
LATITUDE: 45 15 N
LONGITUDE: 122 46 W
[TEMPERATURE DATA] [PRECIPITATION DATA] SYMBOLS USED IN COLUMN 16
AVERAGE MONTHLY: 44.5 TOTAL FOR MONTH: 7.91 1 = FOG OR MIST
DPTR FM NORMAL: 2.7 DPTR FM NORMAL: 1.68 2 = FOG REDUCING VISIBILITY
HIGHEST: 64 ON 5, 4 GRTST 24HR 1.77 ON 9-10 TO 1/4 MILE OR LESS
LOWEST: 29 ON 23,17 3 = THUNDER
SNOW, ICE PELLETS, HAIL 4 = ICE PELLETS
TOTAL MONTH: M 5 = HAIL
GRTST 24HR M ON M 6 = FREEZING RAIN OR DRIZZLE
GRTST DEPTH: M ON M 7 = DUSTSTORM OR SANDSTORM:
VSBY 1/2 MILE OR LESS
8 = SMOKE OR HAZE
[NO. OF DAYS WITH] [WEATHER - DAYS WITH] 9 = BLOWING SNOW
X = TORNADO
MAX 32 OR BELOW: 0 0.01 INCH OR MORE: 19
MAX 90 OR ABOVE: 0 0.10 INCH OR MORE: 12
MIN 32 OR BELOW: 7 0.50 INCH OR MORE: 6
MIN 0 OR BELOW: 0 1.00 INCH OR MORE: 4
[HDD (BASE 65) ]
TOTAL THIS MO. 625 CLEAR (SCALE 0-3) 3
DPTR FM NORMAL -96 PTCLDY (SCALE 4-7) 16
TOTAL FM JUL 1 1558 CLOUDY (SCALE 8-10) 12
DPTR FM NORMAL -128
[CDD (BASE 65) ]
TOTAL THIS MO. 0
DPTR FM NORMAL 0 [PRESSURE DATA]
TOTAL FM JAN 1 678 HIGHEST SLP 30.46 ON 8
DPTR FM NORMAL 222 LOWEST SLP 29.43 ON 19
[REMARKS]
#FINAL-12-23#