000
CXUS55 KSEW 010930
CF6UIL
PRELIMINARY LOCAL CLIMATOLOGICAL DATA (WS FORM: F-6)
STATION: QUILLAYUTE WA AIRPORT
MONTH: SEPTEMBER
YEAR: 2020
LATITUDE: 47 57 N
LONGITUDE: 124 33 W
TEMPERATURE IN F: :PCPN: SNOW: WIND :SUNSHINE: SKY :PK WND
================================================================================
1 2 3 4 5 6A 6B 7 8 9 10 11 12 13 14 15 16 17 18
12Z AVG MX 2MIN
DY MAX MIN AVG DEP HDD CDD WTR SNW DPTH SPD SPD DIR MIN PSBL S-S WX SPD DR
================================================================================
1 72 53 63 4 2 0 0.00 0.0 0 3.7 14 330 M M 7 12 17 320
2 68 51 60 1 5 0 0.00 0.0 0 3.8 12 340 M M 7 18 16 320
3 85 47 66 8 0 1 0.00 0.0 0 3.9 13 10 M M 0 1 16 360
4 65 50 58 0 7 0 0.00 0.0 0 6.1 15 210 M M 7 1 20 190
5 68 56 62 4 3 0 0.00 0.0 0 3.8 13 260 M M 7 16 240
6 72 55 64 6 1 0 0.00 0.0 0 4.1 12 270 M M 6 1 16 290
7 82 51 67 9 0 2 0.00 0.0 0 11.9 30 50 M M 3 12 40 40
8 80 49 65 7 0 0 0.00 0.0 0 8.7 22 40 M M 0 8 30 40
9 91 48 70 12 0 5 0.00 0.0 0 5.9 20 50 M M 0 26 60
10 89 50 70 12 0 5 0.00 0.0 0 4.5 12 190 M M 1 18 20 200
11 63 56 60 2 5 0 0.00 0.0 0 4.2 10 250 M M 10 18 16 200
12 62 49 56 -1 9 0 0.00 0.0 0 2.3 7 70 M M 10 18 11 20
13 64 52 58 1 7 0 0.00 0.0 0 1.7 9 220 M M 10 128 12 230
14 66 53 60 3 5 0 0.18 0.0 0 1.7 10 240 M M 10 18 12 230
15 75 58 67 10 0 2 T 0.0 0 2.2 9 250 M M 8 18 15 210
16 71 60 66 9 0 1 0.10 0.0 0 3.7 12 190 M M 7 18 17 200
17 71 58 65 9 0 0 T 0.0 0 2.0 8 30 M M 7 18 10 280
18 66 57 62 6 3 0 T 0.0 0 2.9 12 270 M M 10 12 15 300
19 68 58 63 7 2 0 0.13 0.0 0 3.3 10 220 M M 10 1 14 210
20 69 50 60 4 5 0 0.00 0.0 0 2.9 10 250 M M 5 12 13 240
21 66 50 58 2 7 0 0.03 0.0 0 2.4 12 220 M M 7 12 16 180
22 67 46 57 1 8 0 T 0.0 0 5.4 15 140 M M 7 12 28 140
23 60 55 58 3 7 0 2.38 0.0 0 12.9 24 180 M M 10 13 40 140
24 68 56 62 7 3 0 0.20 0.0 0 10.4 20 180 M M 10 1 30 180
25 63 50 57 2 8 0 1.83 0.0 0 8.9 25 230 M M 7 1 41 190
26 61 47 54 -1 11 0 0.28 0.0 0 3.1 10 210 M M 8 1 16 200
27 66 47 57 3 8 0 0.00 0.0 0 2.1 10 250 M M 6 12 240
28 76 45 61 7 4 0 0.00 0.0 0 3.0 8 230 M M 0 8 11 20
29 86 53 70 16 0 5 0.00 0.0 0 4.8 12 60 M M 1 16 70
30 70 50 60 6 5 0 0.00 0.0 0 4.1 13 210 M M 5 18 16 190
================================================================================
SM 2130 1560 115 21 5.13 0.0 140.4 M 186
================================================================================
AV 71.0 52.0 4.7 FASTST M M 6 MAX(MPH)
MISC ----> # 30 50 # 41 190
================================================================================
NOTES:
# LAST OF SEVERAL OCCURRENCES
COLUMN 17 PEAK WIND IN M.P.H.
PRELIMINARY LOCAL CLIMATOLOGICAL DATA (WS FORM: F-6) , PAGE 2
STATION: QUILLAYUTE WA AIRPORT
MONTH: SEPTEMBER
YEAR: 2020
LATITUDE: 47 57 N
LONGITUDE: 124 33 W
[TEMPERATURE DATA] [PRECIPITATION DATA] SYMBOLS USED IN COLUMN 16
AVERAGE MONTHLY: 61.5 TOTAL FOR MONTH: 5.13 1 = FOG OR MIST
DPTR FM NORMAL: 4.9 DPTR FM NORMAL: 1.31 2 = FOG REDUCING VISIBILITY
HIGHEST: 91 ON 9 GRTST 24HR 2.38 ON 23-23 TO 1/4 MILE OR LESS
LOWEST: 45 ON 28 3 = THUNDER
SNOW, ICE PELLETS, HAIL 4 = ICE PELLETS
TOTAL MONTH: 0.0 INCH 5 = HAIL
GRTST 24HR 0.0 6 = FREEZING RAIN OR DRIZZLE
GRTST DEPTH: 0 7 = DUSTSTORM OR SANDSTORM:
VSBY 1/2 MILE OR LESS
8 = SMOKE OR HAZE
[NO. OF DAYS WITH] [WEATHER - DAYS WITH] 9 = BLOWING SNOW
X = TORNADO
MAX 32 OR BELOW: 0 0.01 INCH OR MORE: 8
MAX 90 OR ABOVE: 1 0.10 INCH OR MORE: 7
MIN 32 OR BELOW: 0 0.50 INCH OR MORE: 2
MIN 0 OR BELOW: 0 1.00 INCH OR MORE: 2
[HDD (BASE 65) ]
TOTAL THIS MO. 115 CLEAR (SCALE 0-3) 7
DPTR FM NORMAL -141 PTCLDY (SCALE 4-7) 14
TOTAL FM JUL 1 437 CLOUDY (SCALE 8-10) 9
DPTR FM NORMAL -188
[CDD (BASE 65) ]
TOTAL THIS MO. 21
DPTR FM NORMAL 19 [PRESSURE DATA]
TOTAL FM JAN 1 39 HIGHEST SLP M ON M
DPTR FM NORMAL 20 LOWEST SLP 29.56 ON 25
[REMARKS]
#FINAL-09-20#