000
CXUS55 KSEW 010930
CF6UIL
PRELIMINARY LOCAL CLIMATOLOGICAL DATA (WS FORM: F-6)
STATION: QUILLAYUTE WA AIRPORT
MONTH: MAY
YEAR: 2020
LATITUDE: 47 57 N
LONGITUDE: 124 33 W
TEMPERATURE IN F: :PCPN: SNOW: WIND :SUNSHINE: SKY :PK WND
================================================================================
1 2 3 4 5 6A 6B 7 8 9 10 11 12 13 14 15 16 17 18
12Z AVG MX 2MIN
DY MAX MIN AVG DEP HDD CDD WTR SNW DPTH SPD SPD DIR MIN PSBL S-S WX SPD DR
================================================================================
1 60 39 50 1 15 0 0.17 0.0 0 6.2 17 190 M M 5 1 26 140
2 54 44 49 0 16 0 0.65 0.0 0 7.7 18 210 M M 9 1 28 210
3 58 39 49 0 16 0 0.99 0.0 0 5.7 21 250 M M 6 1 27 200
4 59 38 49 0 16 0 0.24 0.0 0 5.8 23 190 M M 6 1 30 200
5 65 39 52 2 13 0 0.18 0.0 0 5.6 20 260 M M 4 12 24 250
6 56 38 47 -3 18 0 0.21 0.0 0 6.5 18 250 M M 5 1 24 260
7 68 33 51 1 14 0 0.00 0.0 0 6.1 21 40 M M 0 1 26 50
8 78 43 61 11 4 0 0.00 0.0 0 6.4 14 60 M M 0 19 60
9 83 46 65 15 0 0 0.00 0.0 0 5.8 14 30 M M 0 17 30
10 85 52 69 19 0 4 0.00 0.0 0 6.1 15 260 M M 1 20 170
11 59 50 55 4 10 0 0.25 0.0 0 4.6 12 150 M M 10 1 19 180
12 60 50 55 4 10 0 0.13 0.0 0 6.9 16 180 M M 9 1 23 210
13 61 44 53 2 12 0 0.11 0.0 0 6.5 14 210 M M 6 1 22 170
14 59 42 51 0 14 0 T 0.0 0 4.3 14 250 M M 7 1 16 240
15 63 38 51 0 14 0 T 0.0 0 3.5 15 230 M M 4 12 19 230
16 56 51 54 3 11 0 0.60 0.0 0 6.1 9 130 M M 9 1 21 190
17 63 44 54 2 11 0 0.05 0.0 0 4.7 14 260 M M 5 18 17 260
18 63 42 53 1 12 0 T 0.0 0 5.1 17 280 M M 7 12 22 270
19 57 50 54 2 11 0 0.06 0.0 0 4.3 13 250 M M 10 1 15 250
20 56 47 52 0 13 0 0.09 0.0 0 5.2 14 270 M M 10 1 20 290
21 56 44 50 -2 15 0 0.23 0.0 0 8.1 20 280 M M 7 1 26 290
22 56 48 52 0 13 0 0.06 0.0 0 6.5 18 270 M M 9 18 26 280
23 57 47 52 0 13 0 T 0.0 0 3.1 15 260 M M 9 18 250
24 63 48 56 3 9 0 0.04 0.0 0 3.4 12 220 M M 10 18 16 230
25 58 51 55 2 10 0 0.46 0.0 0 4.4 12 260 M M 9 1 15 290
26 61 43 52 -1 13 0 0.00 0.0 0 4.4 14 240 M M 6 17 240
27 70 40 55 2 10 0 0.00 0.0 0 3.8 15 260 M M 0 19 240
28 76 46 61 8 4 0 0.00 0.0 0 6.1 15 320 M M 2 8 21 320
29 62 46 54 1 11 0 0.00 0.0 0 6.0 16 330 M M 2 21 300
30 55 50 53 0 12 0 0.00 0.0 0 6.3 14 340 M M 10 20 300
31 59 41 50 -4 15 0 0.00 0.0 0 5.1 15 230 M M 7 19 240
================================================================================
SM 1936 1373 355 4 4.52 0.0 170.3 M 184
================================================================================
AV 62.5 44.3 5.5 FASTST M M 6 MAX(MPH)
MISC ----> # 23 190 # 30 200
================================================================================
NOTES:
# LAST OF SEVERAL OCCURRENCES
COLUMN 17 PEAK WIND IN M.P.H.
PRELIMINARY LOCAL CLIMATOLOGICAL DATA (WS FORM: F-6) , PAGE 2
STATION: QUILLAYUTE WA AIRPORT
MONTH: MAY
YEAR: 2020
LATITUDE: 47 57 N
LONGITUDE: 124 33 W
[TEMPERATURE DATA] [PRECIPITATION DATA] SYMBOLS USED IN COLUMN 16
AVERAGE MONTHLY: 53.4 TOTAL FOR MONTH: 4.52 1 = FOG OR MIST
DPTR FM NORMAL: 2.1 DPTR FM NORMAL: -0.59 2 = FOG REDUCING VISIBILITY
HIGHEST: 85 ON 10 GRTST 24HR 0.99 ON 3- 3 TO 1/4 MILE OR LESS
LOWEST: 33 ON 7 3 = THUNDER
SNOW, ICE PELLETS, HAIL 4 = ICE PELLETS
TOTAL MONTH: 0.0 INCH 5 = HAIL
GRTST 24HR 0.0 6 = FREEZING RAIN OR DRIZZLE
GRTST DEPTH: 0 7 = DUSTSTORM OR SANDSTORM:
VSBY 1/2 MILE OR LESS
8 = SMOKE OR HAZE
[NO. OF DAYS WITH] [WEATHER - DAYS WITH] 9 = BLOWING SNOW
X = TORNADO
MAX 32 OR BELOW: 0 0.01 INCH OR MORE: 17
MAX 90 OR ABOVE: 0 0.10 INCH OR MORE: 12
MIN 32 OR BELOW: 0 0.50 INCH OR MORE: 3
MIN 0 OR BELOW: 0 1.00 INCH OR MORE: 0
[HDD (BASE 65) ]
TOTAL THIS MO. 355 CLEAR (SCALE 0-3) 7
DPTR FM NORMAL -71 PTCLDY (SCALE 4-7) 13
TOTAL FM JUL 1 5185 CLOUDY (SCALE 8-10) 11
DPTR FM NORMAL -283
[CDD (BASE 65) ]
TOTAL THIS MO. 4
DPTR FM NORMAL 3 [PRESSURE DATA]
TOTAL FM JAN 1 4 HIGHEST SLP M ON M
DPTR FM NORMAL 3 LOWEST SLP 29.63 ON 12
[REMARKS]
#FINAL-05-20#