000
CXUS55 KSEW 010930
CF6UIL
PRELIMINARY LOCAL CLIMATOLOGICAL DATA (WS FORM: F-6)
STATION: QUILLAYUTE WA AIRPORT
MONTH: SEPTEMBER
YEAR: 2023
LATITUDE: 47 57 N
LONGITUDE: 124 33 W
TEMPERATURE IN F: :PCPN: SNOW: WIND :SUNSHINE: SKY :PK WND
================================================================================
1 2 3 4 5 6A 6B 7 8 9 10 11 12 13 14 15 16 17 18
12Z AVG MX 2MIN
DY MAX MIN AVG DEP HDD CDD WTR SNW DPTH SPD SPD DIR MIN PSBL S-S WX SPD DR
================================================================================
1 86 51 69 10 0 4 0.00 M M 5.7 21 50 M M 0 18 32 40
2 81 54 68 9 0 3 0.00 M M 3.4 14 240 M M 0 17 250
3 68 59 64 5 1 0 T M M 7.3 15 250 M M 10 8 23 190
4 72 50 61 2 4 0 0.00 M M 4.2 13 270 M M 8 8 18 220
5 70 48 59 0 6 0 0.01 M M 3.2 14 250 M M 4 18 20 250
6 67 53 60 1 5 0 0.13 M M 3.7 9 180 M M 10 1 13 170
7 70 52 61 3 4 0 0.00 M M 4.2 13 260 M M 6 17 270
8 72 49 61 3 4 0 0.00 M M 4.6 14 330 M M 4 128 22 290
9 77 45 61 3 4 0 0.00 M M 2.8 13 240 M M 0 18 16 230
10 73 47 60 2 5 0 0.35 M M 3.6 15 180 M M 4 1 25 180
11 71 56 64 6 1 0 0.04 M M 3.3 12 240 M M 5 128 16 270
12 70 55 63 5 2 0 0.13 M M 3.0 9 230 M M 7 128 15 200
13 73 52 63 5 2 0 0.00 M M 4.1 13 290 M M 7 128 18 340
14 77 48 63 5 2 0 0.00 M M 2.8 13 250 M M 1 128 18 270
15 78 47 63 6 2 0 0.00 M M 4.6 16 320 M M 0 18 22 330
16 67 51 59 2 6 0 0.00 M M 3.2 15 290 M M 5 8 23 290
17 72 50 61 4 4 0 0.19 M M 3.7 14 290 M M 7 18 22 300
18 66 47 57 0 8 0 0.00 M M 2.9 13 350 M M 5 128 19 330
19 67 49 58 1 7 0 0.23 M M 3.0 16 230 M M 8 18 24 200
20 73 48 61 5 4 0 0.01 M M 3.9 15 40 M M 4 128 20 60
21 77 43 60 4 5 0 0.00 M M 4.4 20 50 M M 0 29 60
22 74 42 58 2 7 0 0.00 M M 2.5 15 250 M M 0 19 250
23 62 52 57 1 8 0 0.87 M M 4.4 12 200 M M 7 1 20 130
24 63 49 56 0 9 0 0.27 M M 8.2 22 120 M M 6 47 140
25 64 56 60 4 5 0 0.82 M M 10.6 21 140 M M 10 1 41 150
26 61 54 58 3 7 0 1.92 M M 8.5 20 200 M M 10 13 33 170
27 63 53 58 3 7 0 0.25 M M 5.6 13 250 M M 8 18 19 290
28 63 43 53 -2 12 0 0.30 M M 3.4 13 250 M M 6 18 24 310
29 66 37 52 -3 13 0 0.00 M M 6.1 16 20 M M 0 18 23 10
30 67 38 53 -1 12 0 0.00 M M 3.5 13 240 M M 0 18 16 240
================================================================================
SM 2110 1478 156 7 5.52 M 134.4 M 142
================================================================================
AV 70.3 49.3 4.5 FASTST M M 5 MAX(MPH)
MISC ----> 22 120 47 140
================================================================================
NOTES:
# LAST OF SEVERAL OCCURRENCES
COLUMN 17 PEAK WIND IN M.P.H.
PRELIMINARY LOCAL CLIMATOLOGICAL DATA (WS FORM: F-6) , PAGE 2
STATION: QUILLAYUTE WA AIRPORT
MONTH: SEPTEMBER
YEAR: 2023
LATITUDE: 47 57 N
LONGITUDE: 124 33 W
[TEMPERATURE DATA] [PRECIPITATION DATA] SYMBOLS USED IN COLUMN 16
AVERAGE MONTHLY: 59.8 TOTAL FOR MONTH: 5.52 1 = FOG OR MIST
DPTR FM NORMAL: 2.7 DPTR FM NORMAL: 0.96 2 = FOG REDUCING VISIBILITY
HIGHEST: 86 ON 1 GRTST 24HR 1.98 ON 26-27 TO 1/4 MILE OR LESS
LOWEST: 37 ON 29 3 = THUNDER
SNOW, ICE PELLETS, HAIL 4 = ICE PELLETS
TOTAL MONTH: M 5 = HAIL
GRTST 24HR M ON M 6 = FREEZING RAIN OR DRIZZLE
GRTST DEPTH: M ON M 7 = DUSTSTORM OR SANDSTORM:
VSBY 1/2 MILE OR LESS
8 = SMOKE OR HAZE
[NO. OF DAYS WITH] [WEATHER - DAYS WITH] 9 = BLOWING SNOW
X = TORNADO
MAX 32 OR BELOW: 0 0.01 INCH OR MORE: 14
MAX 90 OR ABOVE: 0 0.10 INCH OR MORE: 11
MIN 32 OR BELOW: 0 0.50 INCH OR MORE: 3
MIN 0 OR BELOW: 0 1.00 INCH OR MORE: 1
[HDD (BASE 65) ]
TOTAL THIS MO. 156 CLEAR (SCALE 0-3) 9
DPTR FM NORMAL -84 PTCLDY (SCALE 4-7) 16
TOTAL FM JUL 1 257 CLOUDY (SCALE 8-10) 5
DPTR FM NORMAL -329
[CDD (BASE 65) ]
TOTAL THIS MO. 7
DPTR FM NORMAL 4 [PRESSURE DATA]
TOTAL FM JAN 1 113 HIGHEST SLP M ON M
DPTR FM NORMAL 91 LOWEST SLP 29.58 ON 24
[REMARKS]
#FINAL-09-23#