000
CXUS56 KEKA 071152
CF6UKI
PRELIMINARY LOCAL CLIMATOLOGICAL DATA (WS FORM: F-6)
STATION: UKIAH CA
MONTH: JANUARY
YEAR: 2023
LATITUDE: 39 7 N
LONGITUDE: 123 12 W
TEMPERATURE IN F: :PCPN: SNOW: WIND :SUNSHINE: SKY :PK WND
================================================================================
1 2 3 4 5 6A 6B 7 8 9 10 11 12 13 14 15 16 17 18
12Z AVG MX 2MIN
DY MAX MIN AVG DEP HDD CDD WTR SNW DPTH SPD SPD DIR MIN PSBL S-S WX SPD DR
================================================================================
1 60 34 47 0 18 0 0.00 M M 2.0 13 320 M M 1 28 16 330
2 47 36 42 -5 23 0 0.22 M M 3.4 17 350 M M 6 1 25 360
3 50 35 43 -4 22 0 T M M 2.9 16 110 M M 9 1 23 120
4 56 47 52 5 13 0 2.49 M M 12.4 25 150 M M 8 1 39 160
5 55 42 49 2 16 0 0.77 M M 4.4 17 140 M M 10 2 29 140
6 53 43 48 1 17 0 0.26 M M 6.7 17 160 M M 10 1 24 160
7 52 47 50 3 15 0 2.53 M M 12.8 22 200 M M 10 13 37 170
8 56 46 51 4 14 0 0.64 M M 8.9 21 190 M M 7 1 35 200
9 61 45 53 6 12 0 1.12 M M 5.4 23 160 M M 5 1 38 170
10 52 45 49 2 16 0 0.90 M M 7.1 28 170 M M 9 1 45 180
11 54 45 50 2 15 0 1.33 M M 4.0 14 160 M M 10 1 22 160
12 62 54 58 10 7 0 0.05 M M 11.5 21 170 M M 6 1 36 170
13 56 50 53 5 12 0 1.00 M M 8.1 21 160 M M 10 1 29 150
14 55 45 50 2 15 0 1.26 M M 6.5 22 150 M M 10 1 37 170
15 51 45 48 0 17 0 0.19 M M 3.2 10 150 M M 9 1 15 150
16 52 38 45 -3 20 0 T M M 5.3 17 320 M M 2 23 310
17 56 31 44 -4 21 0 0.00 M M 1.2 10 300 M M 0 12 14 310
18 47 32 40 -8 25 0 0.38 M M 1.2 17 310 M M 7 2 27 330
19 54 32 43 -5 22 0 0.00 M M 1.0 7 330 M M 3 28 9 330
20 57 28 43 -5 22 0 0.00 M M 1.1 7 270 M M 1 28 9 280
21 59 29 44 -4 21 0 0.00 M M 0.8 5 240 M M 0 18 7 10
22 59 37 48 0 17 0 0.00 M M 4.0 14 290 M M 0 8 22 330
23 65 31 48 0 17 0 0.00 0.0 M 0.9 7 290 M M 0 1 9 290
24 71 31 51 3 14 0 0.00 0.0 M 0.6 5 280 M M 0 28 6 270
25 71 33 52 4 13 0 0.00 M M 0.8 6 250 M M 0 8 7 60
26 71 33 52 4 13 0 0.00 M M 0.8 7 290 M M 0 8 290
27 69 32 51 3 14 0 0.00 M M 2.8 20 300 M M 0 29 280
28 61 32 47 -1 18 0 0.00 M M 1.6 13 310 M M 0 1 17 310
29 56 32 44 -4 21 0 0.00 M M 3.6 13 360 M M 2 20 50
30 60 25 43 -6 22 0 0.00 M M 1.6 7 270 M M 0 8 9 280
31 64 25 45 -4 20 0 0.00 M M 0.4 7 280 M M 0 8 280
================================================================================
SM 1792 1160 532 0 13.14 0.0 127.0 M 135
================================================================================
AV 57.8 37.4 4.1 FASTST M M 4 MAX(MPH)
MISC ----> 28 170 45 180
================================================================================
NOTES:
# LAST OF SEVERAL OCCURRENCES
COLUMN 17 PEAK WIND IN M.P.H.
PRELIMINARY LOCAL CLIMATOLOGICAL DATA (WS FORM: F-6) , PAGE 2
STATION: UKIAH CA
MONTH: JANUARY
YEAR: 2023
LATITUDE: 39 7 N
LONGITUDE: 123 12 W
[TEMPERATURE DATA] [PRECIPITATION DATA] SYMBOLS USED IN COLUMN 16
AVERAGE MONTHLY: 47.6 TOTAL FOR MONTH: 13.14 1 = FOG OR MIST
DPTR FM NORMAL: -0.1 DPTR FM NORMAL: 6.44 2 = FOG REDUCING VISIBILITY
HIGHEST: 71 ON 26,25 GRTST 24HR 2.66 ON 4- 5 TO 1/4 MILE OR LESS
LOWEST: 25 ON 31,30 3 = THUNDER
SNOW, ICE PELLETS, HAIL 4 = ICE PELLETS
TOTAL MONTH: 0.0 INCH 5 = HAIL
GRTST 24HR 0.0 6 = FREEZING RAIN OR DRIZZLE
GRTST DEPTH: M ON M 7 = DUSTSTORM OR SANDSTORM:
VSBY 1/2 MILE OR LESS
8 = SMOKE OR HAZE
[NO. OF DAYS WITH] [WEATHER - DAYS WITH] 9 = BLOWING SNOW
X = TORNADO
MAX 32 OR BELOW: 0 0.01 INCH OR MORE: 14
MAX 90 OR ABOVE: 0 0.10 INCH OR MORE: 13
MIN 32 OR BELOW: 12 0.50 INCH OR MORE: 9
MIN 0 OR BELOW: 0 1.00 INCH OR MORE: 6
[HDD (BASE 65) ]
TOTAL THIS MO. 532 CLEAR (SCALE 0-3) 16
DPTR FM NORMAL -3 PTCLDY (SCALE 4-7) 5
TOTAL FM JUL 1 1677 CLOUDY (SCALE 8-10) 10
DPTR FM NORMAL 28
[CDD (BASE 65) ]
TOTAL THIS MO. 0
DPTR FM NORMAL 0 [PRESSURE DATA]
TOTAL FM JAN 1 0 HIGHEST SLP 30.48 ON 26
DPTR FM NORMAL 0 LOWEST SLP 29.43 ON 4
[REMARKS]
#FINAL-01-23#