000
CXUS56 KSTO 080003
CF6VCB
PRELIMINARY LOCAL CLIMATOLOGICAL DATA (WS FORM: F-6)
STATION: VACAVILLE
MONTH: JUNE
YEAR: 2021
LATITUDE: 38 22 N
LONGITUDE: 121-58 E
TEMPERATURE IN F: :PCPN: SNOW: WIND :SUNSHINE: SKY :PK WND
================================================================================
1 2 3 4 5 6A 6B 7 8 9 10 11 12 13 14 15 16 17 18
12Z AVG MX 2MIN
DY MAX MIN AVG DEP HDD CDD WTR SNW DPTH SPD SPD DIR MIN PSBL S-S WX SPD DR
================================================================================
1 102 62 82 12 0 17 0.00 0.0 M 7.3 14 190 M M 0 19 210
2 95 58 77 7 0 12 0.00 0.0 M 8.1 15 200 M M 0 21 210
3 99 56 78 8 0 13 0.00 0.0 M 6.2 13 230 M M 0 19 220
4 96 58 77 7 0 12 0.00 M M 7.1 15 230 M M 0 22 220
5 94 54 74 4 0 9 0.00 M M 6.0 16 220 M M 0 20 220
6 93 58 76 5 0 11 0.00 0.0 M 9.6 21 260 M M 0 26 220
7 81 56 69 -2 0 4 0.00 0.0 M 12.2 28 220 M M 0 35 220
8 75 51 63 -8 2 0 0.00 0.0 M 11.4 22 220 M M 0 29 210
9 75 50 63 -9 2 0 0.00 M M 10.0 21 240 M M 0 30 230
10 78 47 63 -9 2 0 0.00 M M 5.1 18 230 M M 0 26 220
11 83 53 68 -4 0 3 0.00 0.0 M 8.0 17 260 M M 0 24 250
12 92 59 76 4 0 11 0.00 0.0 M 4.9 18 250 M M 0 23 230
13 90 63 77 5 0 12 0.00 0.0 M 10.4 21 260 M M 0 26 220
14 86 61 74 1 0 9 0.00 0.0 M 10.4 20 260 M M 0 24 220
15 90 50 70 -3 0 5 0.00 0.0 M 3.5 10 70 M M 0 14 80
16 99 55 77 4 0 12 0.00 M M 3.7 12 80 M M 0 14 90
17 108 60 84 11 0 19 0.00 M M 3.2 14 340 M M 0 18 350
18 109 63 86 12 0 21 0.00 0.0 M 5.1 15 190 M M 0 21 180
19 102 62 82 8 0 17 0.00 0.0 M 6.7 13 180 M M 0 20 200
20 102 61 82 8 0 17 0.00 0.0 M 8.3 15 240 M M 0 20 200
21 92 63 78 4 0 13 0.00 0.0 M 10.1 20 210 M M 0 27 220
22 87 61 74 0 0 9 0.00 M M 10.5 17 220 M M 0 23 210
23 89 58 74 -1 0 9 0.00 M M 8.2 17 220 M M 0 8 23 240
24 90 60 75 0 0 10 0.00 M M 8.2 15 220 M M 0 22 210
25 97 58 78 3 0 13 0.00 0.0 M 8.3 16 260 M M 0 20 190
26 104 60 82 7 0 17 0.00 0.0 M 6.1 14 240 M M 0 21 180
27 100 61 81 5 0 16 0.00 0.0 M 8.2 14 210 M M 0 20 210
28 104 62 83 7 0 18 0.00 0.0 M 7.9 18 220 M M 0 23 220
29 99 58 79 3 0 14 0.00 M M 5.6 13 190 M M 0 17 190
30 91 63 77 1 0 12 0.00 M M 9.1 20 220 M M 0 28 210
================================================================================
SM 2802 1741 6 335 0.00 0.0 229.4 M 0
================================================================================
AV 93.4 58.0 7.6 FASTST M M 0 MAX(MPH)
MISC ----> 28 220 35 220
================================================================================
NOTES:
# LAST OF SEVERAL OCCURRENCES
COLUMN 17 PEAK WIND IN M.P.H.
PRELIMINARY LOCAL CLIMATOLOGICAL DATA (WS FORM: F-6) , PAGE 2
STATION: VACAVILLE
MONTH: JUNE
YEAR: 2021
LATITUDE: 38 22 N
LONGITUDE: 121-58 E
[TEMPERATURE DATA] [PRECIPITATION DATA] SYMBOLS USED IN COLUMN 16
AVERAGE MONTHLY: 75.7 TOTAL FOR MONTH: 0.00 1 = FOG OR MIST
DPTR FM NORMAL: 2.7 DPTR FM NORMAL: -0.17 2 = FOG REDUCING VISIBILITY
HIGHEST: 109 ON 18 GRTST 24HR 0.00 ON 2- 2 TO 1/4 MILE OR LESS
LOWEST: 47 ON 10 3 = THUNDER
SNOW, ICE PELLETS, HAIL 4 = ICE PELLETS
TOTAL MONTH: 0.0 INCH 5 = HAIL
GRTST 24HR 0.0 6 = FREEZING RAIN OR DRIZZLE
GRTST DEPTH: M ON M 7 = DUSTSTORM OR SANDSTORM:
VSBY 1/2 MILE OR LESS
8 = SMOKE OR HAZE
[NO. OF DAYS WITH] [WEATHER - DAYS WITH] 9 = BLOWING SNOW
X = TORNADO
MAX 32 OR BELOW: 0 0.01 INCH OR MORE: 0
MAX 90 OR ABOVE: 22 0.10 INCH OR MORE: 0
MIN 32 OR BELOW: 0 0.50 INCH OR MORE: 0
MIN 0 OR BELOW: 0 1.00 INCH OR MORE: 0
[HDD (BASE 65) ]
TOTAL THIS MO. 6 CLEAR (SCALE 0-3) 30
DPTR FM NORMAL -2 PTCLDY (SCALE 4-7) 0
TOTAL FM JUL 1 2156 CLOUDY (SCALE 8-10) 0
DPTR FM NORMAL -288
[CDD (BASE 65) ]
TOTAL THIS MO. 335
DPTR FM NORMAL 88 [PRESSURE DATA]
TOTAL FM JAN 1 521 HIGHEST SLP 30.25 ON 10
DPTR FM NORMAL 156 LOWEST SLP 29.60 ON 18
[REMARKS]
#FINAL-06-21#