000
CXUS56 KSTO 020144
CF6VCB
PRELIMINARY LOCAL CLIMATOLOGICAL DATA (WS FORM: F-6)
STATION: VACAVILLE AIRPORT CA
MONTH: APRIL
YEAR: 2020
LATITUDE: 38 22 N
LONGITUDE: 121 58 W
TEMPERATURE IN F: :PCPN: SNOW: WIND :SUNSHINE: SKY :PK WND
================================================================================
1 2 3 4 5 6A 6B 7 8 9 10 11 12 13 14 15 16 17 18
12Z AVG MX 2MIN
DY MAX MIN AVG DEP HDD CDD WTR SNW DPTH SPD SPD DIR MIN PSBL S-S WX SPD DR
================================================================================
1 66 38 52 -4 13 0 0.00 0.0 0 4.0 16 360 M M 0 21 360
2 71 40 56 0 9 0 0.00 0.0 0 8.7 21 360 M M 0 27 350
3 68 36 52 -4 13 0 0.00 0.0 0 5.9 17 220 M M 0 21 350
4 56 42 49 -7 16 0 T 0.0 0 8.0 17 180 M M 8 18 23 160
5 56 43 50 -7 15 0 M M 0 7.4 20 220 M M 8 1 26 210
6 59 38 49 -8 16 0 M M 0 5.0 18 70 M M 4 1 22 70
7 67 39 53 -4 12 0 0.00 0.0 0 2.4 10 240 M M 3 13 70
8 65 45 55 -2 10 0 M M 0 7.2 16 220 M M 0 20 220
9 64 48 56 -1 9 0 M M 0 5.1 13 220 M M 6 1 17 210
10 73 48 61 3 4 0 0.00 0.0 0 5.6 17 220 M M 4 25 220
11 68 45 57 -1 8 0 0.00 0.0 0 8.2 20 210 M M 0 28 200
12 74 50 62 4 3 0 0.00 0.0 0 5.9 16 210 M M 3 22 200
13 78 44 61 3 4 0 0.00 0.0 0 8.4 18 360 M M 1 23 350
14 82 46 64 6 1 0 0.00 0.0 0 8.7 21 360 M M 0 26 360
15 83 42 63 5 2 0 0.00 0.0 0 3.8 15 220 M M 0 20 220
16 79 52 66 7 0 1 0.00 0.0 0 6.2 16 210 M M 0 24 230
17 68 52 60 1 5 0 0.00 0.0 0 13.1 23 220 M M 1 30 210
18 68 50 59 0 6 0 0.00 0.0 0 11.7 21 240 M M 0 27 240
19 69 50 60 1 5 0 0.00 0.0 0 9.0 17 220 M M 1 23 210
20 71 51 61 1 4 0 0.00 0.0 0 7.9 17 210 M M 5 22 200
21 79 41 60 0 5 0 0.00 0.0 0 4.6 17 220 M M 0 22 220
22 84 46 65 5 0 0 0.00 0.0 0 7.1 17 310 M M 0 22 310
23 86 52 69 9 0 4 0.00 0.0 0 5.1 13 310 M M 0 18 320
24 92 50 71 11 0 6 0.00 0.0 0 4.4 16 360 M M 0 31 20
25 89 52 71 10 0 6 0.00 0.0 0 3.0 15 210 M M 0 18 210
26 85 49 67 6 0 2 0.00 0.0 0 4.6 15 220 M M 0 22 220
27 88 47 68 7 0 3 0.00 0.0 0 3.2 14 160 M M 0 19 200
28 89 54 72 10 0 7 0.00 0.0 0 4.9 17 220 M M 0 21 220
29 82 59 71 9 0 6 0.00 0.0 0 10.0 20 220 M M 0 24 220
30 83 54 69 7 0 4 0.00 0.0 0 8.2 24 230 M M 0 29 230
================================================================================
SM 2242 1403 160 39 T 0.0 197.3 M 44
================================================================================
AV 74.7 46.8 6.6 FASTST M M 1 MAX(MPH)
MISC ----> # 24 230 # 31 20
================================================================================
NOTES:
# LAST OF SEVERAL OCCURRENCES
COLUMN 17 PEAK WIND IN M.P.H.
PRELIMINARY LOCAL CLIMATOLOGICAL DATA (WS FORM: F-6) , PAGE 2
STATION: VACAVILLE AIRPORT CA
MONTH: APRIL
YEAR: 2020
LATITUDE: 38 22 N
LONGITUDE: 121 58 W
[TEMPERATURE DATA] [PRECIPITATION DATA] SYMBOLS USED IN COLUMN 16
AVERAGE MONTHLY: 60.8 TOTAL FOR MONTH: T 1 = FOG OR MIST
DPTR FM NORMAL: 2.0 DPTR FM NORMAL: -1.29 2 = FOG REDUCING VISIBILITY
HIGHEST: 92 ON 24 GRTST 24HR T ON 4- 4 TO 1/4 MILE OR LESS
LOWEST: 36 ON 3 3 = THUNDER
SNOW, ICE PELLETS, HAIL 4 = ICE PELLETS
TOTAL MONTH: 0.0 INCH 5 = HAIL
GRTST 24HR 0.0 6 = FREEZING RAIN OR DRIZZLE
GRTST DEPTH: 0 7 = DUSTSTORM OR SANDSTORM:
VSBY 1/2 MILE OR LESS
8 = SMOKE OR HAZE
[NO. OF DAYS WITH] [WEATHER - DAYS WITH] 9 = BLOWING SNOW
X = TORNADO
MAX 32 OR BELOW: 0 0.01 INCH OR MORE: 0
MAX 90 OR ABOVE: 1 0.10 INCH OR MORE: 0
MIN 32 OR BELOW: 0 0.50 INCH OR MORE: 0
MIN 0 OR BELOW: 0 1.00 INCH OR MORE: 0
[HDD (BASE 65) ]
TOTAL THIS MO. 160 CLEAR (SCALE 0-3) 23
DPTR FM NORMAL -44 PTCLDY (SCALE 4-7) 7
TOTAL FM JUL 1 2185 CLOUDY (SCALE 8-10) 0
DPTR FM NORMAL -319
[CDD (BASE 65) ]
TOTAL THIS MO. 39
DPTR FM NORMAL 22 [PRESSURE DATA]
TOTAL FM JAN 1 39 HIGHEST SLP 30.29 ON 22
DPTR FM NORMAL 19 LOWEST SLP 29.60 ON 5
[REMARKS]
#FINAL-04-20#