000
CXUS56 KSTO 030502
CF6VCB
PRELIMINARY LOCAL CLIMATOLOGICAL DATA (WS FORM: F-6)
STATION: VACAVILLE
MONTH: OCTOBER
YEAR: 2023
LATITUDE: 38 22 N
LONGITUDE: 121-58 E
TEMPERATURE IN F: :PCPN: SNOW: WIND :SUNSHINE: SKY :PK WND
================================================================================
1 2 3 4 5 6A 6B 7 8 9 10 11 12 13 14 15 16 17 18
12Z AVG MX 2MIN
DY MAX MIN AVG DEP HDD CDD WTR SNW DPTH SPD SPD DIR MIN PSBL S-S WX SPD DR
================================================================================
1 79 50 65 -5 0 0 0.00 M M 6.7 20 350 M M 1 27 10
2 82 47 65 -4 0 0 0.00 M M 3.4 17 360 M M 0 23 10
3 86 48 67 -2 0 2 0.00 M M 3.1 13 20 M M 0 16 30
4 91 56 74 5 0 9 0.00 M M 6.8 17 10 M M 0 23 20
5 94 53 74 6 0 9 0.00 M M 4.1 13 360 M M 0 17 350
6 96 53 75 7 0 10 0.00 M M 3.2 10 30 M M 0 15 330
7 97 54 76 8 0 11 0.00 M M 2.0 9 10 M M 0 13 50
8 94 55 75 8 0 10 0.00 M M 2.8 13 210 M M 0 20 210
9 74 57 66 -1 0 1 0.00 M M 9.2 20 220 M M 3 28 230
10 77 57 67 0 0 2 T M M 7.8 20 220 M M 4 1 25 220
11 77 49 63 -3 2 0 0.00 M M 7.6 22 280 M M 0 30 280
12 82 49 66 0 0 1 0.00 M M 7.6 20 360 M M 0 27 360
13 79 43 61 -5 4 0 0.00 M M 3.3 13 210 M M 2 17 220
14 80 55 68 3 0 3 0.00 M M 4.2 10 280 M M 4 16 180
15 85 49 67 2 0 2 0.00 M M 2.5 10 10 M M 0 13 10
16 86 49 68 3 0 3 0.00 0.0 M 3.0 15 250 M M 0 19 240
17 88 50 69 5 0 4 0.00 M M 2.8 12 350 M M 0 17 10
18 90 49 70 6 0 5 0.00 M M 3.0 10 30 M M 0 14 30
19 94 50 72 8 0 7 0.00 M M 3.4 13 360 M M 0 17 40
20 88 52 70 7 0 5 0.00 M M 3.6 10 220 M M 0 16 210
21 78 50 64 1 1 0 0.00 M M 5.8 16 220 M M 0 22 220
22 69 59 64 2 1 0 0.52 M M 4.6 13 220 M M 9 18 18 210
23 82 54 68 6 0 3 0.00 M M 2.4 12 350 M M 2 1 16 350
24 78 47 63 1 2 0 0.00 M M 4.8 12 210 M M 0 20 220
25 70 50 60 -1 5 0 0.00 M M 6.9 20 210 M M 3 28 210
26 71 39 55 -6 10 0 0.00 M M 5.7 21 360 M M 0 28 350
27 69 35 52 -9 13 0 0.00 M M 1.6 7 10 M M 0 8 320
28 71 34 53 -7 12 0 0.00 0.0 M 10.5 25 350 M M 0 33 340
29 76 39 58 -2 7 0 0.00 M M 11.9 26 360 M M 0 37 340
30 74 34 54 -6 11 0 0.00 M M 3.0 10 30 M M 0 13 40
31 75 35 55 -4 10 0 0.00 M M 3.8 10 30 M M 0 14 30
================================================================================
SM 2532 1501 78 87 0.52 0.0 151.1 M 28
================================================================================
AV 81.7 48.4 4.9 FASTST M M 1 MAX(MPH)
MISC ----> 26 360 37 340
================================================================================
NOTES:
# LAST OF SEVERAL OCCURRENCES
COLUMN 17 PEAK WIND IN M.P.H.
PRELIMINARY LOCAL CLIMATOLOGICAL DATA (WS FORM: F-6) , PAGE 2
STATION: VACAVILLE
MONTH: OCTOBER
YEAR: 2023
LATITUDE: 38 22 N
LONGITUDE: 121-58 E
[TEMPERATURE DATA] [PRECIPITATION DATA] SYMBOLS USED IN COLUMN 16
AVERAGE MONTHLY: 65.0 TOTAL FOR MONTH: 0.52 1 = FOG OR MIST
DPTR FM NORMAL: 0.5 DPTR FM NORMAL: -0.56 2 = FOG REDUCING VISIBILITY
HIGHEST: 97 ON 7 GRTST 24HR 0.52 ON 22-22 TO 1/4 MILE OR LESS
LOWEST: 34 ON 28,30 3 = THUNDER
SNOW, ICE PELLETS, HAIL 4 = ICE PELLETS
TOTAL MONTH: 0.0 INCH 5 = HAIL
GRTST 24HR 0.0 6 = FREEZING RAIN OR DRIZZLE
GRTST DEPTH: M ON M 7 = DUSTSTORM OR SANDSTORM:
VSBY 1/2 MILE OR LESS
8 = SMOKE OR HAZE
[NO. OF DAYS WITH] [WEATHER - DAYS WITH] 9 = BLOWING SNOW
X = TORNADO
MAX 32 OR BELOW: 0 0.01 INCH OR MORE: 1
MAX 90 OR ABOVE: 7 0.10 INCH OR MORE: 1
MIN 32 OR BELOW: 0 0.50 INCH OR MORE: 1
MIN 0 OR BELOW: 0 1.00 INCH OR MORE: 0
[HDD (BASE 65) ]
TOTAL THIS MO. 78 CLEAR (SCALE 0-3) 28
DPTR FM NORMAL -5 PTCLDY (SCALE 4-7) 2
TOTAL FM JUL 1 81 CLOUDY (SCALE 8-10) 1
DPTR FM NORMAL -9
[CDD (BASE 65) ]
TOTAL THIS MO. 87
DPTR FM NORMAL 19 [PRESSURE DATA]
TOTAL FM JAN 1 1368 HIGHEST SLP 30.24 ON 30
DPTR FM NORMAL -21 LOWEST SLP 29.75 ON 22
[REMARKS]
#FINAL-10-23#