000
CXUS55 KGJT 011010
CF6VEL
PRELIMINARY LOCAL CLIMATOLOGICAL DATA (WS FORM: F-6)
STATION: VERNAL UT
MONTH: FEBRUARY
YEAR: 2022
LATITUDE: 40 27 N
LONGITUDE: 109 31 W
TEMPERATURE IN F: :PCPN: SNOW: WIND :SUNSHINE: SKY :PK WND
================================================================================
1 2 3 4 5 6A 6B 7 8 9 10 11 12 13 14 15 16 17 18
12Z AVG MX 2MIN
DY MAX MIN AVG DEP HDD CDD WTR SNW DPTH SPD SPD DIR MIN PSBL S-S WX SPD DR
================================================================================
1 32 17 25 3 40 0 0.00 M M 8.5 20 90 M M 1 27 70
2 28 10 19 -3 46 0 0.00 M M 5.5 21 70 M M 5 29 70
3 27 5 16 -7 49 0 0.00 M M 2.6 10 270 M M 0 12 180
4 32 6 19 -4 46 0 0.00 M M 3.0 8 290 M M 0 10 140
5 37 10 24 1 41 0 0.00 M M 2.5 9 300 M M 0 11 300
6 39 20 30 6 35 0 0.00 M M 4.6 13 20 M M 1 17 350
7 41 14 28 4 37 0 0.00 M M 2.3 8 290 M M 0 9 310
8 46 17 32 8 33 0 0.00 M M 3.1 10 280 M M 0 8 12 280
9 47 24 36 11 29 0 0.00 M M 3.1 10 290 M M 3 12 300
10 47 23 35 10 30 0 0.00 M M 3.1 15 320 M M 0 19 330
11 58 25 42 16 23 0 0.00 M M 9.6 29 330 M M 0 8 40 330
12 41 20 31 5 34 0 0.00 M M 2.7 20 70 M M 0 26 60
13 47 19 33 7 32 0 0.00 M M 2.7 9 290 M M 0 10 300
14 47 20 34 7 31 0 0.00 M M 3.1 9 290 M M 0 8 10 290
15 49 22 36 9 29 0 0.00 M M 3.5 9 300 M M 1 11 140
16 40 27 34 6 31 0 0.00 M M 7.3 22 320 M M 6 27 330
17 39 19 29 1 36 0 0.00 M M 4.2 17 10 M M 0 25 10
18 45 19 32 3 33 0 0.00 M M 3.0 9 290 M M 1 14 110
19 48 19 34 5 31 0 0.00 M M 2.9 8 300 M M 0 10 130
20 52 21 37 7 28 0 0.00 M M 3.8 12 200 M M 1 17 220
21 40 20 30 0 35 0 0.24 M M 5.1 20 250 M M 7 128 25 250
22 20 10 15 -16 50 0 T M M 11.7 16 50 M M 8 24 70
23 20 6 13 -18 52 0 T M M 6.3 16 60 M M 10 8 20 50
24 18 3 11 -21 54 0 T M M 1.4 7 350 M M 7 18 9 190
25 25 -6 10 -22 55 0 0.00 M M 1.9 8 330 M M 1 9 340
26 24 -3 11 -22 54 0 0.00 M M 2.4 8 280 M M 1 9 280
27 30 1 16 -17 49 0 0.00 M M 1.4 7 190 M M 0 8 8 270
28 37 7 22 -12 43 0 0.00 M M 1.8 7 280 M M 0 18 8 280
================================================================================
SM 1056 395 1086 0 0.24 M 113.1 M 53
================================================================================
AV 37.7 14.1 4.0 FASTST M M 2 MAX(MPH)
MISC ----> 29 330 40 330
================================================================================
NOTES:
# LAST OF SEVERAL OCCURRENCES
COLUMN 17 PEAK WIND IN M.P.H.
PRELIMINARY LOCAL CLIMATOLOGICAL DATA (WS FORM: F-6) , PAGE 2
STATION: VERNAL UT
MONTH: FEBRUARY
YEAR: 2022
LATITUDE: 40 27 N
LONGITUDE: 109 31 W
[TEMPERATURE DATA] [PRECIPITATION DATA] SYMBOLS USED IN COLUMN 16
AVERAGE MONTHLY: 25.9 TOTAL FOR MONTH: 0.24 1 = FOG OR MIST
DPTR FM NORMAL: -1.4 DPTR FM NORMAL: -0.32 2 = FOG REDUCING VISIBILITY
HIGHEST: 58 ON 11 GRTST 24HR 0.24 ON 21-21 TO 1/4 MILE OR LESS
LOWEST: -6 ON 25 3 = THUNDER
SNOW, ICE PELLETS, HAIL 4 = ICE PELLETS
TOTAL MONTH: M 5 = HAIL
GRTST 24HR M ON M 6 = FREEZING RAIN OR DRIZZLE
GRTST DEPTH: M ON M 7 = DUSTSTORM OR SANDSTORM:
VSBY 1/2 MILE OR LESS
8 = SMOKE OR HAZE
[NO. OF DAYS WITH] [WEATHER - DAYS WITH] 9 = BLOWING SNOW
X = TORNADO
MAX 32 OR BELOW: 10 0.01 INCH OR MORE: 1
MAX 90 OR ABOVE: 0 0.10 INCH OR MORE: 1
MIN 32 OR BELOW: 28 0.50 INCH OR MORE: 0
MIN 0 OR BELOW: 2 1.00 INCH OR MORE: 0
[HDD (BASE 65) ]
TOTAL THIS MO. 1086 CLEAR (SCALE 0-3) 21
DPTR FM NORMAL 31 PTCLDY (SCALE 4-7) 6
TOTAL FM JUL 1 4912 CLOUDY (SCALE 8-10) 1
DPTR FM NORMAL -412
[CDD (BASE 65) ]
TOTAL THIS MO. 0
DPTR FM NORMAL 0 [PRESSURE DATA]
TOTAL FM JAN 1 0 HIGHEST SLP 30.85 ON 27
DPTR FM NORMAL 0 LOWEST SLP 29.51 ON 21
[REMARKS]
#FINAL-02-22#