000
CXUS55 KVEF 010910
CF6VGT
PRELIMINARY LOCAL CLIMATOLOGICAL DATA (WS FORM: F-6)
STATION: NORTH_LAS_VEGAS NV
MONTH: AUGUST
YEAR: 2021
LATITUDE: 36 12 N
LONGITUDE: 115 12 W
TEMPERATURE IN F: :PCPN: SNOW: WIND :SUNSHINE: SKY :PK WND
================================================================================
1 2 3 4 5 6A 6B 7 8 9 10 11 12 13 14 15 16 17 18
12Z AVG MX 2MIN
DY MAX MIN AVG DEP HDD CDD WTR SNW DPTH SPD SPD DIR MIN PSBL S-S WX SPD DR
================================================================================
1 101 82 92 0 0 27 0.00 M M 4.5 14 10 M M 1 3 18 10
2 108 82 95 3 0 30 0.00 M M 3.3 14 130 M M 0 19 130
3 110 86 98 7 0 33 0.00 M M 3.9 13 180 M M 0 17 170
4 112 86 99 8 0 34 0.00 M M 5.0 13 70 M M 0 16 70
5 113 84 99 8 0 34 0.00 M M 9.8 26 210 M M 0 32 210
6 107 87 97 6 0 32 0.00 M M 10.8 24 210 M M 0 78 32 170
7 106 79 93 2 0 28 0.00 M M 4.8 15 330 M M 0 78 20 340
8 108 76 92 1 0 27 0.00 M M 10.2 24 220 M M 0 8 32 210
9 108 81 95 4 0 30 0.00 M M 9.0 21 180 M M 0 8 29 160
10 107 82 95 4 0 30 0.00 M M 8.9 23 140 M M 0 8 27 150
11 101 79 90 -1 0 25 0.00 M M 7.4 15 140 M M 0 8 19 140
12 104 84 94 4 0 29 0.00 M M 7.6 32 60 M M 0 8 39 70
13 104 86 95 5 0 30 0.00 M M 5.6 18 200 M M 0 8 25 170
14 104 85 95 5 0 30 0.00 M M 5.0 17 330 M M 0 23 340
15 108 86 97 7 0 32 0.00 M M 5.4 28 60 M M 0 34 60
16 109 88 99 9 0 34 0.00 M M 7.5 15 170 M M 0 18 170
17 107 88 98 8 0 33 0.00 M M 14.8 26 210 M M 0 8 34 220
18 100 81 91 1 0 26 0.00 M M 17.0 30 190 M M 0 8 39 180
19 95 74 85 -5 0 20 0.00 M M 4.0 20 80 M M 0 8 23 80
20 97 73 85 -4 0 20 0.00 M M 6.7 20 130 M M 0 8 25 170
21 100 78 89 0 0 24 0.00 M M 10.9 25 170 M M 1 8 33 180
22 100 76 88 -1 0 23 0.00 M M 7.1 18 130 M M 0 24 180
23 102 72 87 -2 0 22 0.00 M M 8.3 21 120 M M 0 27 110
24 104 75 90 1 0 25 0.00 M M 8.1 23 180 M M 0 8 33 170
25 107 76 92 3 0 27 0.00 M M 7.8 21 200 M M 0 8 27 160
26 107 80 94 6 0 29 0.00 M M 8.6 22 210 M M 0 30 210
27 109 77 93 5 0 28 0.00 M M 7.2 17 210 M M 0 23 170
28 109 82 96 8 0 31 0.00 M M 6.2 15 120 M M 0 21 130
29 109 81 95 7 0 30 0.00 M M 6.5 18 160 M M 0 23 150
30 103 82 93 5 0 28 0.00 M M 8.1 20 200 M M 0 24 200
31 101 81 91 4 0 26 T M M 9.7 24 170 M M 2 29 170
================================================================================
SM 3260 2509 0 877 T M 239.7 M 4
================================================================================
AV105.2 80.9 7.7 FASTST M M 0 MAX(MPH)
MISC ----> 32 60 # 39 70
================================================================================
NOTES:
# LAST OF SEVERAL OCCURRENCES
COLUMN 17 PEAK WIND IN M.P.H.
PRELIMINARY LOCAL CLIMATOLOGICAL DATA (WS FORM: F-6) , PAGE 2
STATION: NORTH_LAS_VEGAS NV
MONTH: AUGUST
YEAR: 2021
LATITUDE: 36 12 N
LONGITUDE: 115 12 W
[TEMPERATURE DATA] [PRECIPITATION DATA] SYMBOLS USED IN COLUMN 16
AVERAGE MONTHLY: 93.0 TOTAL FOR MONTH: T 1 = FOG OR MIST
DPTR FM NORMAL: 3.2 DPTR FM NORMAL: -0.22 2 = FOG REDUCING VISIBILITY
HIGHEST: 113 ON 5 GRTST 24HR T ON 31-31 TO 1/4 MILE OR LESS
LOWEST: 72 ON 23 3 = THUNDER
SNOW, ICE PELLETS, HAIL 4 = ICE PELLETS
TOTAL MONTH: M 5 = HAIL
GRTST 24HR M ON M 6 = FREEZING RAIN OR DRIZZLE
GRTST DEPTH: M ON M 7 = DUSTSTORM OR SANDSTORM:
VSBY 1/2 MILE OR LESS
8 = SMOKE OR HAZE
[NO. OF DAYS WITH] [WEATHER - DAYS WITH] 9 = BLOWING SNOW
X = TORNADO
MAX 32 OR BELOW: 0 0.01 INCH OR MORE: 0
MAX 90 OR ABOVE: 31 0.10 INCH OR MORE: 0
MIN 32 OR BELOW: 0 0.50 INCH OR MORE: 0
MIN 0 OR BELOW: 0 1.00 INCH OR MORE: 0
[HDD (BASE 65) ]
TOTAL THIS MO. 0 CLEAR (SCALE 0-3) 31
DPTR FM NORMAL 0 PTCLDY (SCALE 4-7) 0
TOTAL FM JUL 1 0 CLOUDY (SCALE 8-10) 0
DPTR FM NORMAL 0
[CDD (BASE 65) ]
TOTAL THIS MO. 877
DPTR FM NORMAL 108 [PRESSURE DATA]
TOTAL FM JAN 1 3381 HIGHEST SLP M ON M
DPTR FM NORMAL 665 LOWEST SLP 29.53 ON 17
[REMARKS]
#FINAL-08-21#