000
CXUS52 KTAE 010800
CF6VLD
PRELIMINARY LOCAL CLIMATOLOGICAL DATA (WS FORM: F-6)
STATION: VALDOSTA
MONTH: MARCH
YEAR: 2024
LATITUDE: 30 46 N
LONGITUDE: 83 17 W
TEMPERATURE IN F: :PCPN: SNOW: WIND :SUNSHINE: SKY :PK WND
================================================================================
1 2 3 4 5 6A 6B 7 8 9 10 11 12 13 14 15 16 17 18
12Z AVG MX 2MIN
DY MAX MIN AVG DEP HDD CDD WTR SNW DPTH SPD SPD DIR MIN PSBL S-S WX SPD DR
================================================================================
1 75 55 65 8 0 0 T 0.0 M 5.0 10 80 M M 9 16 110
2 78 61 70 12 0 5 0.35 0.0 M 2.4 13 190 M M 8 13 18 180
3 81 63 72 14 0 7 T 0.0 M 2.9 14 190 M M 7 123 21 180
4 79 63 71 13 0 6 0.00 0.0 M 5.8 10 100 M M 5 1 18 110
5 69 63 66 8 0 1 0.49 0.0 0 5.9 12 140 M M 9 1 17 100
6 82 62 72 14 0 7 0.37 0.0 0 5.2 12 260 M M 8 1 25 260
7 80 53 67 9 0 2 0.00 0.0 0 1.5 10 10 M M 1 18 14 10
8 82 60 71 12 0 6 0.00 0.0 M 7.7 16 120 M M 5 24 110
9 78 65 72 13 0 7 0.67 0.0 M 4.6 18 180 M M 9 13 27 190
10 71 48 60 1 5 0 0.00 0.0 0 8.1 18 350 M M 1 24 350
11 67 40 54 -5 11 0 0.00 0.0 0 2.0 12 10 M M 0 8 16 170
12 78 39 59 0 6 0 0.00 0.0 0 0.8 8 200 M M 0 12 220
13 78 46 62 2 3 0 0.00 0.0 0 0.5 7 200 M M 0 1 15 200
14 85 47 66 6 0 1 0.00 0.0 0 0.8 9 180 M M 1 12 13 160
15 89 53 71 11 0 6 T 0.0 0 4.1 17 80 M M 2 1 21 180
16 85 65 75 15 0 10 0.12 0.0 0 1.0 8 170 M M 4 1 11 250
17 82 58 70 10 0 5 0.14 0.0 0 1.6 10 300 M M 5 123 16 320
18 73 52 63 3 2 0 0.02 0.0 0 3.2 16 350 M M 7 1 34 360
19 65 36 51 -9 14 0 0.00 0.0 0 3.8 16 10 M M 0 26 30
20 76 37 57 -4 8 0 0.00 0.0 0 1.0 9 340 M M 1 18 11 220
21 81 43 62 1 3 0 0.00 0.0 0 3.8 13 140 M M 1 1 18 150
22 69 61 65 4 0 0 0.86 0.0 0 7.9 31 150 M M 9 13 41 160
23 78 55 67 6 0 2 0.57 0.0 0 3.0 23 360 M M 6 123 30 360
24 74 52 63 2 2 0 0.00 0.0 M 9.4 16 120 M M 1 23 120
25 75 52 64 2 1 0 0.00 0.0 0 10.8 17 90 M M 3 28 140
26 82 60 71 9 0 6 T 0.0 0 10.3 22 180 M M 6 31 200
27 77 64 71 9 0 6 0.86 0.0 0 5.6 25 180 M M 9 13 35 180
28 76 52 64 2 1 0 0.26 0.0 0 5.5 17 10 M M 4 1 23 360
29 74 44 59 -3 6 0 0.00 0.0 0 2.7 14 30 M M 0 8 19 330
30 81 45 63 0 2 0 0.00 0.0 0 2.2 9 200 M M 0 1 16 190
31 82 47 65 2 0 0 0.00 0.0 0 2.8 9 240 M M 0 1 15 200
================================================================================
SM 2402 1641 64 77 4.71 0.0 131.9 M 121
================================================================================
AV 77.5 52.9 4.3 FASTST M M 4 MAX(MPH)
MISC ----> 31 150 41 160
================================================================================
NOTES:
# LAST OF SEVERAL OCCURRENCES
COLUMN 17 PEAK WIND IN M.P.H.
PRELIMINARY LOCAL CLIMATOLOGICAL DATA (WS FORM: F-6) , PAGE 2
STATION: VALDOSTA
MONTH: MARCH
YEAR: 2024
LATITUDE: 30 46 N
LONGITUDE: 83 17 W
[TEMPERATURE DATA] [PRECIPITATION DATA] SYMBOLS USED IN COLUMN 16
AVERAGE MONTHLY: 65.2 TOTAL FOR MONTH: 4.71 1 = FOG OR MIST
DPTR FM NORMAL: 5.1 DPTR FM NORMAL: 0.98 2 = FOG REDUCING VISIBILITY
HIGHEST: 89 ON 15 GRTST 24HR 1.12 ON 27-28 TO 1/4 MILE OR LESS
LOWEST: 36 ON 19 3 = THUNDER
SNOW, ICE PELLETS, HAIL 4 = ICE PELLETS
TOTAL MONTH: 0.0 INCH 5 = HAIL
GRTST 24HR 0.0 6 = FREEZING RAIN OR DRIZZLE
GRTST DEPTH: 0 7 = DUSTSTORM OR SANDSTORM:
VSBY 1/2 MILE OR LESS
8 = SMOKE OR HAZE
[NO. OF DAYS WITH] [WEATHER - DAYS WITH] 9 = BLOWING SNOW
X = TORNADO
MAX 32 OR BELOW: 0 0.01 INCH OR MORE: 11
MAX 90 OR ABOVE: 0 0.10 INCH OR MORE: 10
MIN 32 OR BELOW: 0 0.50 INCH OR MORE: 4
MIN 0 OR BELOW: 0 1.00 INCH OR MORE: 0
[HDD (BASE 65) ]
TOTAL THIS MO. 64 CLEAR (SCALE 0-3) 15
DPTR FM NORMAL -126 PTCLDY (SCALE 4-7) 10
TOTAL FM JUL 1 1079 CLOUDY (SCALE 8-10) 6
DPTR FM NORMAL -502
[CDD (BASE 65) ]
TOTAL THIS MO. 77
DPTR FM NORMAL 40 [PRESSURE DATA]
TOTAL FM JAN 1 124 HIGHEST SLP 30.36 ON 1
DPTR FM NORMAL 69 LOWEST SLP 29.67 ON 22
[REMARKS]
#FINAL-03-24#