773
CXUS56 KLOX 011255
CF6VNY
PRELIMINARY LOCAL CLIMATOLOGICAL DATA (WS FORM: F-6)
STATION: VAN NUYS AIRPORT CA
MONTH: JANUARY
YEAR: 2021
LATITUDE: 34 13 N
LONGITUDE: 118 29 W
TEMPERATURE IN F: :PCPN: SNOW: WIND :SUNSHINE: SKY :PK WND
================================================================================
1 2 3 4 5 6A 6B 7 8 9 10 11 12 13 14 15 16 17 18
12Z AVG MX 2MIN
DY MAX MIN AVG DEP HDD CDD WTR SNW DPTH SPD SPD DIR MIN PSBL S-S WX SPD DR
================================================================================
1 68 48 58 3 7 0 0.00 M M 10.3 24 360 M M 0 33 20
2 67 43 55 0 10 0 0.00 M M 1.9 10 150 M M 0 11 170
3 64 45 55 0 10 0 0.00 M M 1.7 8 180 M M 1 128 11 150
4 69 44 57 2 8 0 0.00 M M 2.3 12 130 M M 0 18 14 130
5 75 44 60 5 5 0 0.00 M M 3.2 22 340 M M 0 18 28 340
6 78 49 64 9 1 0 0.00 M M 1.9 13 340 M M 1 8 16 330
7 76 46 61 6 4 0 0.00 M M 5.8 17 20 M M 0 21 360
8 79 47 63 8 2 0 0.00 M M 11.2 37 350 M M 0 8 45 340
9 72 60 66 11 0 1 0.00 M M 15.2 26 350 M M 0 34 340
10 73 53 63 8 2 0 0.00 M M 8.9 22 360 M M 0 29 350
11 76 47 62 7 3 0 0.00 M M 6.9 21 350 M M 0 25 20
12 72 44 58 3 7 0 0.00 M M 1.9 14 350 M M 0 16 350
13 78 51 65 10 0 0 0.00 M M 5.7 21 10 M M 0 27 20
14 86 66 76 21 0 11 0.00 M M 16.8 29 350 M M 0 36 350
15 88 72 80 25 0 15 0.00 M M 16.1 28 10 M M 1 35 10
16 89 73 81 26 0 16 0.00 M M 14.2 25 10 M M 0 35 10
17 87 60 74 19 0 9 0.00 M M 7.5 17 360 M M 0 21 340
18 83 50 67 12 0 2 0.00 M M 5.5 18 10 M M 0 18 24 350
19 67 52 60 5 5 0 0.00 M M 17.1 35 50 M M 3 18 47 40
20 74 61 68 13 0 3 0.00 M M 15.8 25 20 M M 0 32 30
21 74 52 63 8 2 0 0.00 M M 4.3 18 360 M M 0 24 360
22 63 46 55 0 10 0 0.00 M M 5.7 16 160 M M 5 22 170
23 54 47 51 -4 14 0 0.06 M M 3.0 12 310 M M 8 18 280
24 60 43 52 -3 13 0 T M M 5.7 17 160 M M 3 21 170
25 54 41 48 -7 17 0 0.15 M M 6.4 20 300 M M 5 26 300
26 57 36 47 -8 18 0 0.00 M M 4.2 15 170 M M 1 20 170
27 57 47 52 -3 13 0 0.00 M M 8.0 21 130 M M 8 26 150
28 63 43 53 -2 12 0 0.86 M M 6.1 25 170 M M 4 1 31 170
29 53 43 48 -7 17 0 0.52 M M 2.9 13 190 M M 8 1 17 200
30 63 39 51 -4 14 0 0.00 M M 1.2 9 360 M M 0 1 10 360
31 68 44 56 1 9 0 0.00 M M 8.8 21 350 M M 1 26 350
================================================================================
SM 2187 1536 203 57 1.59 M 226.2 M 49
================================================================================
AV 70.5 49.5 7.3 FASTST M M 2 MAX(MPH)
MISC ----> 37 350 47 40
================================================================================
NOTES:
# LAST OF SEVERAL OCCURRENCES
COLUMN 17 PEAK WIND IN M.P.H.
PRELIMINARY LOCAL CLIMATOLOGICAL DATA (WS FORM: F-6) , PAGE 2
STATION: VAN NUYS AIRPORT CA
MONTH: JANUARY
YEAR: 2021
LATITUDE: 34 13 N
LONGITUDE: 118 29 W
[TEMPERATURE DATA] [PRECIPITATION DATA] SYMBOLS USED IN COLUMN 16
AVERAGE MONTHLY: 60.0 TOTAL FOR MONTH: 1.59 1 = FOG OR MIST
DPTR FM NORMAL: 4.7 DPTR FM NORMAL: -0.22 2 = FOG REDUCING VISIBILITY
HIGHEST: 89 ON 16 GRTST 24HR 3.68 ON 28-29 TO 1/4 MILE OR LESS
LOWEST: 36 ON 26 3 = THUNDER
SNOW, ICE PELLETS, HAIL 4 = ICE PELLETS
TOTAL MONTH: M 5 = HAIL
GRTST 24HR M ON M 6 = FREEZING RAIN OR DRIZZLE
GRTST DEPTH: M ON M 7 = DUSTSTORM OR SANDSTORM:
VSBY 1/2 MILE OR LESS
8 = SMOKE OR HAZE
[NO. OF DAYS WITH] [WEATHER - DAYS WITH] 9 = BLOWING SNOW
X = TORNADO
MAX 32 OR BELOW: 0 0.01 INCH OR MORE: 4
MAX 90 OR ABOVE: 0 0.10 INCH OR MORE: 3
MIN 32 OR BELOW: 0 0.50 INCH OR MORE: 2
MIN 0 OR BELOW: 0 1.00 INCH OR MORE: 0
[HDD (BASE 65) ]
TOTAL THIS MO. 203 CLEAR (SCALE 0-3) 23
DPTR FM NORMAL -105 PTCLDY (SCALE 4-7) 7
TOTAL FM JUL 1 480 CLOUDY (SCALE 8-10) 1
DPTR FM NORMAL -359
[CDD (BASE 65) ]
TOTAL THIS MO. 57
DPTR FM NORMAL 51 [PRESSURE DATA]
TOTAL FM JAN 1 57 HIGHEST SLP 30.28 ON 12
DPTR FM NORMAL 51 LOWEST SLP 29.66 ON 25
[REMARKS]
#FINAL-01-21#