000
CXUS56 KLOX 021850
CF6VNY
PRELIMINARY LOCAL CLIMATOLOGICAL DATA (WS FORM: F-6)
STATION: VAN NUYS AIRPORT CA
MONTH: SEPTEMBER
YEAR: 2023
LATITUDE: 34 13 N
LONGITUDE: 118 29 W
TEMPERATURE IN F: :PCPN: SNOW: WIND :SUNSHINE: SKY :PK WND
================================================================================
1 2 3 4 5 6A 6B 7 8 9 10 11 12 13 14 15 16 17 18
12Z AVG MX 2MIN
DY MAX MIN AVG DEP HDD CDD WTR SNW DPTH SPD SPD DIR MIN PSBL S-S WX SPD DR
================================================================================
1 83 67 75 -4 0 10 T M M 7.8 17 160 M M 6 8 26 150
2 76 68 72 -7 0 7 T M M 5.8 14 140 M M 10 18 18 140
3 80 67 74 -5 0 9 T M M 4.2 15 160 M M 6 21 170
4 81 62 72 -7 0 7 0.00 M M 3.5 14 160 M M 0 18 150
5 79 64 72 -7 0 7 0.00 M M 4.9 13 170 M M 6 18 160
6 85 68 77 -1 0 12 0.00 M M 3.2 12 160 M M 4 14 160
7 88 62 75 -3 0 10 0.00 M M 3.0 14 160 M M 0 20 140
8 97 67 82 4 0 17 0.00 M M 2.1 13 140 M M 0 17 170
9 100 73 87 9 0 22 0.00 M M 4.4 13 290 M M 1 18 280
10 100 77 89 11 0 24 T M M 4.9 16 260 M M 2 21 270
11 92 75 84 6 0 19 T M M 4.1 15 170 M M 0 18 160
12 87 68 78 0 0 13 0.00 M M 5.0 14 160 M M 0 20 160
13 83 65 74 -3 0 9 0.00 M M 5.1 12 160 M M 4 15 130
14 82 65 74 -3 0 9 0.00 M M 5.1 13 170 M M 3 15 150
15 83 64 74 -3 0 9 0.00 M M 4.7 12 150 M M 5 8 15 150
16 77 66 72 -5 0 7 0.00 M M 4.7 14 150 M M 9 8 16 150
17 75 66 71 -5 0 6 0.00 M M 3.1 9 150 M M 10 18 12 260
18 81 65 73 -3 0 8 0.00 M M 3.4 14 170 M M 5 18 130
19 82 60 71 -5 0 6 0.00 M M 3.5 14 170 M M 2 18 19 160
20 76 63 70 -6 0 5 T M M 3.8 12 140 M M 9 8 15 160
21 76 62 69 -7 0 4 0.00 M M 5.9 15 170 M M 7 19 150
22 77 59 68 -7 0 3 0.00 M M 3.3 14 140 M M 0 16 150
23 83 60 72 -3 0 7 0.00 M M 2.9 13 150 M M 1 8 16 130
24 87 60 74 -1 0 9 0.00 M M 2.5 13 150 M M 1 18 19 160
25 88 58 73 -1 0 8 0.00 M M 2.5 12 170 M M 0 8 15 150
26 90 59 75 1 0 10 0.00 M M 3.3 13 140 M M 0 16 110
27 89 62 76 2 0 11 0.00 M M 3.0 14 150 M M 0 18 140
28 82 64 73 -1 0 8 0.00 M M 4.6 13 160 M M 3 18 18 150
29 74 66 70 -4 0 5 0.00 M M 4.8 9 140 M M 9 8 13 150
30 72 61 67 -6 0 2 0.00 M M 6.9 15 170 M M 9 21 210
================================================================================
SM 2505 1943 0 283 T M 126.0 M 112
================================================================================
AV 83.5 64.8 4.2 FASTST M M 4 MAX(MPH)
MISC ----> 17 160 26 150
================================================================================
NOTES:
# LAST OF SEVERAL OCCURRENCES
COLUMN 17 PEAK WIND IN M.P.H.
PRELIMINARY LOCAL CLIMATOLOGICAL DATA (WS FORM: F-6) , PAGE 2
STATION: VAN NUYS AIRPORT CA
MONTH: SEPTEMBER
YEAR: 2023
LATITUDE: 34 13 N
LONGITUDE: 118 29 W
[TEMPERATURE DATA] [PRECIPITATION DATA] SYMBOLS USED IN COLUMN 16
AVERAGE MONTHLY: 74.1 TOTAL FOR MONTH: T 1 = FOG OR MIST
DPTR FM NORMAL: -2.5 DPTR FM NORMAL: -0.12 2 = FOG REDUCING VISIBILITY
HIGHEST: 100 ON 10, 9 GRTST 24HR T ON 1- 1 TO 1/4 MILE OR LESS
LOWEST: 58 ON 25 3 = THUNDER
SNOW, ICE PELLETS, HAIL 4 = ICE PELLETS
TOTAL MONTH: M 5 = HAIL
GRTST 24HR M ON M 6 = FREEZING RAIN OR DRIZZLE
GRTST DEPTH: M ON M 7 = DUSTSTORM OR SANDSTORM:
VSBY 1/2 MILE OR LESS
8 = SMOKE OR HAZE
[NO. OF DAYS WITH] [WEATHER - DAYS WITH] 9 = BLOWING SNOW
X = TORNADO
MAX 32 OR BELOW: 0 0.01 INCH OR MORE: 0
MAX 90 OR ABOVE: 5 0.10 INCH OR MORE: 0
MIN 32 OR BELOW: 0 0.50 INCH OR MORE: 0
MIN 0 OR BELOW: 0 1.00 INCH OR MORE: 0
[HDD (BASE 65) ]
TOTAL THIS MO. 0 CLEAR (SCALE 0-3) 16
DPTR FM NORMAL -2 PTCLDY (SCALE 4-7) 8
TOTAL FM JUL 1 0 CLOUDY (SCALE 8-10) 6
DPTR FM NORMAL 0
[CDD (BASE 65) ]
TOTAL THIS MO. 283
DPTR FM NORMAL -65 [PRESSURE DATA]
TOTAL FM JAN 1 1597 HIGHEST SLP 30.06 ON 25
DPTR FM NORMAL -19 LOWEST SLP 29.77 ON 30
[REMARKS]
#FINAL-09-23#