000
CXUS52 KMLB 010726
CF6VRB
PRELIMINARY LOCAL CLIMATOLOGICAL DATA (WS FORM: F-6)
STATION: VERO BEACH
MONTH: DECEMBER
YEAR: 2023
LATITUDE: 27 39 N
LONGITUDE: 80 25 W
TEMPERATURE IN F: :PCPN: SNOW: WIND :SUNSHINE: SKY :PK WND
================================================================================
1 2 3 4 5 6A 6B 7 8 9 10 11 12 13 14 15 16 17 18
12Z AVG MX 2MIN
DY MAX MIN AVG DEP HDD CDD WTR SNW DPTH SPD SPD DIR MIN PSBL S-S WX SPD DR
================================================================================
1 83 64 74 6 0 9 0.01 0.0 0 7.2 17 120 M M 3 1 23 140
2 85 73 79 11 0 14 0.00 0.0 0 8.5 15 150 M M 4 20 170
3 87 71 79 11 0 14 T 0.0 0 5.4 15 270 M M 5 12 24 250
4 86 65 76 8 0 11 0.00 0.0 0 6.8 16 260 M M 3 1 22 270
5 77 54 66 -1 0 1 0.00 0.0 0 5.7 12 310 M M 0 16 310
6 70 50 60 -7 5 0 0.00 0.0 0 11.5 22 340 M M 1 30 320
7 72 50 61 -6 4 0 0.00 0.0 0 8.1 15 10 M M 4 19 360
8 76 54 65 -2 0 0 0.00 0.0 0 3.5 12 80 M M 6 15 70
9 82 64 73 6 0 8 0.01 0.0 0 9.1 21 130 M M 6 1 27 150
10 84 67 76 9 0 11 0.05 0.0 0 8.6 21 290 M M 4 1 28 290
11 68 55 62 -4 3 0 0.00 0.0 0 12.2 20 340 M M 3 29 360
12 76 53 65 -1 0 0 0.00 0.0 0 11.5 20 20 M M 5 8 28 10
13 75 70 73 7 0 8 T 0.0 0 13.8 23 40 M M 6 8 33 40
14 74 68 71 5 0 6 0.01 0.0 0 19.4 29 70 M M 9 44 70
15 75 68 72 6 0 7 T 0.0 0 18.0 25 60 M M 8 37 70
16 72 68 70 4 0 5 2.13 0.0 0 17.6 33 130 M M 9 18 47 120
17 76 59 68 2 0 3 0.24 0.0 0 16.7 30 150 M M 7 18 43 140
18 71 52 62 -4 3 0 0.00 0.0 0 9.9 22 280 M M 1 1 28 280
19 68 48 58 -7 7 0 0.00 0.0 0 11.8 22 340 M M 1 29 350
20 69 63 66 1 0 1 0.00 0.0 0 11.8 20 60 M M 9 27 40
21 73 60 67 2 0 2 0.01 0.0 0 12.0 24 20 M M 8 1 33 10
22 75 60 68 3 0 3 0.02 0.0 0 6.7 15 40 M M 6 1 20 60
23 76 59 68 3 0 3 T 0.0 0 7.6 18 60 M M 5 24 60
24 74 62 68 3 0 3 0.24 0.0 0 9.2 20 130 M M 4 18 28 130
25 73 67 70 6 0 5 1.08 0.0 0 11.7 23 170 M M 5 18 31 170
26 78 62 70 6 0 5 0.08 0.0 0 6.8 17 280 M M 5 1 24 280
27 76 58 67 3 0 2 0.00 0.0 0 6.0 14 290 M M 3 18 300
28 66 56 61 -3 4 0 0.33 0.0 0 5.2 13 150 M M 7 1 16 150
29 66 49 58 -6 7 0 0.00 0.0 0 7.2 18 310 M M 1 1 23 290
30 65 46 56 -8 9 0 0.00 0.0 0 4.5 13 280 M M 3 18 270
31 68 42 55 -9 10 0 0.00 0.0 0 3.5 17 270 M M 0 1 22 260
================================================================================
SM 2316 1837 52 121 4.21 0.0 297.5 M 141
================================================================================
AV 74.7 59.3 9.6 FASTST M M 5 MAX(MPH)
MISC ----> 33 130 47 120
================================================================================
NOTES:
# LAST OF SEVERAL OCCURRENCES
COLUMN 17 PEAK WIND IN M.P.H.
PRELIMINARY LOCAL CLIMATOLOGICAL DATA (WS FORM: F-6) , PAGE 2
STATION: VERO BEACH
MONTH: DECEMBER
YEAR: 2023
LATITUDE: 27 39 N
LONGITUDE: 80 25 W
[TEMPERATURE DATA] [PRECIPITATION DATA] SYMBOLS USED IN COLUMN 16
AVERAGE MONTHLY: 67.0 TOTAL FOR MONTH: 4.21 1 = FOG OR MIST
DPTR FM NORMAL: 1.3 DPTR FM NORMAL: 1.67 2 = FOG REDUCING VISIBILITY
HIGHEST: 87 ON 3 GRTST 24HR 2.37 ON 16-17 TO 1/4 MILE OR LESS
LOWEST: 42 ON 31 3 = THUNDER
SNOW, ICE PELLETS, HAIL 4 = ICE PELLETS
TOTAL MONTH: 0.0 INCH 5 = HAIL
GRTST 24HR 0.0 6 = FREEZING RAIN OR DRIZZLE
GRTST DEPTH: 0 7 = DUSTSTORM OR SANDSTORM:
VSBY 1/2 MILE OR LESS
8 = SMOKE OR HAZE
[NO. OF DAYS WITH] [WEATHER - DAYS WITH] 9 = BLOWING SNOW
X = TORNADO
MAX 32 OR BELOW: 0 0.01 INCH OR MORE: 12
MAX 90 OR ABOVE: 0 0.10 INCH OR MORE: 5
MIN 32 OR BELOW: 0 0.50 INCH OR MORE: 2
MIN 0 OR BELOW: 0 1.00 INCH OR MORE: 2
[HDD (BASE 65) ]
TOTAL THIS MO. 52 CLEAR (SCALE 0-3) 10
DPTR FM NORMAL -37 PTCLDY (SCALE 4-7) 16
TOTAL FM JUL 1 62 CLOUDY (SCALE 8-10) 5
DPTR FM NORMAL -57
[CDD (BASE 65) ]
TOTAL THIS MO. 121
DPTR FM NORMAL 9 [PRESSURE DATA]
TOTAL FM JAN 1 4145 HIGHEST SLP 30.34 ON 14
DPTR FM NORMAL 590 LOWEST SLP 29.56 ON 17
[REMARKS]
#FINAL-12-23#