000
CXUS51 KILN 011804
CF6VTA
PRELIMINARY LOCAL CLIMATOLOGICAL DATA (WS FORM: F-6)
STATION: NEWARK
MONTH: FEBRUARY
YEAR: 2022
LATITUDE: 40 1 N
LONGITUDE: 82 28 W
TEMPERATURE IN F: :PCPN: SNOW: WIND :SUNSHINE: SKY :PK WND
================================================================================
1 2 3 4 5 6A 6B 7 8 9 10 11 12 13 14 15 16 17 18
12Z AVG MX 2MIN
DY MAX MIN AVG DEP HDD CDD WTR SNW DPTH SPD SPD DIR MIN PSBL S-S WX SPD DR
================================================================================
1 51 14 33 3 32 0 0.00 M M 2.9 12 180 M M 1 8 15 170
2 44 30 37 7 28 0 0.74 M M 4.1 10 170 M M 7 12 14 210
3 42 25 34 4 31 0 1.24 M M 9.0 17 10 M M 10 16 26 360
4 26 13 20 -10 45 0 0.05 M M 6.9 14 10 M M 9 8 21 10
5 24 10 17 -13 48 0 T M M 3.1 10 200 M M 7 18 13 200
6 35 7 21 -10 44 0 0.00 M M 2.0 10 160 M M 0 18 13 160
7 40 18 29 -2 36 0 0.00 M M 5.1 17 250 M M 1 18 20 250
8 34 22 28 -3 37 0 0.00 M M 4.9 14 270 M M 6 17 270
9 49 23 36 5 29 0 T M M 7.1 21 260 M M 2 27 270
10 41 26 34 3 31 0 0.00 M M 9.3 18 250 M M 5 8 23 220
11 54 24 39 7 26 0 0.13 M M 9.6 28 230 M M 5 18 41 230
12 41 27 34 2 31 0 T M M 9.2 17 270 M M 10 23 280
13 27 17 22 -10 43 0 T M M 6.6 12 320 M M 10 8 16 320
14 24 12 18 -14 47 0 T M M 3.1 13 230 M M 5 8 16 210
15 40 12 26 -6 39 0 0.00 M M 3.2 10 110 M M 1 8 16 120
16 61 28 45 12 20 0 T M M 9.8 21 210 M M 4 28 200
17 59 32 46 13 19 0 1.91 M M 8.3 22 330 M M 9 1236 32 330
18 32 24 28 -5 37 0 T M M 10.8 23 320 M M 7 6 35 10
19 34 18 26 -8 39 0 T M M 12.1 30 280 M M 4 43 280
20 54 17 36 2 29 0 0.00 M M 8.1 22 210 M M 0 28 200
21 65 31 48 14 17 0 0.00 M M 4.3 16 210 M M 3 20 170
22 63 46 55 21 10 0 1.51 M M 9.9 22 220 M M 10 13 30 230
23 60 30 45 10 20 0 T M M 8.6 21 310 M M 10 18 28 240
24 39 29 34 -1 31 0 0.61 M M 7.7 15 70 M M 10 1 19 60
25 37 23 30 -5 35 0 0.27 M M 8.8 24 280 M M 9 1 33 300
26 34 23 29 -7 36 0 0.00 M M 4.1 16 250 M M 6 8 21 270
27 49 22 36 0 29 0 0.00 M M 8.2 25 260 M M 0 18 32 260
28 49 26 38 2 27 0 0.00 M M 3.8 13 240 M M 0 16 220
================================================================================
SM 1208 629 896 0 6.46 M 190.6 M 151
================================================================================
AV 43.1 22.5 6.8 FASTST M M 5 MAX(MPH)
MISC ----> 30 280 43 280
================================================================================
NOTES:
# LAST OF SEVERAL OCCURRENCES
COLUMN 17 PEAK WIND IN M.P.H.
PRELIMINARY LOCAL CLIMATOLOGICAL DATA (WS FORM: F-6) , PAGE 2
STATION: NEWARK
MONTH: FEBRUARY
YEAR: 2022
LATITUDE: 40 1 N
LONGITUDE: 82 28 W
[TEMPERATURE DATA] [PRECIPITATION DATA] SYMBOLS USED IN COLUMN 16
AVERAGE MONTHLY: 32.8 TOTAL FOR MONTH: 6.46 1 = FOG OR MIST
DPTR FM NORMAL: 0.1 DPTR FM NORMAL: 4.22 2 = FOG REDUCING VISIBILITY
HIGHEST: 65 ON 21 GRTST 24HR 1.91 ON 17-17 TO 1/4 MILE OR LESS
LOWEST: 7 ON 6 3 = THUNDER
SNOW, ICE PELLETS, HAIL 4 = ICE PELLETS
TOTAL MONTH: M 5 = HAIL
GRTST 24HR M ON M 6 = FREEZING RAIN OR DRIZZLE
GRTST DEPTH: M ON M 7 = DUSTSTORM OR SANDSTORM:
VSBY 1/2 MILE OR LESS
8 = SMOKE OR HAZE
[NO. OF DAYS WITH] [WEATHER - DAYS WITH] 9 = BLOWING SNOW
X = TORNADO
MAX 32 OR BELOW: 5 0.01 INCH OR MORE: 8
MAX 90 OR ABOVE: 0 0.10 INCH OR MORE: 7
MIN 32 OR BELOW: 27 0.50 INCH OR MORE: 5
MIN 0 OR BELOW: 0 1.00 INCH OR MORE: 3
[HDD (BASE 65) ]
TOTAL THIS MO. 896 CLEAR (SCALE 0-3) 9
DPTR FM NORMAL -10 PTCLDY (SCALE 4-7) 10
TOTAL FM JUL 1 3663 CLOUDY (SCALE 8-10) 9
DPTR FM NORMAL -325
[CDD (BASE 65) ]
TOTAL THIS MO. 0
DPTR FM NORMAL 0 [PRESSURE DATA]
TOTAL FM JAN 1 0 HIGHEST SLP 30.58 ON 15
DPTR FM NORMAL 0 LOWEST SLP 29.43 ON 17
[REMARKS]
#FINAL-02-22#