000
CXUS55 KLBF 011200
CF6VTN
PRELIMINARY LOCAL CLIMATOLOGICAL DATA (WS FORM: F-6)
STATION: VALENTINE
MONTH: APRIL
YEAR: 2020
LATITUDE: 42 52 N
LONGITUDE: 100 33 W
TEMPERATURE IN F: :PCPN: SNOW: WIND :SUNSHINE: SKY :PK WND
================================================================================
1 2 3 4 5 6A 6B 7 8 9 10 11 12 13 14 15 16 17 18
12Z AVG MX 2MIN
DY MAX MIN AVG DEP HDD CDD WTR SNW DPTH SPD SPD DIR MIN PSBL S-S WX SPD DR
================================================================================
1 71 28 50 9 15 0 T 0.0 0 8.7 30 360 M M 4 42 360
2 28 15 22 -20 43 0 0.04 0.2 T 21.0 29 330 M M 9 168 41 330
3 38 8 23 -19 42 0 0.00 0.0 0 9.3 20 330 M M 0 27 340
4 62 22 42 0 23 0 0.00 0.0 0 15.7 30 170 M M 0 40 170
5 67 36 52 9 13 0 0.00 0.0 0 16.3 33 170 M M 1 43 170
6 85 40 63 20 2 0 0.00 0.0 0 10.4 28 220 M M 2 18 38 210
7 78 39 59 16 6 0 0.00 0.0 0 8.9 23 280 M M 0 34 300
8 57 30 44 0 21 0 0.00 0.0 0 12.0 26 350 M M 6 37 360
9 47 20 34 -10 31 0 0.00 0.0 0 14.5 32 340 M M 1 46 320
10 73 20 47 3 18 0 T 0.0 0 12.0 30 210 M M 1 40 200
11 57 32 45 0 20 0 0.29 1.5 0 13.5 26 10 M M 9 1 36 10
12 32 13 23 -22 42 0 0.40 4.0 5 17.9 32 360 M M 7 128 44 360
13 33 9 21 -25 44 0 0.00 0.0 2 12.4 22 290 M M 1 32 310
14 38 11 25 -21 40 0 0.00 0.0 2 7.5 17 350 M M 5 8 23 350
15 47 18 33 -13 32 0 0.03 0.0 1 6.7 16 360 M M 4 21 280
16 38 26 32 -15 33 0 T T 1 7.5 16 20 M M 8 18 25 40
17 57 19 38 -9 27 0 0.00 0.0 T 10.4 21 260 M M 1 29 220
18 70 35 53 5 12 0 0.00 0.0 0 11.9 24 10 M M 1 33 30
19 58 33 46 -2 19 0 0.00 0.0 0 7.5 16 30 M M 9 21 20
20 67 31 49 1 16 0 0.00 0.0 0 13.3 29 330 M M 4 40 290
21 79 28 54 5 11 0 0.00 0.0 0 8.9 25 250 M M 2 34 240
22 80 38 59 10 6 0 0.00 0.0 0 10.0 21 350 M M 1 30 360
23 75 37 56 6 9 0 0.00 0.0 0 8.0 30 350 M M 5 43 350
24 68 43 56 6 9 0 0.00 0.0 0 10.0 23 350 M M 3 35 340
25 66 34 50 0 15 0 0.00 0.0 0 11.1 24 340 M M 4 35 340
26 79 31 55 4 10 0 0.00 0.0 0 9.5 26 170 M M 0 38 180
27 83 38 61 10 4 0 0.00 0.0 0 9.9 28 300 M M 2 42 290
28 68 46 57 6 8 0 0.07 0.0 0 17.3 39 330 M M 5 8 54 320
29 67 37 52 0 13 0 0.00 0.0 0 12.1 30 330 M M 3 42 340
30 86 34 60 8 5 0 0.00 0.0 0 13.4 28 160 M M 0 36 160
================================================================================
SM 1854 851 589 0 0.83 5.7 347.6 M 98
================================================================================
AV 61.8 28.4 11.6 FASTST M M 3 MAX(MPH)
MISC ----> # 39 330 # 54 320
================================================================================
NOTES:
# LAST OF SEVERAL OCCURRENCES
COLUMN 17 PEAK WIND IN M.P.H.
PRELIMINARY LOCAL CLIMATOLOGICAL DATA (WS FORM: F-6) , PAGE 2
STATION: VALENTINE
MONTH: APRIL
YEAR: 2020
LATITUDE: 42 52 N
LONGITUDE: 100 33 W
[TEMPERATURE DATA] [PRECIPITATION DATA] SYMBOLS USED IN COLUMN 16
AVERAGE MONTHLY: 45.1 TOTAL FOR MONTH: 0.83 1 = FOG OR MIST
DPTR FM NORMAL: -1.6 DPTR FM NORMAL: -1.39 2 = FOG REDUCING VISIBILITY
HIGHEST: 86 ON 30 GRTST 24HR 0.40 ON 12-12 TO 1/4 MILE OR LESS
LOWEST: 8 ON 3 3 = THUNDER
SNOW, ICE PELLETS, HAIL 4 = ICE PELLETS
TOTAL MONTH: 5.7 INCHES 5 = HAIL
GRTST 24HR 4.0 ON 12-12 6 = FREEZING RAIN OR DRIZZLE
GRTST DEPTH: 5 ON 12 7 = DUSTSTORM OR SANDSTORM:
VSBY 1/2 MILE OR LESS
8 = SMOKE OR HAZE
[NO. OF DAYS WITH] [WEATHER - DAYS WITH] 9 = BLOWING SNOW
X = TORNADO
MAX 32 OR BELOW: 2 0.01 INCH OR MORE: 5
MAX 90 OR ABOVE: 0 0.10 INCH OR MORE: 2
MIN 32 OR BELOW: 17 0.50 INCH OR MORE: 0
MIN 0 OR BELOW: 0 1.00 INCH OR MORE: 0
[HDD (BASE 65) ]
TOTAL THIS MO. 589 CLEAR (SCALE 0-3) 16
DPTR FM NORMAL 35 PTCLDY (SCALE 4-7) 10
TOTAL FM JUL 1 6252 CLOUDY (SCALE 8-10) 4
DPTR FM NORMAL -431
[CDD (BASE 65) ]
TOTAL THIS MO. 0
DPTR FM NORMAL -4 [PRESSURE DATA]
TOTAL FM JAN 1 0 HIGHEST SLP 30.42 ON 3
DPTR FM NORMAL -4 LOWEST SLP 29.59 ON 6
[REMARKS]
#FINAL-04-20#