000
CXUS56 KPQR 011301
CF6VUO
PRELIMINARY LOCAL CLIMATOLOGICAL DATA (WS FORM: F-6)
STATION: VANCOUVER WA
MONTH: FEBRUARY
YEAR: 2023
LATITUDE: 45 37 N
LONGITUDE: 122 39 W
TEMPERATURE IN F: :PCPN: SNOW: WIND :SUNSHINE: SKY :PK WND
================================================================================
1 2 3 4 5 6A 6B 7 8 9 10 11 12 13 14 15 16 17 18
12Z AVG MX 2MIN
DY MAX MIN AVG DEP HDD CDD WTR SNW DPTH SPD SPD DIR MIN PSBL S-S WX SPD DR
================================================================================
1 49 25 37 -5 28 0 0.00 M M 1.0 9 110 M M 0 14 120
2 49 23 36 -6 29 0 0.00 M M 0.4 6 270 M M 0 8 280
3 53 32 43 1 22 0 0.09 M M 6.2 18 110 M M 7 24 190
4 49 40 45 3 20 0 0.07 M M 4.2 14 320 M M 9 1 18 310
5 51 42 47 5 18 0 0.18 M M 5.5 16 190 M M 10 1 25 180
6 51 41 46 4 19 0 0.04 M M 5.3 12 220 M M 10 18 17 150
7 51 41 46 4 19 0 0.11 M M 5.2 17 190 M M 8 1 27 190
8 52 32 42 0 23 0 T M M 1.5 9 120 M M 4 12 120
9 55 31 43 1 22 0 0.02 M M 5.3 16 120 M M 2 1 20 110
10 55 42 49 7 16 0 0.10 M M 6.1 12 300 M M 7 1 16 320
11 51 32 42 0 23 0 0.00 M M 3.2 10 310 M M 3 13 320
12 51 29 40 -3 25 0 T M M 2.2 9 130 M M 6 12 11 120
13 48 35 42 -1 23 0 0.13 M M 5.8 23 290 M M 9 1 33 290
14 44 28 36 -7 29 0 0.08 M M 2.6 9 300 M M 8 1 13 310
15 44 26 35 -8 30 0 0.00 M M 1.4 9 260 M M 3 12 12 270
16 48 28 38 -5 27 0 0.00 M M 0.6 6 120 M M 4 8 110
17 51 39 45 2 20 0 0.01 M M 3.1 8 300 M M 10 1 11 310
18 51 37 44 1 21 0 0.01 M M 2.7 10 320 M M 10 18 16 240
19 51 37 44 0 21 0 0.00 M M 2.3 12 260 M M 10 14 260
20 52 46 49 5 16 0 0.03 M M 5.9 18 290 M M 10 1 23 290
21 50 38 44 0 21 0 0.10 M M 7.0 21 280 M M 8 1 28 290
22 38 30 34 -10 31 0 M M M 10.5 21 100 M M 10 128 30 90
23 30 25 28 -16 37 0 0.00 M M 17.0 26 100 M M 7 8 39 120
24 39 18 29 -15 36 0 0.00 M M 6.9 21 100 M M 0 28 90
25 M M M M M M M M M M M M M M M M M
26 40 36 38 -7 27 0 0.09 M M 5.4 10 120 M M 3 1 13 120
27 42 36 39 -6 26 0 0.25 M M 8.6 17 110 M M 9 1 24 130
28 39 28 34 -11 31 0 0.18 M M 2.9 14 200 M M 9 1 22 200
================================================================================
SM 1284 897 660 0 1.49 M 128.8 M 176
================================================================================
AV 47.6 33.2 4.8 FASTST M M 7 MAX(MPH)
MISC ----> 26 100 39 120
================================================================================
NOTES:
# LAST OF SEVERAL OCCURRENCES
COLUMN 17 PEAK WIND IN M.P.H.
PRELIMINARY LOCAL CLIMATOLOGICAL DATA (WS FORM: F-6) , PAGE 2
STATION: VANCOUVER WA
MONTH: FEBRUARY
YEAR: 2023
LATITUDE: 45 37 N
LONGITUDE: 122 39 W
[TEMPERATURE DATA] [PRECIPITATION DATA] SYMBOLS USED IN COLUMN 16
AVERAGE MONTHLY: 40.4 TOTAL FOR MONTH: 1.49 1 = FOG OR MIST
DPTR FM NORMAL: -2.7 DPTR FM NORMAL: -2.28 2 = FOG REDUCING VISIBILITY
HIGHEST: 55 ON 10, 9 GRTST 24HR 0.30 ON 27-28 TO 1/4 MILE OR LESS
LOWEST: 18 ON 24 3 = THUNDER
SNOW, ICE PELLETS, HAIL 4 = ICE PELLETS
TOTAL MONTH: M 5 = HAIL
GRTST 24HR M ON M 6 = FREEZING RAIN OR DRIZZLE
GRTST DEPTH: M ON M 7 = DUSTSTORM OR SANDSTORM:
VSBY 1/2 MILE OR LESS
8 = SMOKE OR HAZE
[NO. OF DAYS WITH] [WEATHER - DAYS WITH] 9 = BLOWING SNOW
X = TORNADO
MAX 32 OR BELOW: 1 0.01 INCH OR MORE: 16
MAX 90 OR ABOVE: 0 0.10 INCH OR MORE: 7
MIN 32 OR BELOW: 14 0.50 INCH OR MORE: 0
MIN 0 OR BELOW: 0 1.00 INCH OR MORE: 0
[HDD (BASE 65) ]
TOTAL THIS MO. 660 CLEAR (SCALE 0-3) 6
DPTR FM NORMAL 45 PTCLDY (SCALE 4-7) 8
TOTAL FM JUL 1 3063 CLOUDY (SCALE 8-10) 14
DPTR FM NORMAL -68
[CDD (BASE 65) ]
TOTAL THIS MO. 0
DPTR FM NORMAL 0 [PRESSURE DATA]
TOTAL FM JAN 1 0 HIGHEST SLP 30.56 ON 8
DPTR FM NORMAL 0 LOWEST SLP 29.41 ON 27
[REMARKS]
#FINAL-02-23#