000
CXUS56 KPQR 011200
CF6VUO
PRELIMINARY LOCAL CLIMATOLOGICAL DATA (WS FORM: F-6)
STATION: VANCOUVER WA
MONTH: OCTOBER
YEAR: 2020
LATITUDE: 45 37 N
LONGITUDE: 122 39 W
TEMPERATURE IN F: :PCPN: SNOW: WIND :SUNSHINE: SKY :PK WND
================================================================================
1 2 3 4 5 6A 6B 7 8 9 10 11 12 13 14 15 16 17 18
12Z AVG MX 2MIN
DY MAX MIN AVG DEP HDD CDD WTR SNW DPTH SPD SPD DIR MIN PSBL S-S WX SPD DR
================================================================================
1 75 55 65 6 0 0 0.00 M M 1.9 7 270 M M 4 128 10 310
2 80 53 67 9 0 2 0.00 M M 2.2 9 290 M M 4 12 11 290
3 78 57 68 10 0 3 0.00 M M 3.7 8 340 M M 5 18 12 350
4 70 56 63 5 2 0 0.00 M M 4.8 10 310 M M 6 16 10
5 75 50 63 6 2 0 0.00 M M 3.7 12 310 M M 3 15 310
6 79 49 64 7 1 0 0.00 M M 2.2 9 310 M M 1 128 13 320
7 75 51 63 7 2 0 0.00 M M 0.9 6 310 M M 2 128 10 270
8 64 56 60 4 5 0 0.00 M M 2.3 8 130 M M 9 10 130
9 74 57 66 10 0 1 0.05 M M 4.8 15 190 M M 5 24 190
10 64 55 60 5 5 0 0.92 M M 4.8 20 280 M M 8 18 24 280
11 60 55 58 3 7 0 0.33 M M 7.1 16 190 M M 10 1 25 200
12 65 55 60 5 5 0 0.14 M M 4.3 13 120 M M 6 1 18 220
13 65 50 58 4 7 0 0.24 M M 6.1 15 270 M M 7 22 260
14 64 44 54 0 11 0 0.05 M M 2.0 13 290 M M 4 1 16 290
15 65 40 53 -1 12 0 0.00 M M 2.1 12 300 M M 1 15 300
16 66 43 55 1 10 0 0.00 M M 0.9 6 140 M M 8 10 280
17 66 53 60 7 5 0 0.02 M M 2.3 8 250 M M 8 1 22 220
18 70 55 63 10 2 0 0.00 M M 3.5 12 260 M M 9 16 260
19 65 48 57 4 8 0 0.01 M M 2.3 10 320 M M 8 8 17 30
20 63 48 56 4 9 0 T M M 3.4 9 330 M M 7 12 310
21 59 37 48 -4 17 0 T M M 4.2 15 300 M M 4 24 330
22 57 33 45 -7 20 0 0.00 M M 2.2 9 300 M M 2 1 13 300
23 55 34 45 -7 20 0 T M M 3.1 10 140 M M 7 15 150
24 51 42 47 -4 18 0 T M M 7.7 17 80 M M 7 1 27 80
25 48 28 38 -13 27 0 0.00 M M 10.1 23 90 M M 0 32 80
26 55 26 41 -10 24 0 0.00 M M 1.2 8 260 M M 2 11 270
27 59 29 44 -7 21 0 0.00 M M 0.7 8 270 M M 0 10 250
28 64 35 50 0 15 0 0.00 M M 1.2 8 250 M M 2 128 9 260
29 59 40 50 0 15 0 0.00 M M 1.2 6 150 M M 6 128 7 260
30 62 40 51 1 14 0 0.05 M M 4.3 13 310 M M 6 18 18 310
31 62 36 49 -1 16 0 0.00 M M 2.4 9 310 M M 2 128 12 320
================================================================================
SM 2014 1410 300 6 1.81 M 103.6 M 153
================================================================================
AV 65.0 45.5 3.3 FASTST M M 5 MAX(MPH)
MISC ----> # 23 90 # 32 80
================================================================================
NOTES:
# LAST OF SEVERAL OCCURRENCES
COLUMN 17 PEAK WIND IN M.P.H.
PRELIMINARY LOCAL CLIMATOLOGICAL DATA (WS FORM: F-6) , PAGE 2
STATION: VANCOUVER WA
MONTH: OCTOBER
YEAR: 2020
LATITUDE: 45 37 N
LONGITUDE: 122 39 W
[TEMPERATURE DATA] [PRECIPITATION DATA] SYMBOLS USED IN COLUMN 16
AVERAGE MONTHLY: 55.2 TOTAL FOR MONTH: 1.81 1 = FOG OR MIST
DPTR FM NORMAL: 1.4 DPTR FM NORMAL: -1.26 2 = FOG REDUCING VISIBILITY
HIGHEST: 80 ON 2 GRTST 24HR 0.92 ON 10-10 TO 1/4 MILE OR LESS
LOWEST: 26 ON 26 3 = THUNDER
SNOW, ICE PELLETS, HAIL 4 = ICE PELLETS
TOTAL MONTH: M 5 = HAIL
GRTST 24HR M ON M 6 = FREEZING RAIN OR DRIZZLE
GRTST DEPTH: M ON M 7 = DUSTSTORM OR SANDSTORM:
VSBY 1/2 MILE OR LESS
8 = SMOKE OR HAZE
[NO. OF DAYS WITH] [WEATHER - DAYS WITH] 9 = BLOWING SNOW
X = TORNADO
MAX 32 OR BELOW: 0 0.01 INCH OR MORE: 9
MAX 90 OR ABOVE: 0 0.10 INCH OR MORE: 4
MIN 32 OR BELOW: 3 0.50 INCH OR MORE: 1
MIN 0 OR BELOW: 0 1.00 INCH OR MORE: 0
[HDD (BASE 65) ]
TOTAL THIS MO. 300 CLEAR (SCALE 0-3) 10
DPTR FM NORMAL -50 PTCLDY (SCALE 4-7) 18
TOTAL FM JUL 1 351 CLOUDY (SCALE 8-10) 3
DPTR FM NORMAL -121
[CDD (BASE 65) ]
TOTAL THIS MO. 6
DPTR FM NORMAL 5 [PRESSURE DATA]
TOTAL FM JAN 1 533 HIGHEST SLP 30.59 ON 15
DPTR FM NORMAL 159 LOWEST SLP 29.66 ON 10
[REMARKS]
#FINAL-10-20#