000
CXUS51 KAKQ 012202
CF6WAL
PRELIMINARY LOCAL CLIMATOLOGICAL DATA (WS FORM: F-6)
STATION: WALLOPS ISLAND VA
MONTH: FEBRUARY
YEAR: 2023
LATITUDE: 37 55 N
LONGITUDE: 75 28 W
TEMPERATURE IN F: :PCPN: SNOW: WIND :SUNSHINE: SKY :PK WND
================================================================================
1 2 3 4 5 6A 6B 7 8 9 10 11 12 13 14 15 16 17 18
12Z AVG MX 2MIN
DY MAX MIN AVG DEP HDD CDD WTR SNW DPTH SPD SPD DIR MIN PSBL S-S WX SPD DR
================================================================================
1 40 26 33 -5 32 0 0.19 0.0 0 7.1 14 360 M M 6 1 19 340
2 40 26 33 -5 32 0 0.00 0.0 0 3.1 9 260 M M 4 14 290
3 39 20 30 -8 35 0 0.00 0.0 0 14.0 26 320 M M 2 39 330
4 30 15 23 -15 42 0 0.00 0.0 0 8.9 17 200 M M 0 23 320
5 49 28 39 1 26 0 0.21 0.0 0 11.3 18 190 M M 3 1 24 200
6 55 35 45 7 20 0 0.10 0.0 0 10.3 24 330 M M 5 1 31 310
7 46 27 37 -2 28 0 0.00 0.0 0 8.1 16 200 M M 2 22 200
8 66 40 53 14 12 0 0.00 0.0 0 6.4 16 60 M M 2 25 260
9 60 42 51 12 14 0 0.00 0.0 0 10.7 23 200 M M 3 1 28 200
10 67 45 56 17 9 0 0.00 0.0 0 10.6 20 270 M M 1 27 280
11 49 37 43 4 22 0 0.00 0.0 0 6.6 14 310 M M 0 20 310
12 46 39 43 4 22 0 0.41 0.0 0 20.4 37 40 M M 8 1 46 40
13 57 37 47 8 18 0 0.07 0.0 0 12.1 25 320 M M 6 1 34 310
14 58 34 46 6 19 0 0.00 0.0 0 7.4 16 320 M M 1 20 320
15 62 43 53 13 12 0 0.01 0.0 0 10.0 18 180 M M 1 23 180
16 63 48 56 16 9 0 0.00 0.0 0 11.2 20 190 M M 3 25 190
17 65 34 50 10 15 0 0.30 0.0 0 14.3 28 330 M M 5 1 41 340
18 44 27 36 -4 29 0 0.00 0.0 0 7.3 22 320 M M 1 30 320
19 52 32 42 2 23 0 0.00 0.0 0 12.0 21 200 M M 3 26 200
20 58 46 52 11 13 0 T 0.0 0 9.6 18 250 M M 3 27 240
21 63 40 52 11 13 0 0.00 0.0 0 7.0 17 180 M M 3 29 280
22 54 37 46 5 19 0 T 0.0 0 5.9 15 110 M M 4 1 17 110
23 77 46 62 21 3 0 0.00 0.0 0 10.7 24 240 M M 2 1 35 250
24 64 39 52 11 13 0 0.00 0.0 0 13.5 30 310 M M 1 40 310
25 41 32 37 -5 28 0 0.30 T 0 10.5 18 60 M M 6 1 22 100
26 51 30 41 -1 24 0 0.00 0.0 0 6.9 16 270 M M 4 23 300
27 50 35 43 1 22 0 0.30 0.0 0 10.1 23 110 M M 4 29 110
28 63 43 53 11 12 0 0.01 0.0 0 6.3 17 340 M M 6 1 25 330
================================================================================
SM 1509 983 566 0 1.90 T 272.3 M 89
================================================================================
AV 53.9 35.1 9.7 FASTST M M 3 MAX(MPH)
MISC ----> 37 40 46 40
================================================================================
NOTES:
# LAST OF SEVERAL OCCURRENCES
COLUMN 17 PEAK WIND IN M.P.H.
PRELIMINARY LOCAL CLIMATOLOGICAL DATA (WS FORM: F-6) , PAGE 2
STATION: WALLOPS ISLAND VA
MONTH: FEBRUARY
YEAR: 2023
LATITUDE: 37 55 N
LONGITUDE: 75 28 W
[TEMPERATURE DATA] [PRECIPITATION DATA] SYMBOLS USED IN COLUMN 16
AVERAGE MONTHLY: 44.5 TOTAL FOR MONTH: 1.90 1 = FOG OR MIST
DPTR FM NORMAL: 4.7 DPTR FM NORMAL: -0.91 2 = FOG REDUCING VISIBILITY
HIGHEST: 77 ON 23 GRTST 24HR 0.47 ON 12-13 TO 1/4 MILE OR LESS
LOWEST: 15 ON 4 3 = THUNDER
SNOW, ICE PELLETS, HAIL 4 = ICE PELLETS
TOTAL MONTH: T 5 = HAIL
GRTST 24HR T ON 25-25 6 = FREEZING RAIN OR DRIZZLE
GRTST DEPTH: 0 7 = DUSTSTORM OR SANDSTORM:
VSBY 1/2 MILE OR LESS
8 = SMOKE OR HAZE
[NO. OF DAYS WITH] [WEATHER - DAYS WITH] 9 = BLOWING SNOW
X = TORNADO
MAX 32 OR BELOW: 1 0.01 INCH OR MORE: 10
MAX 90 OR ABOVE: 0 0.10 INCH OR MORE: 7
MIN 32 OR BELOW: 10 0.50 INCH OR MORE: 0
MIN 0 OR BELOW: 0 1.00 INCH OR MORE: 0
[HDD (BASE 65) ]
TOTAL THIS MO. 566 CLEAR (SCALE 0-3) 16
DPTR FM NORMAL -140 PTCLDY (SCALE 4-7) 11
TOTAL FM JUL 1 2567 CLOUDY (SCALE 8-10) 1
DPTR FM NORMAL -362
[CDD (BASE 65) ]
TOTAL THIS MO. 0
DPTR FM NORMAL 0 [PRESSURE DATA]
TOTAL FM JAN 1 0 HIGHEST SLP 30.71 ON 4
DPTR FM NORMAL 0 LOWEST SLP 29.41 ON 28
[REMARKS]
#FINAL-02-23#