000
CXUS51 KAKQ 162147
CF6WAL
PRELIMINARY LOCAL CLIMATOLOGICAL DATA (WS FORM: F-6)
STATION: WALLOPS ISLAND VA
MONTH: MARCH
YEAR: 2021
LATITUDE: 37 55 N
LONGITUDE: 75 28 W
TEMPERATURE IN F: :PCPN: SNOW: WIND :SUNSHINE: SKY :PK WND
================================================================================
1 2 3 4 5 6A 6B 7 8 9 10 11 12 13 14 15 16 17 18
12Z AVG MX 2MIN
DY MAX MIN AVG DEP HDD CDD WTR SNW DPTH SPD SPD DIR MIN PSBL S-S WX SPD DR
================================================================================
1 58 42 50 9 15 0 0.26 0.0 0 10.4 30 320 M M 7 12 49 340
2 44 28 36 -6 29 0 0.00 0.0 0 8.9 22 320 M M 0 32 320
3 54 30 42 0 23 0 0.00 0.0 0 6.6 15 280 M M 0 21 280
4 55 36 46 4 19 0 0.00 0.0 0 10.9 23 310 M M 1 33 310
5 42 29 36 -6 29 0 0.00 0.0 0 13.4 24 300 M M 0 34 280
6 47 26 37 -5 28 0 0.00 0.0 0 7.9 24 310 M M 0 30 310
7 46 24 35 -8 30 0 0.00 0.0 0 5.7 16 300 M M 0 20 320
8 49 24 37 -6 28 0 0.00 0.0 0 6.9 18 310 M M 1 24 280
9 67 31 49 6 16 0 0.00 0.0 0 8.3 15 230 M M 2 21 240
10 63 37 50 7 15 0 0.00 0.0 0 7.2 15 180 M M 1 20 170
11 67 42 55 11 10 0 0.00 0.0 0 11.5 24 190 M M 2 31 190
12 69 50 60 16 5 0 T 0.0 0 8.3 16 250 M M 2 23 260
13 59 38 49 5 16 0 0.00 0.0 0 9.2 20 310 M M 0 28 300
14 65 34 50 6 15 0 0.00 0.0 0 10.1 22 340 M M 0 32 330
15 48 32 40 -5 25 0 0.00 0.0 0 8.2 21 10 M M 2 27 10
16 46 39 43 -2 22 0 0.04 0.0 0 6.4 15 50 M M 10 1 19 60
17 52 46 49 4 16 0 0.01 0.0 0 12.1 18 50 M M 10 1 23 30
18 59 46 53 7 12 0 1.15 0.0 0 9.2 33 40 M M 10 123 39 50
19 48 34 41 -5 24 0 T 0.0 0 16.6 31 30 M M 6 1 40 30
20 48 31 40 -6 25 0 0.00 0.0 0 9.4 20 40 M M 0 25 60
21 55 30 43 -3 22 0 0.00 0.0 0 10.4 21 50 M M 0 24 50
22 58 45 52 5 13 0 0.00 0.0 0 17.2 24 50 M M 2 32 60
23 52 47 50 3 15 0 0.00 0.0 0 16.0 23 50 M M 9 1 28 50
24 62 51 57 10 8 0 0.51 0.0 0 12.2 21 130 M M 10 1 28 270
25 70 52 61 13 4 0 0.00 0.0 0 8.1 18 190 M M 7 12 24 190
26 83 56 70 22 0 5 0.01 0.0 0 12.9 25 250 M M 3 1 39 230
27 64 48 56 8 9 0 T 0.0 0 7.3 16 140 M M 1 21 160
28 71 53 62 14 3 0 0.43 0.0 0 12.1 24 200 M M 7 123 33 320
29 58 43 51 2 14 0 0.00 0.0 0 12.5 22 290 M M 1 35 300
30 61 39 50 1 15 0 0.00 0.0 0 10.7 18 140 M M 0 23 150
31 66 52 59 10 6 0 0.72 0.0 0 10.6 20 220 M M 6 1 25 220
================================================================================
SM 1786 1215 511 5 3.13 0.0 317.2 M 100
================================================================================
AV 57.6 39.2 10.2 FASTST M M 3 MAX(MPH)
MISC ----> 33 40 49 340
================================================================================
NOTES:
# LAST OF SEVERAL OCCURRENCES
COLUMN 17 PEAK WIND IN M.P.H.
PRELIMINARY LOCAL CLIMATOLOGICAL DATA (WS FORM: F-6) , PAGE 2
STATION: WALLOPS ISLAND VA
MONTH: MARCH
YEAR: 2021
LATITUDE: 37 55 N
LONGITUDE: 75 28 W
[TEMPERATURE DATA] [PRECIPITATION DATA] SYMBOLS USED IN COLUMN 16
AVERAGE MONTHLY: 48.4 TOTAL FOR MONTH: 3.13 1 = FOG OR MIST
DPTR FM NORMAL: 3.4 DPTR FM NORMAL: -0.87 2 = FOG REDUCING VISIBILITY
HIGHEST: 83 ON 26 GRTST 24HR 1.15 ON 18-18 TO 1/4 MILE OR LESS
LOWEST: 24 ON 8, 7 3 = THUNDER
SNOW, ICE PELLETS, HAIL 4 = ICE PELLETS
TOTAL MONTH: 0.0 INCH 5 = HAIL
GRTST 24HR 0.0 6 = FREEZING RAIN OR DRIZZLE
GRTST DEPTH: 0 7 = DUSTSTORM OR SANDSTORM:
VSBY 1/2 MILE OR LESS
8 = SMOKE OR HAZE
[NO. OF DAYS WITH] [WEATHER - DAYS WITH] 9 = BLOWING SNOW
X = TORNADO
MAX 32 OR BELOW: 0 0.01 INCH OR MORE: 8
MAX 90 OR ABOVE: 0 0.10 INCH OR MORE: 5
MIN 32 OR BELOW: 10 0.50 INCH OR MORE: 3
MIN 0 OR BELOW: 0 1.00 INCH OR MORE: 1
[HDD (BASE 65) ]
TOTAL THIS MO. 511 CLEAR (SCALE 0-3) 21
DPTR FM NORMAL -108 PTCLDY (SCALE 4-7) 5
TOTAL FM JUL 1 3115 CLOUDY (SCALE 8-10) 5
DPTR FM NORMAL -585
[CDD (BASE 65) ]
TOTAL THIS MO. 5
DPTR FM NORMAL 4 [PRESSURE DATA]
TOTAL FM JAN 1 5 HIGHEST SLP 30.58 ON 20
DPTR FM NORMAL 4 LOWEST SLP 29.57 ON 28
[REMARKS]
#FINAL-03-21#