000
CXUS56 KLOX 011257
CF6WJF
PRELIMINARY LOCAL CLIMATOLOGICAL DATA (WS FORM: F-6)
STATION: LANCASTER FOX FIELD CA
MONTH: DECEMBER
YEAR: 2023
LATITUDE: 34 43 N
LONGITUDE: 118 13 W
TEMPERATURE IN F: :PCPN: SNOW: WIND :SUNSHINE: SKY :PK WND
================================================================================
1 2 3 4 5 6A 6B 7 8 9 10 11 12 13 14 15 16 17 18
12Z AVG MX 2MIN
DY MAX MIN AVG DEP HDD CDD WTR SNW DPTH SPD SPD DIR MIN PSBL S-S WX SPD DR
================================================================================
1 57 42 50 4 15 0 0.00 M M 15.3 26 290 M M 0 31 280
2 66 36 51 6 14 0 0.00 M M 8.9 25 270 M M 0 30 270
3 67 38 53 8 12 0 0.00 M M 5.5 17 270 M M 0 20 280
4 69 34 52 7 13 0 0.00 M M 3.1 12 60 M M 0 13 70
5 72 34 53 9 12 0 0.00 M M 4.1 12 60 M M 0 15 60
6 75 31 53 9 12 0 0.00 M M 7.1 23 250 M M 0 27 260
7 58 44 51 7 14 0 0.00 M M 18.3 31 280 M M 0 37 280
8 62 32 47 3 18 0 0.00 M M 9.5 21 270 M M 0 26 270
9 58 24 41 -3 24 0 0.00 M M 8.1 23 60 M M 0 28 50
10 60 23 42 -2 23 0 0.00 M M 3.8 10 80 M M 0 13 50
11 63 26 45 1 20 0 0.00 M M 2.2 8 320 M M 0 9 260
12 66 25 46 2 19 0 0.00 M M 2.3 9 300 M M 0 10 300
13 61 24 43 0 22 0 0.00 M M 5.1 17 50 M M 0 21 40
14 63 24 44 1 21 0 0.00 M M 3.2 10 60 M M 0 13 60
15 65 24 45 2 20 0 0.00 M M 4.6 15 60 M M 0 19 50
16 66 23 45 2 20 0 0.00 M M 2.6 9 300 M M 0 10 300
17 62 28 45 2 20 0 0.00 M M 2.1 9 260 M M 0 11 260
18 69 39 54 11 11 0 T M M 5.1 14 290 M M 6 17 220
19 63 51 57 14 8 0 0.02 M M 8.9 20 230 M M 8 25 220
20 57 43 50 7 15 0 0.39 M M 2.9 10 300 M M 9 12 11 290
21 60 49 55 12 10 0 0.03 M M 5.2 18 50 M M 7 13 23 50
22 54 43 49 6 16 0 0.25 M M 4.7 14 290 M M 8 1 16 30
23 64 36 50 7 15 0 0.00 M M 5.3 16 240 M M 0 21 240
24 60 33 47 4 18 0 0.00 M M 3.0 8 280 M M 0 1 10 40
25 60 31 46 3 19 0 0.00 M M 2.3 8 290 M M 0 8 290
26 62 38 50 7 15 0 0.00 M M 3.3 8 260 M M 0 9 260
27 62 34 48 5 17 0 0.00 M M 2.1 9 270 M M 0 1 10 290
28 62 30 46 2 19 0 0.00 M M 3.1 8 40 M M 0 10 50
29 60 34 47 3 18 0 0.00 M M 2.2 9 290 M M 0 10 290
30 57 35 46 2 19 0 0.33 M M 13.1 26 270 M M 5 18 30 260
31 50 33 42 -2 23 0 0.00 M M 3.3 13 260 M M 1 14 250
================================================================================
SM 1930 1041 522 0 1.02 M 170.3 M 44
================================================================================
AV 62.3 33.6 5.5 FASTST M M 1 MAX(MPH)
MISC ----> 31 280 37 280
================================================================================
NOTES:
# LAST OF SEVERAL OCCURRENCES
COLUMN 17 PEAK WIND IN M.P.H.
PRELIMINARY LOCAL CLIMATOLOGICAL DATA (WS FORM: F-6) , PAGE 2
STATION: LANCASTER FOX FIELD CA
MONTH: DECEMBER
YEAR: 2023
LATITUDE: 34 43 N
LONGITUDE: 118 13 W
[TEMPERATURE DATA] [PRECIPITATION DATA] SYMBOLS USED IN COLUMN 16
AVERAGE MONTHLY: 47.9 TOTAL FOR MONTH: 1.02 1 = FOG OR MIST
DPTR FM NORMAL: 4.2 DPTR FM NORMAL: -0.09 2 = FOG REDUCING VISIBILITY
HIGHEST: 75 ON 6 GRTST 24HR 0.42 ON 20-21 TO 1/4 MILE OR LESS
LOWEST: 23 ON 16,10 3 = THUNDER
SNOW, ICE PELLETS, HAIL 4 = ICE PELLETS
TOTAL MONTH: M 5 = HAIL
GRTST 24HR M ON M 6 = FREEZING RAIN OR DRIZZLE
GRTST DEPTH: M ON M 7 = DUSTSTORM OR SANDSTORM:
VSBY 1/2 MILE OR LESS
8 = SMOKE OR HAZE
[NO. OF DAYS WITH] [WEATHER - DAYS WITH] 9 = BLOWING SNOW
X = TORNADO
MAX 32 OR BELOW: 0 0.01 INCH OR MORE: 5
MAX 90 OR ABOVE: 0 0.10 INCH OR MORE: 3
MIN 32 OR BELOW: 13 0.50 INCH OR MORE: 0
MIN 0 OR BELOW: 0 1.00 INCH OR MORE: 0
[HDD (BASE 65) ]
TOTAL THIS MO. 522 CLEAR (SCALE 0-3) 25
DPTR FM NORMAL -138 PTCLDY (SCALE 4-7) 5
TOTAL FM JUL 1 1052 CLOUDY (SCALE 8-10) 1
DPTR FM NORMAL -162
[CDD (BASE 65) ]
TOTAL THIS MO. 0
DPTR FM NORMAL 0 [PRESSURE DATA]
TOTAL FM JAN 1 1876 HIGHEST SLP 30.50 ON 9
DPTR FM NORMAL -30 LOWEST SLP 29.83 ON 19
[REMARKS]
#FINAL-12-23#