000
CXUS56 KLKN 011435
CF6WMC
PRELIMINARY LOCAL CLIMATOLOGICAL DATA (WS FORM: F-6)
STATION: WINNEMUCCA AIRPORT NV
MONTH: FEBRUARY
YEAR: 2021
LATITUDE: 40 54 N
LONGITUDE: 117 48 W
TEMPERATURE IN F: :PCPN: SNOW: WIND :SUNSHINE: SKY :PK WND
================================================================================
1 2 3 4 5 6A 6B 7 8 9 10 11 12 13 14 15 16 17 18
12Z AVG MX 2MIN
DY MAX MIN AVG DEP HDD CDD WTR SNW DPTH SPD SPD DIR MIN PSBL S-S WX SPD DR
================================================================================
1 54 33 44 12 21 0 0.00 0.0 0 8.5 18 180 M M 5 22 180
2 55 29 42 10 23 0 0.00 0.0 0 8.6 24 280 M M 5 30 280
3 42 22 32 -1 33 0 0.01 T 0 8.6 22 300 M M 8 28 260
4 42 17 30 -3 35 0 0.00 0.0 T 4.8 12 170 M M 1 15 170
5 52 22 37 4 28 0 0.00 0.0 0 10.2 20 280 M M 2 29 250
6 56 19 38 5 27 0 0.00 0.0 0 7.6 17 230 M M 0 24 240
7 56 18 37 4 28 0 0.00 0.0 0 8.3 22 250 M M 0 29 230
8 57 26 42 8 23 0 0.00 0.0 0 6.9 21 270 M M 2 27 270
9 54 36 45 11 20 0 0.00 0.0 0 5.0 16 240 M M 10 19 250
10 54 32 43 9 22 0 0.00 0.0 0 5.9 17 250 M M 6 22 260
11 53 29 41 7 24 0 0.12 0.0 0 7.2 21 240 M M 7 27 240
12 52 34 43 9 22 0 T 0.0 0 7.4 18 230 M M 7 24 240
13 42 32 37 2 28 0 0.53 1.1 T 8.2 25 280 M M 10 1 33 280
14 42 28 35 0 30 0 0.22 T 0 6.1 17 180 M M 7 21 180
15 48 33 41 6 24 0 0.17 0.5 1 10.1 22 250 M M 7 1 28 250
16 44 27 36 1 29 0 T T T 8.1 23 330 M M 8 29 330
17 40 20 30 -6 35 0 T T 0 6.3 20 360 M M 4 23 10
18 43 15 29 -7 36 0 0.08 0.5 0 9.2 23 170 M M 5 1 29 170
19 51 34 43 7 22 0 0.02 0.2 T 9.5 20 240 M M 7 23 220
20 40 21 31 -5 34 0 0.16 2.5 T 6.4 23 290 M M 8 1 26 280
21 42 16 29 -8 36 0 0.00 0.0 1 4.5 13 170 M M 0 16 170
22 50 23 37 0 28 0 0.00 0.0 0 5.0 12 200 M M 0 15 200
23 51 28 40 3 25 0 0.00 0.0 0 6.4 16 290 M M 0 21 330
24 38 18 28 -9 37 0 0.00 0.0 0 10.7 25 360 M M 1 33 360
25 42 12 27 -11 38 0 0.00 0.0 0 8.5 18 270 M M 1 23 170
26 46 20 33 -5 32 0 0.01 T 0 10.5 33 350 M M 3 44 340
27 39 16 28 -10 37 0 0.02 0.7 0 9.8 25 330 M M 4 1 31 340
28 44 12 28 -10 37 0 0.00 0.0 0 4.2 10 60 M M 0 12 60
================================================================================
SM 1329 672 814 0 1.34 5.5 212.5 M 118
================================================================================
AV 47.5 24.0 7.6 FASTST M M 4 MAX(MPH)
MISC ----> 33 350 44 340
================================================================================
NOTES:
# LAST OF SEVERAL OCCURRENCES
COLUMN 17 PEAK WIND IN M.P.H.
PRELIMINARY LOCAL CLIMATOLOGICAL DATA (WS FORM: F-6) , PAGE 2
STATION: WINNEMUCCA AIRPORT NV
MONTH: FEBRUARY
YEAR: 2021
LATITUDE: 40 54 N
LONGITUDE: 117 48 W
[TEMPERATURE DATA] [PRECIPITATION DATA] SYMBOLS USED IN COLUMN 16
AVERAGE MONTHLY: 35.7 TOTAL FOR MONTH: 1.34 1 = FOG OR MIST
DPTR FM NORMAL: 0.5 DPTR FM NORMAL: 0.68 2 = FOG REDUCING VISIBILITY
HIGHEST: 57 ON 8 GRTST 24HR 0.53 ON 13-13 TO 1/4 MILE OR LESS
LOWEST: 12 ON 28,25 3 = THUNDER
SNOW, ICE PELLETS, HAIL 4 = ICE PELLETS
TOTAL MONTH: 5.5 INCHES 5 = HAIL
GRTST 24HR 2.5 ON 20-20 6 = FREEZING RAIN OR DRIZZLE
GRTST DEPTH: 1 ON 21,15 7 = DUSTSTORM OR SANDSTORM:
VSBY 1/2 MILE OR LESS
8 = SMOKE OR HAZE
[NO. OF DAYS WITH] [WEATHER - DAYS WITH] 9 = BLOWING SNOW
X = TORNADO
MAX 32 OR BELOW: 0 0.01 INCH OR MORE: 10
MAX 90 OR ABOVE: 0 0.10 INCH OR MORE: 5
MIN 32 OR BELOW: 23 0.50 INCH OR MORE: 1
MIN 0 OR BELOW: 0 1.00 INCH OR MORE: 0
[HDD (BASE 65) ]
TOTAL THIS MO. 814 CLEAR (SCALE 0-3) 12
DPTR FM NORMAL -22 PTCLDY (SCALE 4-7) 12
TOTAL FM JUL 1 4080 CLOUDY (SCALE 8-10) 4
DPTR FM NORMAL -509
[CDD (BASE 65) ]
TOTAL THIS MO. 0
DPTR FM NORMAL 0 [PRESSURE DATA]
TOTAL FM JAN 1 0 HIGHEST SLP 30.62 ON 21
DPTR FM NORMAL 0 LOWEST SLP 29.71 ON 13
[REMARKS]
#FINAL-02-21#