000
CXUS55 KLKN 022128
CLMWMC
CLIMATE REPORT
NATIONAL WEATHER SERVICE ELKO, NV
228 PM PDT FRI JUN 02 2023
...................................
...THE WINNEMUCCA AIRPORT NV CLIMATE SUMMARY FOR THE MONTH OF MAY 2023...
CLIMATE NORMAL PERIOD 1991 TO 2020
CLIMATE RECORD PERIOD 1877 TO 2023
WEATHER OBSERVED NORMAL DEPART LAST YEAR`S
VALUE DATE(S) VALUE FROM VALUE DATE(S)
NORMAL
................................................................
TEMPERATURE (F)
RECORD
HIGH 100 05/29/2020
LOW 10 05/08/2002
HIGHEST 90 05/20 90 0 93 05/26
LOWEST 28 05/09 24 4 25 05/12
AVG. MAXIMUM 75.2 73.7 1.5 70.9
AVG. MINIMUM 40.9 39.1 1.8 35.6
MEAN 58.0 56.4 1.6 53.3
DAYS MAX >= 90 1 1.3 -0.3 2
DAYS MAX <= 32 0 0.0 0.0 0
DAYS MIN <= 32 3 6.8 -3.8 MM
DAYS MIN <= 0 0 0.0 0.0 MM
PRECIPITATION (INCHES)
RECORD
MAXIMUM 3.57 1998
MINIMUM T 1985
TOTALS 1.19 1.13 0.06 0.48
DAILY AVG. 0.04 0.04 0.00 0.02
DAYS >= .01 9 7.7 1.3 5
DAYS >= .10 3 3.7 -0.7 3
DAYS >= .50 1 0.4 0.6 0
DAYS >= 1.00 0 0.0 0.0 0
GREATEST
24 HR. TOTAL 0.89 05/04 TO 05/05 0.18
SNOWFALL (INCHES)
RECORDS
TOTAL 8.4 1896
TOTALS 0.0 0.1 -0.1 0.4
SINCE 7/1 34.9 22.0 12.9 MM
SNOWDEPTH AVG. 0 -1
DAYS >= TRACE 0 0.1 -0.1 4
DAYS >= 1.0 0 0.0 0.0 0
DAYS >= 1.0 0 0
GREATEST
SNOW DEPTH 0 MM
24 HR TOTAL MM MM
DEGREE DAYS
HEATING TOTAL 220 283 -63 362
SINCE 7/1 6122 5801 321 MM
COOLING TOTAL 12 16 -4 5
SINCE 1/1 12 16 -4 MM
................................................................
WIND (MPH)
AVERAGE WIND SPEED 7.4
HIGHEST WIND SPEED/DIRECTION 39/260 DATE 05/01
HIGHEST GUST SPEED/DIRECTION 56/260 DATE 05/01
AVERAGE RH (PERCENT) 51
WEATHER CONDITIONS. NUMBER OF DAYS WITH
THUNDERSTORM 9 MIXED PRECIP 0
HEAVY RAIN 0 RAIN 2
LIGHT RAIN 12 FREEZING RAIN 0
LT FREEZING RAIN 0 HAIL 0
HEAVY SNOW 0 SNOW 0
LIGHT SNOW 0 SLEET 0
FOG 3 FOG W/VIS <= 1/4 MILE 0
HAZE 5
- INDICATES NEGATIVE NUMBERS.
R INDICATES RECORD WAS SET OR TIED.
MM INDICATES DATA IS MISSING.
T INDICATES TRACE AMOUNT.
=====================================================================
...MAY 2023 IN WINNEMUCCA WAS WARMER AND WETTER THAN NORMAL...
...A RECORD DAILY MAXIMUM RAINFALL OF 0.74" WAS SET ON MAY 5TH...
$$