908
CXUS56 KTFX 300915
CF6WYS
29
PRELIMINARY LOCAL CLIMATOLOGICAL DATA (WS FORM: F-6)
STATION: WEST YELLOWSTO MT
MONTH: April
YEAR: 2020
LATITUDE: 44.68 N
LONGITUDE: 111.12 W
TEMPERATURE IN F: :PCPN: SNOW: WIND :SUNSHINE: SKY :PK WND
================================================================================
1 2 3 4 5 6A 6B 7 8 9 10 11 12 13 14 15 16 17 18
12Z AVG MX 2MIN
DY MAX MIN AVG DEP HDD CDD WTR SNW DPTH SPD SPD DIR MIN PSBL S-S WX SPD DR
================================================================================
01 28 18 23 -6 42 0 0.00 M M 5.8 M M M M M 20 360
02 28 7 17 -13 48 0 0.00 M M 5.0 M M M M M 18 310
03 28 3 15 -15 50 0 0.00 M M 5.8 M M M M M 32 240
04 39 10 24 -6 41 0 0.00 M M 8.9 M M M M M 30 240
05 41 23 32 2 33 0 0.00 M M 6.7 M M M M M 28 360
06 37 32 34 3 31 0 0.00 M M 6.3 M M M M M 25 270
07 45 32 38 7 27 0 0.00 M M 10.3 M M M M M 29 330
08 50 23 36 5 29 0 0.00 M M 5.7 M M M M M 22 330
09 57 12 34 3 31 0 0.00 M M 2.5 M M M M M 14 260
10 50 25 37 5 28 0 0.00 M M 8.8 M M M M M 30 260
11 41 21 31 -1 34 0 0.00 M M 9.1 M M M M M 32 360
12 23 10 16 -16 49 0 0.00 M M 9.1 M M M M M 21 360
13 25 -9 8 -25 57 0 0.00 M M 4.1 M M M M M 23 360
14 32 -2 15 -18 50 0 0.00 M M 6.0 M M M M M 29 360
15 34 16 25 -8 40 0 0.00 M M 7.5 M M M M M 28 360
16 32 10 21 -13 44 0 0.00 M M 7.8 M M M M M 22 360
17 41 0 20 -14 45 0 0.00 M M 6.2 M M M M M 31 260
18 46 12 29 -5 36 0 0.00 M M 4.9 M M M M M 22 290
19 46 27 36 1 29 0 0.00 M M 3.5 M M M M M 21 360
20 50 16 33 -2 32 0 0.00 M M 4.3 M M M M M 23 290
21 54 18 36 1 29 0 0.00 M M 4.7 M M M M M 21 280
22 52 21 36 0 29 0 0.00 M M 5.9 M M M M M 31 320
23 45 32 38 2 27 0 0.00 M M 7.2 M M M M M 25 330
24 45 25 35 -1 30 0 0.00 M M 7.0 M M M M M 29 260
25 48 25 36 -1 29 0 0.00 M M 6.6 M M M M M 29 260
26 55 34 44 7 21 0 0.00 M M 9.1 M M M M M 28 310
27 50 28 39 1 26 0 0.00 M M 5.0 M M M M M 25 350
28 57 32 44 6 21 0 0.00 M M 6.5 M M M M M 22 340
29 66 25 45 7 20 0 0.00 M M 4.5 M M M M M 24 300
================================================================================
SM 1245 526 1008 0 0 184.8
================================================================================
AV 42.9 18.1 6.4 MAX(MPH)
32
[TEMPERATURE DATA] [PRECIPITATION DATA]
Average Monthly: 30.5 Total for Month: 0
Dptr fm Normal: -3.2 Dptr fm Normal: -1.71