000
CXUS54 KFWD 072133
CF6XBP
PRELIMINARY LOCAL CLIMATOLOGICAL DATA (WS FORM: F-6)
STATION: BRIDGEPORT
MONTH: MARCH
YEAR: 2022
LATITUDE: 33 10 N
LONGITUDE: 96 30 W
TEMPERATURE IN F: :PCPN: SNOW: WIND :SUNSHINE: SKY :PK WND
================================================================================
1 2 3 4 5 6A 6B 7 8 9 10 11 12 13 14 15 16 17 18
12Z AVG MX 2MIN
DY MAX MIN AVG DEP HDD CDD WTR SNW DPTH SPD SPD DIR MIN PSBL S-S WX SPD DR
================================================================================
1 74 29 52 3 13 0 0.00 M M 1.2 8 180 M M 0 M M
2 77 33 55 6 10 0 0.00 M M 1.9 9 190 M M 0 M M
3 79 36 58 9 7 0 0.00 M M 3.4 9 160 M M 0 M M
4 74 45 60 10 5 0 0.00 M M 8.1 16 160 M M 3 23 170
5 83 62 73 23 0 8 0.00 M M 10.7 18 190 M M 3 27 200
6 68 36 52 2 13 0 0.31 M M 7.5 18 340 M M 8 23 340
7 49 33 41 -9 24 0 0.00 M M 10.9 16 340 M M 4 24 340
8 46 27 37 -14 28 0 0.02 M M 3.3 8 40 M M 4 M M
9 58 23 41 -10 24 0 0.00 M M 3.3 10 100 M M 0 M M
10 68 33 51 0 14 0 0.00 M M 7.3 15 350 M M 0 28 340
11 38 31 35 -17 30 0 0.00 M M 13.1 20 360 M M 7 27 360
12 57 22 40 -12 25 0 0.00 M M 4.8 9 160 M M 0 16 240
13 67 30 49 -3 16 0 0.00 M M 10.4 20 170 M M 0 24 170
14 78 48 63 10 2 0 0.00 M M 10.9 17 180 M M 4 28 170
15 71 42 57 4 8 0 0.00 M M 7.0 13 340 M M 0 17 300
16 81 36 59 6 6 0 0.00 M M 6.8 15 180 M M 0 20 200
17 78 49 64 10 1 0 0.00 M M 12.6 22 170 M M 0 33 170
18 65 36 51 -3 14 0 0.00 M M 13.1 23 310 M M 4 30 310
19 75 30 53 -1 12 0 0.00 M M 3.2 12 220 M M 0 16 230
20 80 45 63 8 2 0 0.00 M M 10.8 21 180 M M 1 31 180
21 69 54 62 7 3 0 0.20 M M 10.5 16 150 M M 7 3 28 270
22 56 44 50 -5 15 0 0.00 M M 13.0 23 310 M M 7 33 310
23 62 38 50 -6 15 0 0.00 M M 10.2 20 310 M M 1 28 310
24 67 32 50 -6 15 0 0.00 M M 5.8 14 310 M M 0 21 320
25 81 33 57 1 8 0 0.00 M M 2.7 7 140 M M 0 M M
26 84 45 65 9 0 0 0.00 M M 3.9 10 270 M M 0 18 270
27 92 42 67 10 0 2 0.00 M M 6.4 17 170 M M 0 24 170
28 87 54 71 14 0 6 0.00 M M 10.1 16 170 M M 0 26 160
29 77 65 71 14 0 6 0.03 M M 15.7 22 180 M M 2 32 180
30 69 42 56 -2 9 0 0.23 M M 10.1 20 300 M M 5 29 310
31 68 41 55 -3 10 0 0.00 M M 5.0 15 320 M M 3 20 310
================================================================================
SM 2178 1216 329 22 0.79 M 243.6 M 63
================================================================================
AV 70.3 39.2 7.9 FASTST M M 2 MAX(MPH)
MISC ----> # 23 310 # 33 170
================================================================================
NOTES:
# LAST OF SEVERAL OCCURRENCES
COLUMN 17 PEAK WIND IN M.P.H.
PRELIMINARY LOCAL CLIMATOLOGICAL DATA (WS FORM: F-6) , PAGE 2
STATION: BRIDGEPORT
MONTH: MARCH
YEAR: 2022
LATITUDE: 33 10 N
LONGITUDE: 96 30 W
[TEMPERATURE DATA] [PRECIPITATION DATA] SYMBOLS USED IN COLUMN 16
AVERAGE MONTHLY: 54.7 TOTAL FOR MONTH: 0.79 1 = FOG OR MIST
DPTR FM NORMAL: 1.3 DPTR FM NORMAL: -2.30 2 = FOG REDUCING VISIBILITY
HIGHEST: 92 ON 27 GRTST 24HR 0.31 ON 6- 6 TO 1/4 MILE OR LESS
LOWEST: 22 ON 12 3 = THUNDER
SNOW, ICE PELLETS, HAIL 4 = ICE PELLETS
TOTAL MONTH: M 5 = HAIL
GRTST 24HR M ON M 6 = FREEZING RAIN OR DRIZZLE
GRTST DEPTH: M ON M 7 = DUSTSTORM OR SANDSTORM:
VSBY 1/2 MILE OR LESS
8 = SMOKE OR HAZE
[NO. OF DAYS WITH] [WEATHER - DAYS WITH] 9 = BLOWING SNOW
X = TORNADO
MAX 32 OR BELOW: 0 0.01 INCH OR MORE: 5
MAX 90 OR ABOVE: 1 0.10 INCH OR MORE: 3
MIN 32 OR BELOW: 8 0.50 INCH OR MORE: 0
MIN 0 OR BELOW: 0 1.00 INCH OR MORE: 0
[HDD (BASE 65) ]
TOTAL THIS MO. 329 CLEAR (SCALE 0-3) 21
DPTR FM NORMAL -47 PTCLDY (SCALE 4-7) 10
TOTAL FM JUL 1 2281 CLOUDY (SCALE 8-10) 0
DPTR FM NORMAL -516
[CDD (BASE 65) ]
TOTAL THIS MO. 22
DPTR FM NORMAL 7 [PRESSURE DATA]
TOTAL FM JAN 1 24 HIGHEST SLP M ON M
DPTR FM NORMAL 8 LOWEST SLP M ON M
[REMARKS]
#FINAL-03-22#