000
CXUS56 KPDT 011810
CF6YKM
PRELIMINARY LOCAL CLIMATOLOGICAL DATA (WS FORM: F-6)
STATION: YAKIMA WA
MONTH: AUGUST
YEAR: 2021
LATITUDE: 46 34 N
LONGITUDE: 120 32 W
TEMPERATURE IN F: :PCPN: SNOW: WIND :SUNSHINE: SKY :PK WND
================================================================================
1 2 3 4 5 6A 6B 7 8 9 10 11 12 13 14 15 16 17 18
12Z AVG MX 2MIN
DY MAX MIN AVG DEP HDD CDD WTR SNW DPTH SPD SPD DIR MIN PSBL S-S WX SPD DR
================================================================================
1 94 72 83 9 0 18 0.02 M M 5.2 13 100 M M 3 8 17 110
2 99 68 84 10 0 19 0.00 M M 5.5 12 180 M M 0 8 16 180
3 101 63 82 8 0 17 0.00 M M 6.2 17 300 M M 0 8 27 290
4 99 67 83 9 0 18 0.00 M M 6.1 14 340 M M 0 21 360
5 93 64 79 6 0 14 0.00 M M 8.8 24 320 M M 1 32 320
6 89 62 76 3 0 11 0.00 M M 7.9 18 300 M M 1 27 290
7 92 57 75 2 0 10 0.00 M M 7.7 23 300 M M 2 32 280
8 79 55 67 -6 0 2 0.00 M M 11.6 24 330 M M 0 34 330
9 85 53 69 -4 0 4 0.00 M M 4.3 13 320 M M 1 8 16 300
10 95 54 75 3 0 10 0.00 M M 3.0 8 160 M M 0 M M
11 103 61 82 10 0 17 0.00 M M 6.0 10 270 M M 0 8 M M
12 95 65 80 8 0 15 0.00 M M 7.3 12 260 M M 1 8 M M
13 97 60 79 7 0 14 0.00 M M 4.4 12 270 M M 5 8 M M
14 101 61 81 9 0 16 0.00 M M 5.0 10 350 M M 0 8 M M
15 103 63 83 12 0 18 0.00 M M 3.2 8 280 M M 0 M M
16 98 57 78 7 0 13 0.00 M M 8.9 20 300 M M 0 8 32 290
17 75 57 66 -5 0 1 0.00 M M 16.0 25 310 M M 3 8 33 310
18 84 54 69 -2 0 4 0.00 M M 4.2 15 170 M M 0 8 20 170
19 84 53 69 -1 0 4 0.00 M M 6.0 20 350 M M 6 8 27 350
20 80 51 66 -4 0 1 T M M 4.5 16 310 M M 1 8 20 310
21 80 60 70 0 0 5 0.01 M M 5.6 13 320 M M 4 8 20 290
22 82 45 64 -6 1 0 0.00 M M 8.1 25 320 M M 0 8 34 320
23 76 43 60 -9 5 0 0.00 M M 4.2 14 170 M M 0 8 18 170
24 80 43 62 -7 3 0 0.00 M M 6.4 13 260 M M 0 8 17 60
25 85 44 65 -4 0 0 0.00 M M 6.5 17 330 M M 1 8 23 340
26 82 53 68 0 0 3 0.00 M M 7.0 25 280 M M 1 8 37 280
27 79 55 67 -1 0 2 0.00 M M 9.1 21 330 M M 3 8 30 360
28 84 47 66 -2 0 1 0.00 M M 4.3 12 150 M M 3 8 17 160
29 88 50 69 1 0 4 0.00 M M 4.8 12 350 M M 4 8 15 330
30 84 49 67 0 0 2 0.00 M M 8.4 25 330 M M 2 18 32 340
31 75 45 60 -7 5 0 0.00 M M 8.3 23 320 M M 1 8 36 330
================================================================================
SM 2741 1731 14 243 0.03 M 204.5 M 43
================================================================================
AV 88.4 55.8 6.6 FASTST M M 1 MAX(MPH)
MISC ----> 25 310 37 280
================================================================================
NOTES:
# LAST OF SEVERAL OCCURRENCES
COLUMN 17 PEAK WIND IN M.P.H.
PRELIMINARY LOCAL CLIMATOLOGICAL DATA (WS FORM: F-6) , PAGE 2
STATION: YAKIMA WA
MONTH: AUGUST
YEAR: 2021
LATITUDE: 46 34 N
LONGITUDE: 120 32 W
[TEMPERATURE DATA] [PRECIPITATION DATA] SYMBOLS USED IN COLUMN 16
AVERAGE MONTHLY: 72.1 TOTAL FOR MONTH: 0.03 1 = FOG OR MIST
DPTR FM NORMAL: 1.2 DPTR FM NORMAL: -0.18 2 = FOG REDUCING VISIBILITY
HIGHEST: 103 ON 15,11 GRTST 24HR 0.02 ON 31- 1 TO 1/4 MILE OR LESS
LOWEST: 43 ON 24,23 3 = THUNDER
SNOW, ICE PELLETS, HAIL 4 = ICE PELLETS
TOTAL MONTH: M 5 = HAIL
GRTST 24HR M ON M 6 = FREEZING RAIN OR DRIZZLE
GRTST DEPTH: M ON M 7 = DUSTSTORM OR SANDSTORM:
VSBY 1/2 MILE OR LESS
8 = SMOKE OR HAZE
[NO. OF DAYS WITH] [WEATHER - DAYS WITH] 9 = BLOWING SNOW
X = TORNADO
MAX 32 OR BELOW: 0 0.01 INCH OR MORE: 2
MAX 90 OR ABOVE: 13 0.10 INCH OR MORE: 0
MIN 32 OR BELOW: 0 0.50 INCH OR MORE: 0
MIN 0 OR BELOW: 0 1.00 INCH OR MORE: 0
[HDD (BASE 65) ]
TOTAL THIS MO. 14 CLEAR (SCALE 0-3) 26
DPTR FM NORMAL -5 PTCLDY (SCALE 4-7) 5
TOTAL FM JUL 1 14 CLOUDY (SCALE 8-10) 0
DPTR FM NORMAL -16
[CDD (BASE 65) ]
TOTAL THIS MO. 243
DPTR FM NORMAL 41 [PRESSURE DATA]
TOTAL FM JAN 1 1021 HIGHEST SLP 30.14 ON 28
DPTR FM NORMAL 462 LOWEST SLP 29.63 ON 16
[REMARKS]
#FINAL-08-21#